{"id":3639,"date":"2023-10-07T10:36:30","date_gmt":"2023-10-07T10:36:30","guid":{"rendered":"https:\/\/blogsaverroes.juntadeandalucia.es\/plurilinguismodelegacionhuelva\/?page_id=3639"},"modified":"2023-10-07T10:36:30","modified_gmt":"2023-10-07T10:36:30","slug":"cronograma-de-actuaciones-de-auxiliares-de-conversacion-2023-2024","status":"publish","type":"page","link":"https:\/\/blogsaverroes.juntadeandalucia.es\/plurilinguismodelegacionhuelva\/cronograma-de-actuaciones-de-auxiliares-de-conversacion-2023-2024\/","title":{"rendered":"Cronograma de actuaciones de auxiliares de conversaci\u00f3n 2023-2024"},"content":{"rendered":"<p>Se incluye <a href=\"https:\/\/blogsaverroes.juntadeandalucia.es\/plurilinguismodelegacionhuelva\/files\/2023\/10\/06102023_cronogramaauxiliares.pdf\" target=\"_blank\" rel=\"noopener noreferrer\"><strong>el cronograma de actuaciones<\/strong><\/a> para las personas auxiliares de conversaci\u00f3n 2023-2024, siguiendo la temporalizaci\u00f3n establecida en la <a href=\"https:\/\/www.juntadeandalucia.es\/educacion\/portals\/delegate\/content\/5cc10108-9525-4900-b5a1-7610b9d1e804\/Instrucci%C3%B3n%20de%2029%20de%20agosto,%20de%20la%20Direcci%C3%B3n%20General%20de%20Tecnolog%C3%ADas%20Avanzadas%20y%20Transformaci%C3%B3n%20Educativa,%20sobre%20auxiliares%20de%20conversaci%C3%B3n%20para%20el%20curso%20escolar%202023\/2024.\" target=\"_blank\" rel=\"noopener noreferrer\">INSTRUCCI\u00d3N DE 29 DE AGOSTO, DE LA DIRECCI\u00d3N GENERAL DE TECNOLOG\u00cdAS AVANZADAS Y TRANSFORMACI\u00d3N EDUCATIVA, SOBRE AUXILIARES DE CONVERSACI\u00d3N PARA EL CURSO ESCOLAR<\/a><\/p>\n","protected":false},"excerpt":{"rendered":"<p>Se incluye el cronograma de actuaciones para las personas auxiliares de conversaci\u00f3n 2023-2024, siguiendo la temporalizaci\u00f3n establecida en la INSTRUCCI\u00d3N DE 29 DE AGOSTO, DE LA DIRECCI\u00d3N GENERAL DE TECNOLOG\u00cdAS AVANZADAS Y TRANSFORMACI\u00d3N EDUCATIVA,&#46;&#46;&#46;<\/p>\n","protected":false},"author":6025,"featured_media":0,"parent":0,"menu_order":0,"comment_status":"closed","ping_status":"closed","template":"","meta":{"ngg_post_thumbnail":0,"footnotes":"","_mc_calendar":[]},"aioseo_notices":[],"_links":{"self":[{"href":"https:\/\/blogsaverroes.juntadeandalucia.es\/plurilinguismodelegacionhuelva\/wp-json\/wp\/v2\/pages\/3639"}],"collection":[{"href":"https:\/\/blogsaverroes.juntadeandalucia.es\/plurilinguismodelegacionhuelva\/wp-json\/wp\/v2\/pages"}],"about":[{"href":"https:\/\/blogsaverroes.juntadeandalucia.es\/plurilinguismodelegacionhuelva\/wp-json\/wp\/v2\/types\/page"}],"author":[{"embeddable":true,"href":"https:\/\/blogsaverroes.juntadeandalucia.es\/plurilinguismodelegacionhuelva\/wp-json\/wp\/v2\/users\/6025"}],"replies":[{"embeddable":true,"href":"https:\/\/blogsaverroes.juntadeandalucia.es\/plurilinguismodelegacionhuelva\/wp-json\/wp\/v2\/comments?post=3639"}],"version-history":[{"count":1,"href":"https:\/\/blogsaverroes.juntadeandalucia.es\/plurilinguismodelegacionhuelva\/wp-json\/wp\/v2\/pages\/3639\/revisions"}],"predecessor-version":[{"id":3642,"href":"https:\/\/blogsaverroes.juntadeandalucia.es\/plurilinguismodelegacionhuelva\/wp-json\/wp\/v2\/pages\/3639\/revisions\/3642"}],"wp:attachment":[{"href":"https:\/\/blogsaverroes.juntadeandalucia.es\/plurilinguismodelegacionhuelva\/wp-json\/wp\/v2\/media?parent=3639"}],"curies":[{"name":"wp","href":"https:\/\/api.w.org\/{rel}","templated":true}]}}

Cronograma de actuaciones de auxiliares de conversación 2023-2024

<p>Se incluye <a href="https://blogsaverroes.juntadeandalucia.es/plurilinguismodelegacionhuelva/files/2023/10/06102023_cronogramaauxiliares.pdf" target="_blank" rel="noopener noreferrer"><strong>el cronograma de actuaciones</strong></a> para las personas auxiliares de conversación 2023-2024, siguiendo la temporalización establecida en la <a href="https://www.juntadeandalucia.es/educacion/portals/delegate/content/5cc10108-9525-4900-b5a1-7610b9d1e804/Instrucci%C3%B3n%20de%2029%20de%20agosto,%20de%20la%20Direcci%C3%B3n%20General%20de%20Tecnolog%C3%ADas%20Avanzadas%20y%20Transformaci%C3%B3n%20Educativa,%20sobre%20auxiliares%20de%20conversaci%C3%B3n%20para%20el%20curso%20escolar%202023/2024." target="_blank" rel="noopener noreferrer">INSTRUCCIÓN DE 29 DE AGOSTO, DE LA DIRECCIÓN GENERAL DE TECNOLOGÍAS AVANZADAS Y TRANSFORMACIÓN EDUCATIVA, SOBRE AUXILIARES DE CONVERSACIÓN PARA EL CURSO ESCOLAR</a></p>

<p>Se incluye el cronograma de actuaciones para las personas auxiliares de conversación 2023-2024, siguiendo la temporalización establecida en la INSTRUCCIÓN DE 29 DE AGOSTO, DE LA DIRECCIÓN GENERAL DE TECNOLOGÍAS AVANZADAS Y TRANSFORMACIÓN EDUCATIVA,&#46;&#46;&#46;</p>
