{"id":54,"date":"2018-02-03T20:11:37","date_gmt":"2018-02-03T20:11:37","guid":{"rendered":"http:\/\/mjalvarez.com\/pluri\/?page_id=54"},"modified":"2018-10-07T06:53:32","modified_gmt":"2018-10-07T06:53:32","slug":"jornadasaux2017-18","status":"publish","type":"page","link":"https:\/\/blogsaverroes.juntadeandalucia.es\/plurilinguismodelegacionhuelva\/jornadasaux2017-18\/","title":{"rendered":"Jornadas de Acogida de Auxiliares de Conversaci\u00f3n 2017-2018"},"content":{"rendered":"<p><a href=\"https:\/\/blogsaverroes.juntadeandalucia.es\/plurilinguismodelegacionhuelva\/files\/2018\/02\/DSC_0316-1.jpg\"><img loading=\"lazy\" decoding=\"async\" class=\"aligncenter size-medium wp-image-2516\" src=\"https:\/\/blogsaverroes.juntadeandalucia.es\/plurilinguismodelegacionhuelva\/files\/2018\/02\/DSC_0316-1-300x200.jpg\" alt=\"\" width=\"300\" height=\"200\" srcset=\"https:\/\/blogsaverroes.juntadeandalucia.es\/plurilinguismodelegacionhuelva\/files\/2018\/02\/DSC_0316-1-300x200.jpg 300w, https:\/\/blogsaverroes.juntadeandalucia.es\/plurilinguismodelegacionhuelva\/files\/2018\/02\/DSC_0316-1-768x512.jpg 768w, https:\/\/blogsaverroes.juntadeandalucia.es\/plurilinguismodelegacionhuelva\/files\/2018\/02\/DSC_0316-1-1024x682.jpg 1024w, https:\/\/blogsaverroes.juntadeandalucia.es\/plurilinguismodelegacionhuelva\/files\/2018\/02\/DSC_0316-1-700x466.jpg 700w, https:\/\/blogsaverroes.juntadeandalucia.es\/plurilinguismodelegacionhuelva\/files\/2018\/02\/DSC_0316-1-332x221.jpg 332w, https:\/\/blogsaverroes.juntadeandalucia.es\/plurilinguismodelegacionhuelva\/files\/2018\/02\/DSC_0316-1-24x16.jpg 24w, https:\/\/blogsaverroes.juntadeandalucia.es\/plurilinguismodelegacionhuelva\/files\/2018\/02\/DSC_0316-1-36x24.jpg 36w, https:\/\/blogsaverroes.juntadeandalucia.es\/plurilinguismodelegacionhuelva\/files\/2018\/02\/DSC_0316-1-48x32.jpg 48w, https:\/\/blogsaverroes.juntadeandalucia.es\/plurilinguismodelegacionhuelva\/files\/2018\/02\/DSC_0316-1.jpg 1280w\" sizes=\"(max-width: 300px) 100vw, 300px\" \/><\/a><\/p>\n<p>El Delegado de Educaci\u00f3n de Huelva, Vicente Zarza junto con la Jefa de Programa Educativos Internacionales de la Consejer\u00eda de Educaci\u00f3n, M\u00aa Luisa Ochoa y la Jefa de Ordenaci\u00f3n Educativa de la Delegaci\u00f3n de Educaci\u00f3n de Huelva, M\u00aa Rosario Romeu, inauguraron las Jornadas de Acogida de los y las auxiliares de conversaci\u00f3n que se celebraron en la Delegaci\u00f3n Territorial de Educaci\u00f3n de Huelva en este curso escolar 2017-2018. A los aproximadamente 70 auxiliares de conversaci\u00f3n de habla inglesa y francesa,&nbsp; le acompa\u00f1aron los respectivos coordinadores y coordinadoras de los centros p\u00fablicos de primaria y secundaria con programa biling\u00fce y pluriling\u00fce.<\/p>\n<p>Para ver im\u00e1genes de las jornadas en prensa,&nbsp; puede pinchar <a href=\"http:\/\/www.huelvainformacion.es\/huelva\/Imagenes-bienvenida-Auxiliares-Conversacion-Huelva_3_1178912100.html\">aqu\u00ed<\/a>.<\/p>\n","protected":false},"excerpt":{"rendered":"<p>El Delegado de Educaci\u00f3n de Huelva, Vicente Zarza junto con la Jefa de Programa Educativos Internacionales de la Consejer\u00eda de Educaci\u00f3n, M\u00aa Luisa Ochoa y la Jefa de Ordenaci\u00f3n Educativa de la Delegaci\u00f3n de&#46;&#46;&#46;<\/p>\n","protected":false},"author":6025,"featured_media":2515,"parent":0,"menu_order":0,"comment_status":"closed","ping_status":"closed","template":"","meta":{"ngg_post_thumbnail":0,"footnotes":"","_mc_calendar":[]},"aioseo_notices":[],"_links":{"self":[{"href":"https:\/\/blogsaverroes.juntadeandalucia.es\/plurilinguismodelegacionhuelva\/wp-json\/wp\/v2\/pages\/54"}],"collection":[{"href":"https:\/\/blogsaverroes.juntadeandalucia.es\/plurilinguismodelegacionhuelva\/wp-json\/wp\/v2\/pages"}],"about":[{"href":"https:\/\/blogsaverroes.juntadeandalucia.es\/plurilinguismodelegacionhuelva\/wp-json\/wp\/v2\/types\/page"}],"author":[{"embeddable":true,"href":"https:\/\/blogsaverroes.juntadeandalucia.es\/plurilinguismodelegacionhuelva\/wp-json\/wp\/v2\/users\/6025"}],"replies":[{"embeddable":true,"href":"https:\/\/blogsaverroes.juntadeandalucia.es\/plurilinguismodelegacionhuelva\/wp-json\/wp\/v2\/comments?post=54"}],"version-history":[{"count":7,"href":"https:\/\/blogsaverroes.juntadeandalucia.es\/plurilinguismodelegacionhuelva\/wp-json\/wp\/v2\/pages\/54\/revisions"}],"predecessor-version":[{"id":2754,"href":"https:\/\/blogsaverroes.juntadeandalucia.es\/plurilinguismodelegacionhuelva\/wp-json\/wp\/v2\/pages\/54\/revisions\/2754"}],"wp:featuredmedia":[{"embeddable":true,"href":"https:\/\/blogsaverroes.juntadeandalucia.es\/plurilinguismodelegacionhuelva\/wp-json\/wp\/v2\/media\/2515"}],"wp:attachment":[{"href":"https:\/\/blogsaverroes.juntadeandalucia.es\/plurilinguismodelegacionhuelva\/wp-json\/wp\/v2\/media?parent=54"}],"curies":[{"name":"wp","href":"https:\/\/api.w.org\/{rel}","templated":true}]}}

Jornadas de Acogida de Auxiliares de Conversación 2017-2018

<p><a href="https://blogsaverroes.juntadeandalucia.es/plurilinguismodelegacionhuelva/files/2018/02/DSC_0316-1.jpg"><img loading="lazy" decoding="async" class="aligncenter size-medium wp-image-2516" src="https://blogsaverroes.juntadeandalucia.es/plurilinguismodelegacionhuelva/files/2018/02/DSC_0316-1-300x200.jpg" alt="" width="300" height="200" srcset="https://blogsaverroes.juntadeandalucia.es/plurilinguismodelegacionhuelva/files/2018/02/DSC_0316-1-300x200.jpg 300w, https://blogsaverroes.juntadeandalucia.es/plurilinguismodelegacionhuelva/files/2018/02/DSC_0316-1-768x512.jpg 768w, https://blogsaverroes.juntadeandalucia.es/plurilinguismodelegacionhuelva/files/2018/02/DSC_0316-1-1024x682.jpg 1024w, https://blogsaverroes.juntadeandalucia.es/plurilinguismodelegacionhuelva/files/2018/02/DSC_0316-1-700x466.jpg 700w, https://blogsaverroes.juntadeandalucia.es/plurilinguismodelegacionhuelva/files/2018/02/DSC_0316-1-332x221.jpg 332w, https://blogsaverroes.juntadeandalucia.es/plurilinguismodelegacionhuelva/files/2018/02/DSC_0316-1-24x16.jpg 24w, https://blogsaverroes.juntadeandalucia.es/plurilinguismodelegacionhuelva/files/2018/02/DSC_0316-1-36x24.jpg 36w, https://blogsaverroes.juntadeandalucia.es/plurilinguismodelegacionhuelva/files/2018/02/DSC_0316-1-48x32.jpg 48w, https://blogsaverroes.juntadeandalucia.es/plurilinguismodelegacionhuelva/files/2018/02/DSC_0316-1.jpg 1280w" sizes="(max-width: 300px) 100vw, 300px" /></a></p>
<p>El Delegado de Educación de Huelva, Vicente Zarza junto con la Jefa de Programa Educativos Internacionales de la Consejería de Educación, Mª Luisa Ochoa y la Jefa de Ordenación Educativa de la Delegación de Educación de Huelva, Mª Rosario Romeu, inauguraron las Jornadas de Acogida de los y las auxiliares de conversación que se celebraron en la Delegación Territorial de Educación de Huelva en este curso escolar 2017-2018. A los aproximadamente 70 auxiliares de conversación de habla inglesa y francesa,&nbsp; le acompañaron los respectivos coordinadores y coordinadoras de los centros públicos de primaria y secundaria con programa bilingüe y plurilingüe.</p>
<p>Para ver imágenes de las jornadas en prensa,&nbsp; puede pinchar <a href="http://www.huelvainformacion.es/huelva/Imagenes-bienvenida-Auxiliares-Conversacion-Huelva_3_1178912100.html">aquí</a>.</p>

<p>El Delegado de Educación de Huelva, Vicente Zarza junto con la Jefa de Programa Educativos Internacionales de la Consejería de Educación, Mª Luisa Ochoa y la Jefa de Ordenación Educativa de la Delegación de&#46;&#46;&#46;</p>
