{"id":92,"date":"2018-02-04T08:30:59","date_gmt":"2018-02-04T08:30:59","guid":{"rendered":"http:\/\/mjalvarez.com\/pluri\/?page_id=92"},"modified":"2023-06-13T06:39:21","modified_gmt":"2023-06-13T06:39:21","slug":"jsaramago","status":"publish","type":"page","link":"https:\/\/blogsaverroes.juntadeandalucia.es\/plurilinguismodelegacionhuelva\/jsaramago\/","title":{"rendered":"JOS\u00c9 SARAMAGO"},"content":{"rendered":"<p><em><strong>El programa Jos\u00e9 Saramago<\/strong><\/em> ampl\u00eda el car\u00e1cter de <strong>internacionalizaci\u00f3n<\/strong> de los centros educativos de la provincia de Huelva. Este programa nace en 2010-2011 como un programa fronterizo donde la lengua portuguesa se incluye como opci\u00f3n curricular&nbsp; para el alumnado de Secundaria y Bachillerato. El programa se ha extendido a trav\u00e9s de las localidades de la costa de Huelva y son actualmente siete los centros educativos de secundaria que ofertan&nbsp; este programa en cuatro localidades distintas: Ayamonte, Isla Cristina, Lepe y Huelva. Para el curso escolar 2023-2024 el programa avanza en la provincia y se incorpora la localidad de Cartaya con el IES Rafael Reyes.<\/p>\n<p>Desde el curso 2019-2020, el estudio de la lengua portuguesa como segunda lengua extranjera se ha ampliado a la etapa educativa de Primaria, inici\u00e1ndose esta oferta educativa con el CEIP Galdames de Ayamonte y el CEIP Virgen del Carmen de Isla del Moral en el curso escolar 2019-2020.<\/p>\n<p style=\"text-align: center\"><strong>Evoluci\u00f3n del programa Jos\u00e9 Saramago en Huelva.<\/strong><\/p>\n<table>\n<tbody>\n<tr>\n<td style=\"width: 195.797px\"><strong><span style=\"color: #000000\">CENTRO<\/span><\/strong><\/td>\n<td style=\"width: 192.219px\"><strong><span style=\"color: #000000\">LOCALIDAD<\/span><\/strong><\/td>\n<td style=\"width: 191.984px\"><strong><span style=\"color: #000000\">INICIO DEL PROGRAMA<\/span><\/strong><\/td>\n<\/tr>\n<tr>\n<td style=\"width: 195.797px\"><strong>IES Gonz\u00e1lez Aguilar<\/strong><\/td>\n<td style=\"width: 192.219px\"><strong>Ayamonte<\/strong><\/td>\n<td style=\"width: 191.984px\"><strong>2011-2012<\/strong><\/td>\n<\/tr>\n<tr>\n<td style=\"width: 195.797px\"><strong>IES Guadiana<\/strong><\/td>\n<td style=\"width: 192.219px\"><strong>Ayamonte<\/strong><\/td>\n<td style=\"width: 191.984px\"><strong>2011-2012<\/strong><\/td>\n<\/tr>\n<tr>\n<td style=\"width: 195.797px\"><strong>IES Gale\u00f3n<\/strong><\/td>\n<td style=\"width: 192.219px\"><strong>Isla Cristina<\/strong><\/td>\n<td style=\"width: 191.984px\"><strong>2011-2012<\/strong><\/td>\n<\/tr>\n<tr>\n<td style=\"width: 195.797px\"><strong>IES Padre J. Marivent<\/strong><\/td>\n<td style=\"width: 192.219px\"><strong>Isla Cristina<\/strong><\/td>\n<td style=\"width: 191.984px\"><strong>2011-2012<\/strong><\/td>\n<\/tr>\n<tr>\n<td style=\"width: 195.797px\"><strong>IES Jos\u00e9 Antonio Fern\u00e1ndez Muriel<\/strong><\/td>\n<td style=\"width: 192.219px\"><strong>Lepe<\/strong><\/td>\n<td style=\"width: 191.984px\"><strong>2011-2012<\/strong><\/td>\n<\/tr>\n<tr>\n<td style=\"width: 195.797px\"><strong>IES La Arboleda<\/strong><\/td>\n<td style=\"width: 192.219px\"><strong>Lepe<\/strong><\/td>\n<td style=\"width: 191.984px\"><strong>2011-2012<\/strong><\/td>\n<\/tr>\n<tr>\n<td style=\"width: 195.797px\"><strong>IES La Orden<\/strong><\/td>\n<td style=\"width: 192.219px\"><strong>Huelva<\/strong><\/td>\n<td style=\"width: 191.984px\"><strong>2018-2019<\/strong><\/td>\n<\/tr>\n<tr>\n<td style=\"width: 195.797px\"><strong>CEIP Galdames<\/strong><\/td>\n<td style=\"width: 192.219px\"><strong>Ayamonte<\/strong><\/td>\n<td style=\"width: 191.984px\"><strong>2019-2020<\/strong><\/td>\n<\/tr>\n<tr>\n<td style=\"width: 195.797px\"><strong>CEIP Virgen del Carmen<\/strong><\/td>\n<td style=\"width: 192.219px\"><strong>Isla del Moral<\/strong><\/td>\n<td style=\"width: 191.984px\"><strong>2019-2020<\/strong><\/td>\n<\/tr>\n<tr>\n<td style=\"width: 195.797px\"><strong>CEIP Platero<\/strong><\/td>\n<td style=\"width: 192.219px\"><strong>Isla Cristina<\/strong><\/td>\n<td style=\"width: 191.984px\"><strong>2022-2023<\/strong><\/td>\n<\/tr>\n<tr>\n<td style=\"width: 195.797px\"><strong>CEIP San Roque<\/strong><\/td>\n<td style=\"width: 192.219px\"><strong>Villablanca<\/strong><\/td>\n<td style=\"width: 191.984px\"><strong>2022-2023<\/strong><\/td>\n<\/tr>\n<tr>\n<td style=\"width: 195.797px\"><strong>CEIP Rodrigo de Xerez<\/strong><\/td>\n<td style=\"width: 192.219px\"><strong>Ayamonte<\/strong><\/td>\n<td style=\"width: 191.984px\"><strong>2022-2023<\/strong><\/td>\n<\/tr>\n<tr>\n<td style=\"width: 195.797px\"><strong>CEIP R\u00edo Piedras<\/strong><\/td>\n<td style=\"width: 192.219px\"><strong>Lepe<\/strong><\/td>\n<td style=\"width: 191.984px\"><strong>2022-2023<\/strong><\/td>\n<\/tr>\n<tr>\n<td style=\"width: 195.797px\"><strong>CEIP C\u00e9sar Barrios<\/strong><\/td>\n<td style=\"width: 192.219px\"><strong>Lepe<\/strong><\/td>\n<td style=\"width: 191.984px\"><strong>2023-2024<\/strong><\/td>\n<\/tr>\n<tr>\n<td style=\"width: 195.797px\"><strong>CEIP Alonso Barba<\/strong><\/td>\n<td style=\"width: 192.219px\"><strong>Lepe<\/strong><\/td>\n<td style=\"width: 191.984px\"><strong>2023-2024<\/strong><\/td>\n<\/tr>\n<tr>\n<td style=\"width: 195.797px\"><strong>CEIP Pedro de Lope<\/strong><\/td>\n<td style=\"width: 192.219px\"><strong>La Redondela<\/strong><\/td>\n<td style=\"width: 191.984px\"><strong>2023-2024<\/strong><\/td>\n<\/tr>\n<tr>\n<td style=\"width: 195.797px\"><strong>IES Rafael Reyes<\/strong><\/td>\n<td style=\"width: 192.219px\"><strong>Cartaya<\/strong><\/td>\n<td style=\"width: 191.984px\"><strong>2023-2024<\/strong><\/td>\n<\/tr>\n<\/tbody>\n<\/table>\n<p class=\"p1\">En la actualidad el programa cuenta con la participaci\u00f3n de auxiliares de conversaci\u00f3n compartidos dentro de la misma localidad facilitando la inmersi\u00f3n ling\u00fc\u00edstica y cultural de la lengua portuguesa para el alumnado de estos centros.<\/p>\n<div id=\"attachment_2518\" style=\"width: 500px\" class=\"wp-caption aligncenter\"><a href=\"https:\/\/blogsaverroes.juntadeandalucia.es\/plurilinguismodelegacionhuelva\/files\/2018\/02\/DSC03468.jpg\"><img loading=\"lazy\" decoding=\"async\" aria-describedby=\"caption-attachment-2518\" class=\"wp-image-2518 \" src=\"https:\/\/blogsaverroes.juntadeandalucia.es\/plurilinguismodelegacionhuelva\/files\/2018\/02\/DSC03468-300x169.jpg\" alt=\"\" width=\"490\" height=\"276\" srcset=\"https:\/\/blogsaverroes.juntadeandalucia.es\/plurilinguismodelegacionhuelva\/files\/2018\/02\/DSC03468-300x169.jpg 300w, https:\/\/blogsaverroes.juntadeandalucia.es\/plurilinguismodelegacionhuelva\/files\/2018\/02\/DSC03468-768x432.jpg 768w, https:\/\/blogsaverroes.juntadeandalucia.es\/plurilinguismodelegacionhuelva\/files\/2018\/02\/DSC03468-1024x576.jpg 1024w, https:\/\/blogsaverroes.juntadeandalucia.es\/plurilinguismodelegacionhuelva\/files\/2018\/02\/DSC03468-700x393.jpg 700w, https:\/\/blogsaverroes.juntadeandalucia.es\/plurilinguismodelegacionhuelva\/files\/2018\/02\/DSC03468-332x187.jpg 332w, https:\/\/blogsaverroes.juntadeandalucia.es\/plurilinguismodelegacionhuelva\/files\/2018\/02\/DSC03468-24x14.jpg 24w, https:\/\/blogsaverroes.juntadeandalucia.es\/plurilinguismodelegacionhuelva\/files\/2018\/02\/DSC03468-36x20.jpg 36w, https:\/\/blogsaverroes.juntadeandalucia.es\/plurilinguismodelegacionhuelva\/files\/2018\/02\/DSC03468-48x27.jpg 48w, https:\/\/blogsaverroes.juntadeandalucia.es\/plurilinguismodelegacionhuelva\/files\/2018\/02\/DSC03468-1024x576-978x550.jpg 978w, https:\/\/blogsaverroes.juntadeandalucia.es\/plurilinguismodelegacionhuelva\/files\/2018\/02\/DSC03468.jpg 1600w\" sizes=\"(max-width: 490px) 100vw, 490px\" \/><\/a><p id=\"caption-attachment-2518\" class=\"wp-caption-text\">Jornadas formativas \u00abEstimular la creatividad en portugu\u00e9s como lengua extranjera\u00bb<\/p><\/div>\n<p>Para m\u00e1s informaci\u00f3n sobre el programa,&nbsp;<a href=\"https:\/\/www.juntadeandalucia.es\/educacion\/portals\/web\/plurilinguismo\/programa-jose-saramago\">Portal Pluriling\u00fcismo<\/a> de la Consejer\u00eda de Desarrollo Educativo y Formaci\u00f3n Profesional de Andaluc\u00eda.<\/p>\n","protected":false},"excerpt":{"rendered":"<p>El programa Jos\u00e9 Saramago ampl\u00eda el car\u00e1cter de internacionalizaci\u00f3n de los centros educativos de la provincia de Huelva. Este programa nace en 2010-2011 como un programa fronterizo donde la lengua portuguesa se incluye como&#46;&#46;&#46;<\/p>\n","protected":false},"author":6025,"featured_media":2518,"parent":0,"menu_order":0,"comment_status":"closed","ping_status":"closed","template":"","meta":{"ngg_post_thumbnail":0,"footnotes":"","_mc_calendar":[]},"aioseo_notices":[],"_links":{"self":[{"href":"https:\/\/blogsaverroes.juntadeandalucia.es\/plurilinguismodelegacionhuelva\/wp-json\/wp\/v2\/pages\/92"}],"collection":[{"href":"https:\/\/blogsaverroes.juntadeandalucia.es\/plurilinguismodelegacionhuelva\/wp-json\/wp\/v2\/pages"}],"about":[{"href":"https:\/\/blogsaverroes.juntadeandalucia.es\/plurilinguismodelegacionhuelva\/wp-json\/wp\/v2\/types\/page"}],"author":[{"embeddable":true,"href":"https:\/\/blogsaverroes.juntadeandalucia.es\/plurilinguismodelegacionhuelva\/wp-json\/wp\/v2\/users\/6025"}],"replies":[{"embeddable":true,"href":"https:\/\/blogsaverroes.juntadeandalucia.es\/plurilinguismodelegacionhuelva\/wp-json\/wp\/v2\/comments?post=92"}],"version-history":[{"count":32,"href":"https:\/\/blogsaverroes.juntadeandalucia.es\/plurilinguismodelegacionhuelva\/wp-json\/wp\/v2\/pages\/92\/revisions"}],"predecessor-version":[{"id":3614,"href":"https:\/\/blogsaverroes.juntadeandalucia.es\/plurilinguismodelegacionhuelva\/wp-json\/wp\/v2\/pages\/92\/revisions\/3614"}],"wp:featuredmedia":[{"embeddable":true,"href":"https:\/\/blogsaverroes.juntadeandalucia.es\/plurilinguismodelegacionhuelva\/wp-json\/wp\/v2\/media\/2518"}],"wp:attachment":[{"href":"https:\/\/blogsaverroes.juntadeandalucia.es\/plurilinguismodelegacionhuelva\/wp-json\/wp\/v2\/media?parent=92"}],"curies":[{"name":"wp","href":"https:\/\/api.w.org\/{rel}","templated":true}]}}