{"id":2507,"date":"2019-01-08T08:19:13","date_gmt":"2019-01-08T08:19:13","guid":{"rendered":"https:\/\/blogsaverroes.juntadeandalucia.es\/plurilinguismodelegacionjaen\/?page_id=2507"},"modified":"2022-10-14T09:19:55","modified_gmt":"2022-10-14T09:19:55","slug":"auxiliares-de-conversacion","status":"publish","type":"page","link":"https:\/\/blogsaverroes.juntadeandalucia.es\/plurilinguismodelegacionjaen\/auxiliares-de-conversacion\/","title":{"rendered":"Auxiliares de conversaci\u00f3n"},"content":{"rendered":"<p><strong>TUTORIAL S\u00c9NECA GESTI\u00d3N AUXILIARES DE CONVERSACI\u00d3N<\/strong><\/p>\n<p><a href=\"https:\/\/www.youtube.com\/watch?v=WzJvCkFf-rk\" target=\"_blank\" rel=\"noopener noreferrer\">Enlace<\/a><\/p>\n<hr>\n<p><strong>TR\u00c1MITES A LA LLEGADA A ESPA\u00d1A<\/strong><\/p>\n<p>Los auxiliares de conversaci\u00f3n necesitan hacer dos tr\u00e1mites a su llegada a Espa\u00f1a:<\/p>\n<ul style=\"list-style-type: circle\">\n<li><strong>Obtener el NIE\/TIE<\/strong> en las Oficinas de Extranjer\u00eda y Comisar\u00edas de Polic\u00eda de las localidades donde colaboren (en un <span style=\"color: #ff0000\">plazo de 30 d\u00edas desde su llegada a Espa\u00f1a<\/span>).<\/li>\n<li>Impreso de solicitud <a href=\"https:\/\/extranjeros.inclusion.gob.es\/ficheros\/Modelos_solicitudes\/mod_solicitudes2\/17-Formulario_TIE.pdf\">Formulario TIE<\/a><\/li>\n<li>La <strong>cita<\/strong> <strong>previa<\/strong> debe obtenerse a trav\u00e9s de internet <strong>en el siguiente enlace<\/strong>:<a href=\"https:\/\/icp.administracionelectronica.gob.es\/icpplus\/index.html\">https:\/\/icp.administracionelectronica.gob.es\/icpplus\/index.html<\/a><\/li>\n<li><strong>Tasas pagadas<\/strong>: Ejemplar destinado a la Administraci\u00f3n del impreso de tasas abonadas (15,92 \u20ac), <strong><a href=\"https:\/\/sede.policia.gob.es\/Tasa790_012\/ImpresoRellenar\">Impreso Modelo 790 de pago de tasas<\/a> C\u00f3digo 012 ( ir al concepto \u00ab<b>Tarjetas de identidad de extranjeros (TIE) y certificados de registro de residentes comunitarios\u00bb <\/b>y seleccionar \u00abTIE que documenta la primera concesi\u00f3n de la autorizaci\u00f3n de residencia temporal, de estancia o para trabajadores transfronterizos\u00bb. )<\/strong>, que podr\u00e1s pagar en cualquier banco. No hace falta tener cuenta bancaria para hacerlo. &nbsp; <a href=\"https:\/\/sede.policia.gob.es\/Tasa790_012\/ImpresoRellenar\">Impreso Modelo 790 de pago de tasas<\/a><\/li>\n<\/ul>\n<p>Estos tr\u00e1mites ser\u00e1n diferentes para lo comunitarios y los no comunitarios. En los siguientes enlaces encontrar\u00e1s unas instrucciones para realizarlo.<\/p>\n<p>&nbsp;&nbsp;&nbsp;&nbsp;&nbsp;&nbsp;&nbsp;&nbsp;&nbsp; &#8211; <a href=\"https:\/\/blogsaverroes.juntadeandalucia.es\/plurilinguismodelegacionjaen\/files\/2019\/11\/Instucciones-tr\u00e1mites-extranjer\u00eda-Comunitarios.pdf\" target=\"_blank\" rel=\"noopener noreferrer\">Instucciones tr\u00e1mites extranjer\u00eda-Comunitarios<\/a><\/p>\n<p>&nbsp;&nbsp;&nbsp;&nbsp;&nbsp;&nbsp;&nbsp;&nbsp;&nbsp; &#8211; <a href=\"https:\/\/blogsaverroes.juntadeandalucia.es\/plurilinguismodelegacionjaen\/files\/2019\/11\/Instucciones-tr\u00e1mites-extranjer\u00eda-NOComunitarios.pdf\" target=\"_blank\" rel=\"noopener noreferrer\">Instucciones tr\u00e1mites extranjer\u00eda- NO Comunitarios<\/a><\/p>\n<p>&nbsp;&nbsp;&nbsp;&nbsp;&nbsp;&nbsp;&nbsp;&nbsp;&nbsp; &#8211; <a href=\"https:\/\/blogsaverroes.juntadeandalucia.es\/plurilinguismodelegacionjaen\/files\/2019\/11\/Carta-oficinas-de-extranjerosF.pdf\" target=\"_blank\" rel=\"noopener noreferrer\">Carta para presentar en la oficina de extranjer\u00eda<\/a><\/p>\n<ul style=\"list-style-type: circle\">\n<li><strong>Apertura de cuentas bancarias<\/strong>. Carta que deber\u00e1n llevar al banco. <a href=\"https:\/\/blogsaverroes.juntadeandalucia.es\/plurilinguismodelegacionjaen\/files\/2019\/11\/Carta-a-banco-2019_2020F.pdf\" target=\"_blank\" rel=\"noopener noreferrer\">Carta a banco 2019\/2020<\/a><\/li>\n<\/ul>\n<p>&nbsp;<\/p>\n<hr>\n<p><strong>SOLICITUD NUEVOS AUXILIARES DE CONVERSACI\u00d3N<\/strong><\/p>\n<p><strong>P\u00e1gina del MEFP con toda la informaci\u00f3n<\/strong>: <a href=\"http:\/\/www.educacionyfp.gob.es\/servicios-al-ciudadano\/catalogo\/profesorado\/convocatorias-para-extranjeros\/auxiliares-extranjeros.html\" target=\"_blank\" rel=\"noopener noreferrer\">http:\/\/www.educacionyfp.gob.es\/servicios-al-ciudadano\/catalogo\/profesorado\/convocatorias-para-extranjeros\/auxiliares-extranjeros.html<\/a><\/p>\n<p><strong>Plazo de solicitud<\/strong>: Desde el 30 de enero de 2020 hasta el 15 de abril de 2020.<\/p>\n<p>P\u00edses partitipantes y direcciones de contacto: <a href=\"https:\/\/blogsaverroes.juntadeandalucia.es\/plurilinguismodelegacionjaen\/files\/2020\/01\/paises-participantes-contacto-2020-21.pdf\" target=\"_blank\" rel=\"noopener noreferrer\">paises-participantes-contacto-2020-21<\/a><\/p>\n<p><strong>Detalles sobre el programa y las Comunidades Aut\u00f3nomas de destino<\/strong>:<\/p>\n<ul style=\"list-style-type: disc\">\n<li><a href=\"https:\/\/blogsaverroes.juntadeandalucia.es\/plurilinguismodelegacionjaen\/files\/2020\/01\/condiciones-programa.pdf\" target=\"_blank\" rel=\"noopener noreferrer\">Condiciones de estancia en el programa<\/a><\/li>\n<li><a href=\"https:\/\/blogsaverroes.juntadeandalucia.es\/plurilinguismodelegacionjaen\/files\/2020\/01\/regiones-elegibles-seg\u00fan-candidatos.pdf\" target=\"_blank\" rel=\"noopener noreferrer\">Elecci\u00f3n de la Comunidad Aut\u00f3noma<\/a> de acuerdo con la nacionalidad de los candidatos. A tener en cuenta las resaltadas en verde oscuro.<\/li>\n<\/ul>\n<p><strong>Plazos y procedimiento seg\u00fan la nacionalidad de los candidatos<\/strong>:<\/p>\n<ul style=\"list-style-type: disc\">\n<li>Los candidatos de Alemania, Austria, B\u00e9lgica (franc\u00e9s), Federaci\u00f3n de Rusia, Francia, Irlanda, Italia, Malta, Reino Unido y Suiza deben solicitar su participaci\u00f3n en el programa a trav\u00e9s del organismo correspondiente de su pa\u00eds de origen, en el plazo y forma marcado por el mismo.<\/li>\n<li>Los candidatos de Australia, B\u00e9lgica (ingl\u00e9s), Bulgaria, Brasil, Canad\u00e1, China, Estados Unidos, Filipinas, Finlandia, Hungr\u00eda, India, Luxemburgo, Marruecos, Noruega, Nueva Zelanda, Pa\u00edses Bajos, Pa\u00edses de Ocean\u00eda (Fiyi, Islas Salom\u00f3n, Tonga y Vanuatu), Polonia, Portugal, Singapur, Suecia y T\u00fanez deben solicitar su participaci\u00f3n a trav\u00e9s de la aplicaci\u00f3n Profex (se abre en ventana nueva del 30 de enero al 15 de abril de 2020).<a href=\"https:\/\/blogsaverroes.juntadeandalucia.es\/plurilinguismodelegacionjaen\/files\/2020\/01\/manual-alta-profex-cv.pdf\" target=\"_blank\" rel=\"noopener noreferrer\">Manual de alta en PROFEX<\/a>.<\/li>\n<li><a href=\"https:\/\/blogsaverroes.juntadeandalucia.es\/plurilinguismodelegacionjaen\/files\/2020\/01\/manual-solicitud-aacc-ext-nuevos.pdf\" target=\"_blank\" rel=\"noopener noreferrer\">Manual de nueva solicitud<\/a>.<\/li>\n<\/ul>\n<hr>\n<p><strong>SOLICITUD RENOVADORES<\/strong><\/p>\n<ul>\n<li><a href=\"https:\/\/blogsaverroes.juntadeandalucia.es\/plurilinguismodelegacionjaen\/files\/2020\/01\/manual-solicitud-aacc-ext-renovacion-1.pdf\" target=\"_blank\" rel=\"noopener noreferrer\">Manual solicitud auxiliares renovadores<\/a><\/li>\n<li>Es renovador o renovadora \u00fanicamente si ya est\u00e1 en el programa a trav\u00e9s del Ministerio de Educaci\u00f3n y Formaci\u00f3n Profesional.<br \/>\nSi es auxiliar de conversaci\u00f3n con otro programa y quiere pasar al del Ministerio de Educaci\u00f3n y Formaci\u00f3n Profesional debe presentar su solicitud como nuevo candidato.<\/li>\n<li>Para solicitar la renovaci\u00f3n en el programa se debe adjuntar a la solicitud el <a href=\"https:\/\/blogsaverroes.juntadeandalucia.es\/plurilinguismodelegacionjaen\/files\/2020\/01\/informe-centro-renovaciones-2020.pdf\" target=\"_blank\" rel=\"noopener noreferrer\">informe del centro de destino actual<\/a>.<\/li>\n<li>Tendr\u00e1n car\u00e1cter preferente para la renovaci\u00f3n en su mismo centro de destino las solicitudes inscritas antes del <u>9 de marzo de 2020<\/u>.<\/li>\n<li>Los auxiliares que llevan dos cursos consecutivos en el Programa en Andaluc\u00eda no podr\u00e1n renovar un tercer curso en esta comunidad aut\u00f3noma. S\u00ed podr\u00e1n optar por su renovaci\u00f3n en otra comunidad aut\u00f3noma.<\/li>\n<\/ul>\n","protected":false},"excerpt":{"rendered":"<p>TUTORIAL S\u00c9NECA GESTI\u00d3N AUXILIARES DE CONVERSACI\u00d3N Enlace TR\u00c1MITES A LA LLEGADA A ESPA\u00d1A Los auxiliares de conversaci\u00f3n necesitan hacer dos tr\u00e1mites a su llegada a Espa\u00f1a: Obtener el NIE\/TIE en las Oficinas de Extranjer\u00eda&#46;&#46;&#46;<\/p>\n","protected":false},"author":6890,"featured_media":0,"parent":0,"menu_order":0,"comment_status":"closed","ping_status":"closed","template":"","meta":{"ngg_post_thumbnail":0,"footnotes":"","_mc_calendar":[]},"aioseo_notices":[],"_links":{"self":[{"href":"https:\/\/blogsaverroes.juntadeandalucia.es\/plurilinguismodelegacionjaen\/wp-json\/wp\/v2\/pages\/2507"}],"collection":[{"href":"https:\/\/blogsaverroes.juntadeandalucia.es\/plurilinguismodelegacionjaen\/wp-json\/wp\/v2\/pages"}],"about":[{"href":"https:\/\/blogsaverroes.juntadeandalucia.es\/plurilinguismodelegacionjaen\/wp-json\/wp\/v2\/types\/page"}],"author":[{"embeddable":true,"href":"https:\/\/blogsaverroes.juntadeandalucia.es\/plurilinguismodelegacionjaen\/wp-json\/wp\/v2\/users\/6890"}],"replies":[{"embeddable":true,"href":"https:\/\/blogsaverroes.juntadeandalucia.es\/plurilinguismodelegacionjaen\/wp-json\/wp\/v2\/comments?post=2507"}],"version-history":[{"count":22,"href":"https:\/\/blogsaverroes.juntadeandalucia.es\/plurilinguismodelegacionjaen\/wp-json\/wp\/v2\/pages\/2507\/revisions"}],"predecessor-version":[{"id":4704,"href":"https:\/\/blogsaverroes.juntadeandalucia.es\/plurilinguismodelegacionjaen\/wp-json\/wp\/v2\/pages\/2507\/revisions\/4704"}],"wp:attachment":[{"href":"https:\/\/blogsaverroes.juntadeandalucia.es\/plurilinguismodelegacionjaen\/wp-json\/wp\/v2\/media?parent=2507"}],"curies":[{"name":"wp","href":"https:\/\/api.w.org\/{rel}","templated":true}]}}

Auxiliares de conversación

<p><strong>TUTORIAL SÉNECA GESTIÓN AUXILIARES DE CONVERSACIÓN</strong></p>
<p><a href="https://www.youtube.com/watch?v=WzJvCkFf-rk" target="_blank" rel="noopener noreferrer">Enlace</a></p>
<hr>
<p><strong>TRÁMITES A LA LLEGADA A ESPAÑA</strong></p>
<p>Los auxiliares de conversación necesitan hacer dos trámites a su llegada a España:</p>
<ul style="list-style-type: circle">
<li><strong>Obtener el NIE/TIE</strong> en las Oficinas de Extranjería y Comisarías de Policía de las localidades donde colaboren (en un <span style="color: #ff0000">plazo de 30 días desde su llegada a España</span>).</li>
<li>Impreso de solicitud <a href="https://extranjeros.inclusion.gob.es/ficheros/Modelos_solicitudes/mod_solicitudes2/17-Formulario_TIE.pdf">Formulario TIE</a></li>
<li>La <strong>cita</strong> <strong>previa</strong> debe obtenerse a través de internet <strong>en el siguiente enlace</strong>:<a href="https://icp.administracionelectronica.gob.es/icpplus/index.html">https://icp.administracionelectronica.gob.es/icpplus/index.html</a></li>
<li><strong>Tasas pagadas</strong>: Ejemplar destinado a la Administración del impreso de tasas abonadas (15,92 €), <strong><a href="https://sede.policia.gob.es/Tasa790_012/ImpresoRellenar">Impreso Modelo 790 de pago de tasas</a> Código 012 ( ir al concepto «<b>Tarjetas de identidad de extranjeros (TIE) y certificados de registro de residentes comunitarios» </b>y seleccionar «TIE que documenta la primera concesión de la autorización de residencia temporal, de estancia o para trabajadores transfronterizos». )</strong>, que podrás pagar en cualquier banco. No hace falta tener cuenta bancaria para hacerlo. &nbsp; <a href="https://sede.policia.gob.es/Tasa790_012/ImpresoRellenar">Impreso Modelo 790 de pago de tasas</a></li>
</ul>
<p>Estos trámites serán diferentes para lo comunitarios y los no comunitarios. En los siguientes enlaces encontrarás unas instrucciones para realizarlo.</p>
<p>&nbsp;&nbsp;&nbsp;&nbsp;&nbsp;&nbsp;&nbsp;&nbsp;&nbsp; &#8211; <a href="https://blogsaverroes.juntadeandalucia.es/plurilinguismodelegacionjaen/files/2019/11/Instucciones-trámites-extranjería-Comunitarios.pdf" target="_blank" rel="noopener noreferrer">Instucciones trámites extranjería-Comunitarios</a></p>
<p>&nbsp;&nbsp;&nbsp;&nbsp;&nbsp;&nbsp;&nbsp;&nbsp;&nbsp; &#8211; <a href="https://blogsaverroes.juntadeandalucia.es/plurilinguismodelegacionjaen/files/2019/11/Instucciones-trámites-extranjería-NOComunitarios.pdf" target="_blank" rel="noopener noreferrer">Instucciones trámites extranjería- NO Comunitarios</a></p>
<p>&nbsp;&nbsp;&nbsp;&nbsp;&nbsp;&nbsp;&nbsp;&nbsp;&nbsp; &#8211; <a href="https://blogsaverroes.juntadeandalucia.es/plurilinguismodelegacionjaen/files/2019/11/Carta-oficinas-de-extranjerosF.pdf" target="_blank" rel="noopener noreferrer">Carta para presentar en la oficina de extranjería</a></p>
<ul style="list-style-type: circle">
<li><strong>Apertura de cuentas bancarias</strong>. Carta que deberán llevar al banco. <a href="https://blogsaverroes.juntadeandalucia.es/plurilinguismodelegacionjaen/files/2019/11/Carta-a-banco-2019_2020F.pdf" target="_blank" rel="noopener noreferrer">Carta a banco 2019/2020</a></li>
</ul>
<p>&nbsp;</p>
<hr>
<p><strong>SOLICITUD NUEVOS AUXILIARES DE CONVERSACIÓN</strong></p>
<p><strong>Página del MEFP con toda la información</strong>: <a href="http://www.educacionyfp.gob.es/servicios-al-ciudadano/catalogo/profesorado/convocatorias-para-extranjeros/auxiliares-extranjeros.html" target="_blank" rel="noopener noreferrer">http://www.educacionyfp.gob.es/servicios-al-ciudadano/catalogo/profesorado/convocatorias-para-extranjeros/auxiliares-extranjeros.html</a></p>
<p><strong>Plazo de solicitud</strong>: Desde el 30 de enero de 2020 hasta el 15 de abril de 2020.</p>
<p>Píses partitipantes y direcciones de contacto: <a href="https://blogsaverroes.juntadeandalucia.es/plurilinguismodelegacionjaen/files/2020/01/paises-participantes-contacto-2020-21.pdf" target="_blank" rel="noopener noreferrer">paises-participantes-contacto-2020-21</a></p>
<p><strong>Detalles sobre el programa y las Comunidades Autónomas de destino</strong>:</p>
<ul style="list-style-type: disc">
<li><a href="https://blogsaverroes.juntadeandalucia.es/plurilinguismodelegacionjaen/files/2020/01/condiciones-programa.pdf" target="_blank" rel="noopener noreferrer">Condiciones de estancia en el programa</a></li>
<li><a href="https://blogsaverroes.juntadeandalucia.es/plurilinguismodelegacionjaen/files/2020/01/regiones-elegibles-según-candidatos.pdf" target="_blank" rel="noopener noreferrer">Elección de la Comunidad Autónoma</a> de acuerdo con la nacionalidad de los candidatos. A tener en cuenta las resaltadas en verde oscuro.</li>
</ul>
<p><strong>Plazos y procedimiento según la nacionalidad de los candidatos</strong>:</p>
<ul style="list-style-type: disc">
<li>Los candidatos de Alemania, Austria, Bélgica (francés), Federación de Rusia, Francia, Irlanda, Italia, Malta, Reino Unido y Suiza deben solicitar su participación en el programa a través del organismo correspondiente de su país de origen, en el plazo y forma marcado por el mismo.</li>
<li>Los candidatos de Australia, Bélgica (inglés), Bulgaria, Brasil, Canadá, China, Estados Unidos, Filipinas, Finlandia, Hungría, India, Luxemburgo, Marruecos, Noruega, Nueva Zelanda, Países Bajos, Países de Oceanía (Fiyi, Islas Salomón, Tonga y Vanuatu), Polonia, Portugal, Singapur, Suecia y Túnez deben solicitar su participación a través de la aplicación Profex (se abre en ventana nueva del 30 de enero al 15 de abril de 2020).<a href="https://blogsaverroes.juntadeandalucia.es/plurilinguismodelegacionjaen/files/2020/01/manual-alta-profex-cv.pdf" target="_blank" rel="noopener noreferrer">Manual de alta en PROFEX</a>.</li>
<li><a href="https://blogsaverroes.juntadeandalucia.es/plurilinguismodelegacionjaen/files/2020/01/manual-solicitud-aacc-ext-nuevos.pdf" target="_blank" rel="noopener noreferrer">Manual de nueva solicitud</a>.</li>
</ul>
<hr>
<p><strong>SOLICITUD RENOVADORES</strong></p>
<ul>
<li><a href="https://blogsaverroes.juntadeandalucia.es/plurilinguismodelegacionjaen/files/2020/01/manual-solicitud-aacc-ext-renovacion-1.pdf" target="_blank" rel="noopener noreferrer">Manual solicitud auxiliares renovadores</a></li>
<li>Es renovador o renovadora únicamente si ya está en el programa a través del Ministerio de Educación y Formación Profesional.<br />
Si es auxiliar de conversación con otro programa y quiere pasar al del Ministerio de Educación y Formación Profesional debe presentar su solicitud como nuevo candidato.</li>
<li>Para solicitar la renovación en el programa se debe adjuntar a la solicitud el <a href="https://blogsaverroes.juntadeandalucia.es/plurilinguismodelegacionjaen/files/2020/01/informe-centro-renovaciones-2020.pdf" target="_blank" rel="noopener noreferrer">informe del centro de destino actual</a>.</li>
<li>Tendrán carácter preferente para la renovación en su mismo centro de destino las solicitudes inscritas antes del <u>9 de marzo de 2020</u>.</li>
<li>Los auxiliares que llevan dos cursos consecutivos en el Programa en Andalucía no podrán renovar un tercer curso en esta comunidad autónoma. Sí podrán optar por su renovación en otra comunidad autónoma.</li>
</ul>

<p>TUTORIAL SÉNECA GESTIÓN AUXILIARES DE CONVERSACIÓN Enlace TRÁMITES A LA LLEGADA A ESPAÑA Los auxiliares de conversación necesitan hacer dos trámites a su llegada a España: Obtener el NIE/TIE en las Oficinas de Extranjería&#46;&#46;&#46;</p>
