{"id":2830,"date":"2019-01-16T07:19:38","date_gmt":"2019-01-16T07:19:38","guid":{"rendered":"https:\/\/blogsaverroes.juntadeandalucia.es\/plurilinguismodelegacionjaen\/?page_id=2830"},"modified":"2020-01-30T10:12:13","modified_gmt":"2020-01-30T10:12:13","slug":"en-ceps","status":"publish","type":"page","link":"https:\/\/blogsaverroes.juntadeandalucia.es\/plurilinguismodelegacionjaen\/en-ceps\/","title":{"rendered":"En CEPs"},"content":{"rendered":"<p><strong>CURSO 2019\/2020<\/strong><\/p>\n<p>Para obtener m\u00e1s detalles de los cursos, pulsa sobre el enlace.<\/p>\n<table style=\"width: 743px;background-color: #fcfcfa\">\n<tbody>\n<tr style=\"height: 22.4px\">\n<td style=\"height: 22.4px;background-color: #c4c4c4;width: 409.333px\"><strong>ACTIVIDAD FORMATIVA<\/strong><\/td>\n<td style=\"height: 22.4px;background-color: #c4c4c4;width: 54.6667px\"><strong>CEP<\/strong><\/td>\n<td style=\"height: 22.4px;background-color: #c4c4c4;width: 212px\"><strong>FECHA INSCRIPCI\u00d3N<\/strong><\/td>\n<\/tr>\n<tr style=\"height: 22px\">\n<td style=\"height: 22px;width: 409.333px\"><a href=\"http:\/\/www.juntadeandalucia.es\/educacion\/portals\/web\/cep-jaen\/cursos\" target=\"_blank\" rel=\"noopener noreferrer\">Jornada Cambridge. Planificaci\u00f3n de una sesi\u00f3n AICLE<\/a>.<\/p>\n<p>c\u00f3digo: 209918PI016<\/td>\n<td style=\"height: 22px;width: 54.6667px\">CEP Ja\u00e9n<\/p>\n<p>(Provincial)<\/td>\n<td style=\"height: 22px;width: 212px\">28\/01\/2020 hasta 07\/02\/2020<\/td>\n<\/tr>\n<tr style=\"height: 22px\">\n<td style=\"height: 22px;width: 409.333px\"><a href=\"https:\/\/www.juntadeandalucia.es\/educacion\/secretariavirtual\/consultaCEP\/actividad\/202320GE039\/\" target=\"_blank\" rel=\"noopener noreferrer\">CIL &#8211; Curr\u00edculo integrado de las lenguas<\/a><\/p>\n<p>C\u00f3digo: 202320GE039<\/td>\n<td style=\"height: 22px;width: 54.6667px\">CEP \u00dabeda<\/td>\n<td style=\"height: 22px;width: 212px\">08\/01\/2020 hasta 03\/02\/2020<\/td>\n<\/tr>\n<tr style=\"height: 22px\">\n<td style=\"height: 22px;width: 409.333px\"><a href=\"https:\/\/www.juntadeandalucia.es\/educacion\/secretariavirtual\/consultaCEP\/?C_EDIACTFOR=209918PI002\" target=\"_blank\" rel=\"noopener noreferrer\">M\u00f3dulo b\u00e1sico: Taller de elaboraci\u00f3n de proyectos Erasmus<\/a><\/p>\n<p>C\u00f3digo: 209918PI002<\/td>\n<td style=\"height: 22px;width: 54.6667px\">CEP Ja\u00e9n<\/td>\n<td style=\"height: 22px;width: 212px\">28\/11\/2019 hasta 03\/12\/2019<\/td>\n<\/tr>\n<tr style=\"height: 22px\">\n<td style=\"height: 22px;width: 409.333px\"><a href=\"http:\/\/www.juntadeandalucia.es\/educacion\/portals\/web\/cep-jaen\/cursos\" target=\"_blank\" rel=\"noopener noreferrer\">Jornadas iniciales Erasmus+<\/a><\/p>\n<p>C\u00f3digo: 202318GE100<\/td>\n<td style=\"height: 22px;width: 54.6667px\">CEP Ja\u00e9n<\/p>\n<p>(IFEJA)<\/td>\n<td style=\"height: 22px;width: 212px\">07\/11\/2019 hasta 22\/11\/2019<\/td>\n<\/tr>\n<tr style=\"height: 22px\">\n<td style=\"height: 22px;width: 409.333px\"><a href=\"http:\/\/www.juntadeandalucia.es\/educacion\/portals\/web\/cep-jaen\/cursos\" target=\"_blank\" rel=\"noopener noreferrer\">Jornada regional Erasmus+ para Formaci\u00f3n Profesional<\/a><\/p>\n<p>C\u00f3digo: 202318GE200<\/td>\n<td style=\"height: 22px;width: 54.6667px\">CEP Ja\u00e9n<\/p>\n<p>(IFEJA)<\/td>\n<td style=\"height: 22px;width: 212px\">07\/11\/2019 hasta 24\/11\/2019<\/td>\n<\/tr>\n<tr style=\"height: 22px\">\n<td style=\"height: 22px;width: 409.333px\"><a href=\"http:\/\/www.juntadeandalucia.es\/educacion\/portals\/web\/cep-jaen\/convocatorias-abiertas\" target=\"_blank\" rel=\"noopener noreferrer\">Mejora de las destrezas orales en lengua inglesa.<\/a><\/p>\n<p>C\u00f3digo: 202318GE060<\/td>\n<td style=\"height: 22px;width: 54.6667px\">CEP Ja\u00e9n<\/td>\n<td style=\"height: 22px;width: 212px\">30\/10\/2019 hasta 15\/11\/2019<\/td>\n<\/tr>\n<tr style=\"height: 22px\">\n<td style=\"height: 22px;width: 409.333px\"><a href=\"https:\/\/www.juntadeandalucia.es\/educacion\/secretariavirtual\/consultaCEP\/actividad\/202320GE011\/\" target=\"_blank\" rel=\"noopener noreferrer\">Estrategias para la mejora de la expresi\u00f3n oral en lengua inglesa<\/a>. (Nivel 1)<\/p>\n<p>C\u00f3digo: 202320GE011<\/td>\n<td style=\"height: 22px;width: 54.6667px\">CEP \u00dabeda<\/td>\n<td style=\"height: 22px;width: 212px\">&nbsp;30\/10\/2019 hasta 19\/11\/2019<\/td>\n<\/tr>\n<tr style=\"height: 22px\">\n<td style=\"height: 22px;width: 409.333px\"><a href=\"https:\/\/www.juntadeandalucia.es\/educacion\/secretariavirtual\/consultaCEP\/actividad\/202320GE009\/\" target=\"_blank\" rel=\"noopener noreferrer\">Estrategias para la mejora de la expresi\u00f3n oral en lengua inglesa<\/a> (Nivel 2)<\/p>\n<p>C\u00f3digo: 202320GE009<\/td>\n<td style=\"height: 22px;width: 54.6667px\">CEP \u00dabeda<\/td>\n<td style=\"height: 22px;width: 212px\">30\/10\/2019 hasta 19\/11\/2019<\/td>\n<\/tr>\n<tr style=\"height: 22px\">\n<td style=\"height: 22px;width: 409.333px\"><a href=\"http:\/\/www.juntadeandalucia.es\/educacion\/portals\/web\/cep-jaen\/cursos\" target=\"_blank\" rel=\"noopener noreferrer\">Claves organizativas y metodol\u00f3gicas de la ense\u00f1anza biling\u00fce<\/a>.<\/p>\n<p>C\u00f3digo: 202318GE020<\/td>\n<td style=\"height: 22px;width: 54.6667px\">CEP Ja\u00e9n<\/td>\n<td style=\"height: 22px;width: 212px\">03\/10\/2019 hasta 17\/10\/2019<\/td>\n<\/tr>\n<tr style=\"height: 22px\">\n<td style=\"height: 22px;width: 409.333px\"><a href=\"http:\/\/www.juntadeandalucia.es\/educacion\/portals\/web\/cep-linares-andujar\/cursos\" target=\"_blank\" rel=\"noopener noreferrer\">Claves organizativas y metodol\u00f3gicas de la ense\u00f1anza biling\u00fce<\/a><\/p>\n<p>C\u00f3digo: 202319GE025<\/td>\n<td style=\"height: 22px;width: 54.6667px\">CEP And\u00fajar-Linares<\/td>\n<td style=\"height: 22px;width: 212px\">03\/10\/2019 hasta 25\/10\/2019<\/td>\n<\/tr>\n<tr style=\"height: 22px\">\n<td style=\"height: 22px;width: 409.333px\"><a href=\"https:\/\/www.juntadeandalucia.es\/educacion\/secretariavirtual\/consultaCEP\/actividad\/202320PR001\/\" target=\"_blank\" rel=\"noopener noreferrer\">E TWINNING\/ ERASMUS+, E TWINNING LIVE, TWINSPACE<\/a><\/td>\n<td style=\"height: 22px;width: 54.6667px\">CEP \u00dabeda<\/td>\n<td style=\"height: 22px;width: 212px\">15\/10\/2019 hasta 08\/11\/2019<\/td>\n<\/tr>\n<tr style=\"height: 22px\">\n<td style=\"height: 22px;width: 409.333px\"><a href=\"http:\/\/www.juntadeandalucia.es\/educacion\/portals\/web\/cep-linares-andujar\/cursos\" target=\"_blank\" rel=\"noopener noreferrer\">Jornada Trinity: el portfolio como herramienta para la ense\u00f1anza de la expresi\u00f3n escrita<\/a>.<\/p>\n<p>C\u00f3digo: 209919PI011<\/td>\n<td style=\"height: 22px;width: 54.6667px\">CEP Linares-And\u00fajar<\/td>\n<td style=\"height: 22px;width: 212px\">15\/10\/2019 hasta 06\/11\/2019<\/td>\n<\/tr>\n<tr style=\"height: 22px\">\n<td style=\"height: 22px;width: 409.333px\"><a href=\"http:\/\/www.juntadeandalucia.es\/educacion\/portals\/web\/cep-linares-andujar\/cursos\" target=\"_blank\" rel=\"noopener noreferrer\">Mejora de las destrezas orales en lengua inglesa. Nivel medio<\/a>.<\/p>\n<p>C\u00f3digo: 202319GE028&nbsp;<\/td>\n<td style=\"height: 22px;width: 54.6667px\">CEP Linares-And\u00fajar<\/td>\n<td style=\"height: 22px;width: 212px\">08\/10\/2019 hasta 28\/10\/2019<\/td>\n<\/tr>\n<tr style=\"height: 22px\">\n<td style=\"height: 22px;width: 409.333px\"><a href=\"http:\/\/www.juntadeandalucia.es\/educacion\/portals\/web\/cep-linares-andujar\/cursos\" target=\"_blank\" rel=\"noopener noreferrer\">Mejora de las destrezas orales en lengua inglesa. Nivel avanzado<\/a>.<\/p>\n<p>C\u00f3digo: 202319GE029<\/td>\n<td style=\"height: 22px;width: 54.6667px\">CEP Linares-And\u00fajar<\/td>\n<td style=\"height: 22px;width: 212px\">08\/10\/2019 hasta 28\/10\/2019<\/td>\n<\/tr>\n<\/tbody>\n<\/table>\n<p>&nbsp;<\/p>\n","protected":false},"excerpt":{"rendered":"<p>CURSO 2019\/2020 Para obtener m\u00e1s detalles de los cursos, pulsa sobre el enlace. ACTIVIDAD FORMATIVA CEP FECHA INSCRIPCI\u00d3N Jornada Cambridge. Planificaci\u00f3n de una sesi\u00f3n AICLE. c\u00f3digo: 209918PI016 CEP Ja\u00e9n (Provincial) 28\/01\/2020 hasta 07\/02\/2020 CIL&#46;&#46;&#46;<\/p>\n","protected":false},"author":6890,"featured_media":0,"parent":0,"menu_order":0,"comment_status":"closed","ping_status":"closed","template":"","meta":{"ngg_post_thumbnail":0,"footnotes":"","_mc_calendar":[]},"aioseo_notices":[],"_links":{"self":[{"href":"https:\/\/blogsaverroes.juntadeandalucia.es\/plurilinguismodelegacionjaen\/wp-json\/wp\/v2\/pages\/2830"}],"collection":[{"href":"https:\/\/blogsaverroes.juntadeandalucia.es\/plurilinguismodelegacionjaen\/wp-json\/wp\/v2\/pages"}],"about":[{"href":"https:\/\/blogsaverroes.juntadeandalucia.es\/plurilinguismodelegacionjaen\/wp-json\/wp\/v2\/types\/page"}],"author":[{"embeddable":true,"href":"https:\/\/blogsaverroes.juntadeandalucia.es\/plurilinguismodelegacionjaen\/wp-json\/wp\/v2\/users\/6890"}],"replies":[{"embeddable":true,"href":"https:\/\/blogsaverroes.juntadeandalucia.es\/plurilinguismodelegacionjaen\/wp-json\/wp\/v2\/comments?post=2830"}],"version-history":[{"count":21,"href":"https:\/\/blogsaverroes.juntadeandalucia.es\/plurilinguismodelegacionjaen\/wp-json\/wp\/v2\/pages\/2830\/revisions"}],"predecessor-version":[{"id":3717,"href":"https:\/\/blogsaverroes.juntadeandalucia.es\/plurilinguismodelegacionjaen\/wp-json\/wp\/v2\/pages\/2830\/revisions\/3717"}],"wp:attachment":[{"href":"https:\/\/blogsaverroes.juntadeandalucia.es\/plurilinguismodelegacionjaen\/wp-json\/wp\/v2\/media?parent=2830"}],"curies":[{"name":"wp","href":"https:\/\/api.w.org\/{rel}","templated":true}]}}

<p><strong>CURSO 2019/2020</strong></p>
<p>Para obtener más detalles de los cursos, pulsa sobre el enlace.</p>
<table style="width: 743px;background-color: #fcfcfa">
<tbody>
<tr style="height: 22.4px">
<td style="height: 22.4px;background-color: #c4c4c4;width: 409.333px"><strong>ACTIVIDAD FORMATIVA</strong></td>
<td style="height: 22.4px;background-color: #c4c4c4;width: 54.6667px"><strong>CEP</strong></td>
<td style="height: 22.4px;background-color: #c4c4c4;width: 212px"><strong>FECHA INSCRIPCIÓN</strong></td>
</tr>
<tr style="height: 22px">
<td style="height: 22px;width: 409.333px"><a href="http://www.juntadeandalucia.es/educacion/portals/web/cep-jaen/cursos" target="_blank" rel="noopener noreferrer">Jornada Cambridge. Planificación de una sesión AICLE</a>.</p>
<p>código: 209918PI016</td>
<td style="height: 22px;width: 54.6667px">CEP Jaén</p>
<p>(Provincial)</td>
<td style="height: 22px;width: 212px">28/01/2020 hasta 07/02/2020</td>
</tr>
<tr style="height: 22px">
<td style="height: 22px;width: 409.333px"><a href="https://www.juntadeandalucia.es/educacion/secretariavirtual/consultaCEP/actividad/202320GE039/" target="_blank" rel="noopener noreferrer">CIL &#8211; Currículo integrado de las lenguas</a></p>
<p>Código: 202320GE039</td>
<td style="height: 22px;width: 54.6667px">CEP Úbeda</td>
<td style="height: 22px;width: 212px">08/01/2020 hasta 03/02/2020</td>
</tr>
<tr style="height: 22px">
<td style="height: 22px;width: 409.333px"><a href="https://www.juntadeandalucia.es/educacion/secretariavirtual/consultaCEP/?C_EDIACTFOR=209918PI002" target="_blank" rel="noopener noreferrer">Módulo básico: Taller de elaboración de proyectos Erasmus</a></p>
<p>Código: 209918PI002</td>
<td style="height: 22px;width: 54.6667px">CEP Jaén</td>
<td style="height: 22px;width: 212px">28/11/2019 hasta 03/12/2019</td>
</tr>
<tr style="height: 22px">
<td style="height: 22px;width: 409.333px"><a href="http://www.juntadeandalucia.es/educacion/portals/web/cep-jaen/cursos" target="_blank" rel="noopener noreferrer">Jornadas iniciales Erasmus+</a></p>
<p>Código: 202318GE100</td>
<td style="height: 22px;width: 54.6667px">CEP Jaén</p>
<p>(IFEJA)</td>
<td style="height: 22px;width: 212px">07/11/2019 hasta 22/11/2019</td>
</tr>
<tr style="height: 22px">
<td style="height: 22px;width: 409.333px"><a href="http://www.juntadeandalucia.es/educacion/portals/web/cep-jaen/cursos" target="_blank" rel="noopener noreferrer">Jornada regional Erasmus+ para Formación Profesional</a></p>
<p>Código: 202318GE200</td>
<td style="height: 22px;width: 54.6667px">CEP Jaén</p>
<p>(IFEJA)</td>
<td style="height: 22px;width: 212px">07/11/2019 hasta 24/11/2019</td>
</tr>
<tr style="height: 22px">
<td style="height: 22px;width: 409.333px"><a href="http://www.juntadeandalucia.es/educacion/portals/web/cep-jaen/convocatorias-abiertas" target="_blank" rel="noopener noreferrer">Mejora de las destrezas orales en lengua inglesa.</a></p>
<p>Código: 202318GE060</td>
<td style="height: 22px;width: 54.6667px">CEP Jaén</td>
<td style="height: 22px;width: 212px">30/10/2019 hasta 15/11/2019</td>
</tr>
<tr style="height: 22px">
<td style="height: 22px;width: 409.333px"><a href="https://www.juntadeandalucia.es/educacion/secretariavirtual/consultaCEP/actividad/202320GE011/" target="_blank" rel="noopener noreferrer">Estrategias para la mejora de la expresión oral en lengua inglesa</a>. (Nivel 1)</p>
<p>Código: 202320GE011</td>
<td style="height: 22px;width: 54.6667px">CEP Úbeda</td>
<td style="height: 22px;width: 212px">&nbsp;30/10/2019 hasta 19/11/2019</td>
</tr>
<tr style="height: 22px">
<td style="height: 22px;width: 409.333px"><a href="https://www.juntadeandalucia.es/educacion/secretariavirtual/consultaCEP/actividad/202320GE009/" target="_blank" rel="noopener noreferrer">Estrategias para la mejora de la expresión oral en lengua inglesa</a> (Nivel 2)</p>
<p>Código: 202320GE009</td>
<td style="height: 22px;width: 54.6667px">CEP Úbeda</td>
<td style="height: 22px;width: 212px">30/10/2019 hasta 19/11/2019</td>
</tr>
<tr style="height: 22px">
<td style="height: 22px;width: 409.333px"><a href="http://www.juntadeandalucia.es/educacion/portals/web/cep-jaen/cursos" target="_blank" rel="noopener noreferrer">Claves organizativas y metodológicas de la enseñanza bilingüe</a>.</p>
<p>Código: 202318GE020</td>
<td style="height: 22px;width: 54.6667px">CEP Jaén</td>
<td style="height: 22px;width: 212px">03/10/2019 hasta 17/10/2019</td>
</tr>
<tr style="height: 22px">
<td style="height: 22px;width: 409.333px"><a href="http://www.juntadeandalucia.es/educacion/portals/web/cep-linares-andujar/cursos" target="_blank" rel="noopener noreferrer">Claves organizativas y metodológicas de la enseñanza bilingüe</a></p>
<p>Código: 202319GE025</td>
<td style="height: 22px;width: 54.6667px">CEP Andújar-Linares</td>
<td style="height: 22px;width: 212px">03/10/2019 hasta 25/10/2019</td>
</tr>
<tr style="height: 22px">
<td style="height: 22px;width: 409.333px"><a href="https://www.juntadeandalucia.es/educacion/secretariavirtual/consultaCEP/actividad/202320PR001/" target="_blank" rel="noopener noreferrer">E TWINNING/ ERASMUS+, E TWINNING LIVE, TWINSPACE</a></td>
<td style="height: 22px;width: 54.6667px">CEP Úbeda</td>
<td style="height: 22px;width: 212px">15/10/2019 hasta 08/11/2019</td>
</tr>
<tr style="height: 22px">
<td style="height: 22px;width: 409.333px"><a href="http://www.juntadeandalucia.es/educacion/portals/web/cep-linares-andujar/cursos" target="_blank" rel="noopener noreferrer">Jornada Trinity: el portfolio como herramienta para la enseñanza de la expresión escrita</a>.</p>
<p>Código: 209919PI011</td>
<td style="height: 22px;width: 54.6667px">CEP Linares-Andújar</td>
<td style="height: 22px;width: 212px">15/10/2019 hasta 06/11/2019</td>
</tr>
<tr style="height: 22px">
<td style="height: 22px;width: 409.333px"><a href="http://www.juntadeandalucia.es/educacion/portals/web/cep-linares-andujar/cursos" target="_blank" rel="noopener noreferrer">Mejora de las destrezas orales en lengua inglesa. Nivel medio</a>.</p>
<p>Código: 202319GE028&nbsp;</td>
<td style="height: 22px;width: 54.6667px">CEP Linares-Andújar</td>
<td style="height: 22px;width: 212px">08/10/2019 hasta 28/10/2019</td>
</tr>
<tr style="height: 22px">
<td style="height: 22px;width: 409.333px"><a href="http://www.juntadeandalucia.es/educacion/portals/web/cep-linares-andujar/cursos" target="_blank" rel="noopener noreferrer">Mejora de las destrezas orales en lengua inglesa. Nivel avanzado</a>.</p>
<p>Código: 202319GE029</td>
<td style="height: 22px;width: 54.6667px">CEP Linares-Andújar</td>
<td style="height: 22px;width: 212px">08/10/2019 hasta 28/10/2019</td>
</tr>
</tbody>
</table>
<p>&nbsp;</p>

<p>CURSO 2019/2020 Para obtener más detalles de los cursos, pulsa sobre el enlace. ACTIVIDAD FORMATIVA CEP FECHA INSCRIPCIÓN Jornada Cambridge. Planificación de una sesión AICLE. código: 209918PI016 CEP Jaén (Provincial) 28/01/2020 hasta 07/02/2020 CIL&#46;&#46;&#46;</p>
