{"id":2831,"date":"2019-01-16T07:19:38","date_gmt":"2019-01-16T07:19:38","guid":{"rendered":"https:\/\/blogsaverroes.juntadeandalucia.es\/plurilinguismodelegacionjaen\/?page_id=2831"},"modified":"2020-06-02T09:57:02","modified_gmt":"2020-06-02T09:57:02","slug":"virtual","status":"publish","type":"page","link":"https:\/\/blogsaverroes.juntadeandalucia.es\/plurilinguismodelegacionjaen\/virtual\/","title":{"rendered":"Virtual"},"content":{"rendered":"<p><span style=\"color: #ff0000\"><strong>CURSO 2019\/20<\/strong><\/span><\/p>\n<p><strong>Segunda convocatoria cursos INTEF 2020<\/strong><\/p>\n<table style=\"width: 766px\">\n<tbody>\n<tr style=\"height: 22.4px\">\n<td style=\"width: 348.1px;background-color: #c4c4c4;height: 22.4px\"><strong>CURSO<\/strong><\/td>\n<td style=\"width: 348.1px;background-color: #c4c4c4;height: 22.4px\"><strong>FECHA DE INSCRIPCI\u00d3N<\/strong><\/td>\n<\/tr>\n<tr style=\"height: 22px\">\n<td style=\"width: 348.1px;height: 22px\"><a href=\"http:\/\/www.educacionyfp.gob.es\/dam\/jcr:d50fa94c-016f-40de-86cb-8db08b3050a6\/04-ficha-intef-integra-etwinning-new.pdf\" target=\"_blank\" rel=\"noopener noreferrer\">Integra eTwinning (Nivel avanzado)<\/a><\/td>\n<td style=\"width: 370.9px;height: 22px\">Del 1 de junio de 2020 al 20 de junio de 2020<\/td>\n<\/tr>\n<tr style=\"height: 44px\">\n<td style=\"width: 348.1px;height: 44px\"><a href=\"http:\/\/www.educacionyfp.gob.es\/dam\/jcr:08ef2043-5ac3-4d6f-9b6c-2c51c274aeab\/08-ficha-intef-estrategias-aprendizaje-idiomas.pdf\" target=\"_blank\" rel=\"noopener noreferrer\">Actualizaci\u00f3n de estrategias en el aprendizaje integrado de idiomas<\/a><\/td>\n<td style=\"width: 370.9px;height: 44px\">Del 1 de junio de 2020 al 20 de junio de 2020<\/td>\n<\/tr>\n<\/tbody>\n<\/table>\n<p>&nbsp;<\/p>\n<p><strong>Tercera convocatoria regional 2019\/2020. AULA VIRTUAL DE FORMACI\u00d3N DEL PROFESORADO<\/strong><\/p>\n<table style=\"width: 766px\">\n<tbody>\n<tr>\n<td style=\"width: 352.283px;background-color: #c4c4c4\"><strong>CURSO<\/strong><\/td>\n<td style=\"width: 352.283px;background-color: #c4c4c4\"><strong>FECHA DE INSCRIPCI\u00d3N<\/strong><\/td>\n<\/tr>\n<tr>\n<td style=\"width: 352.283px\"><a href=\"https:\/\/www.juntadeandalucia.es\/educacion\/secretariavirtual\/consultaCEP\/actividad\/201104MDFP036\/\" target=\"_blank\" rel=\"noopener noreferrer\">Gesti\u00f3n de proyectos Erasmus+ de Formaci\u00f3n Profesional en centros docentes andaluces<\/a><\/td>\n<td style=\"width: 368.717px\">Desde el 6 de abril de 2020 hasta el 22 de abril de 2020<\/td>\n<\/tr>\n<\/tbody>\n<\/table>\n<p><strong>Segunda convocatoria regional 2019\/2020. AULA VIRTUAL DE FORMACI\u00d3N DEL PROFESORADO<\/strong><\/p>\n<table style=\"width: 766px\">\n<tbody>\n<tr style=\"background-color: #c4c4c4\">\n<td style=\"width: 352px\"><strong>CURSO<\/strong><\/td>\n<td style=\"width: 365.933px\"><strong>FECHA DE INSCRIPCI\u00d3N<\/strong><\/td>\n<\/tr>\n<tr>\n<td style=\"width: 352px\"><a href=\"https:\/\/www.juntadeandalucia.es\/educacion\/secretariavirtual\/consultaCEP\/actividad\/20Q9932AV168\/\" target=\"_blank\" rel=\"noopener noreferrer\">La ense\u00f1anza biling\u00fce II: Profundizaci\u00f3n en la metodolog\u00eda AICLE<\/a><\/td>\n<td style=\"width: 365.933px\">Desde el 13 de enero de 2020 a las 15:00 horas al 16 de enero de 2020 a las 15:00h<\/td>\n<\/tr>\n<\/tbody>\n<\/table>\n<p><strong>Cursos de Formaci\u00f3n en Red del Profesorado. Convocatoria 2020 &#8211; 1\u00aa Edici\u00f3n&nbsp;<\/strong><\/p>\n<table style=\"width: 766px\">\n<tbody>\n<tr style=\"background-color: #c4c4c4\">\n<td style=\"width: 352px\"><strong>CURSO<\/strong><\/td>\n<td style=\"width: 332.55px\"><strong>FECHA DE INSCRIPCI\u00d3N<\/strong><\/td>\n<\/tr>\n<tr>\n<td style=\"width: 352px\"><a href=\"http:\/\/www.educacionyfp.gob.es\/dam\/jcr:43ff68b5-1bbe-458e-a7ff-85346bb21e51\/06-ficha-intef-portafolio-educativo.pdf\" target=\"_blank\" rel=\"noopener noreferrer\">El portafolio educativo como instrumento de aprendizaje y evaluaci\u00f3n<\/a><\/td>\n<td style=\"width: 332.55px\">Desde el 09 de enero de 2020 a las 00:00 hasta el 28 de enero de 2020 a las 23:59.<\/td>\n<\/tr>\n<tr>\n<td style=\"width: 352px\"><a href=\"http:\/\/www.educacionyfp.gob.es\/dam\/jcr:d6309dee-74a0-4db0-9336-8b6e21ea5848\/11-ficha-intef-etwinning.pdf\" target=\"_blank\" rel=\"noopener noreferrer\">Proyecta eTwinning (Nivel inicial)<\/a><\/td>\n<td style=\"width: 332.55px\">Desde el 09 de enero de 2020 a las 00:00 hasta el 28 de enero de 2020 a las 23:59.<\/td>\n<\/tr>\n<\/tbody>\n<\/table>\n<p><strong>Primera convocatoria regional 2019\/2020. AULA VIRTUAL DE FORMACI\u00d3N DEL PROFESORADO<br \/>\n<\/strong><\/p>\n<table style=\"width: 766px\">\n<tbody>\n<tr style=\"background-color: #c4c4c4;height: 22px\">\n<td style=\"width: 425.417px\"><strong>CURSO<\/strong><\/td>\n<td style=\"width: 285.583px\"><strong>FECHA INSCRIPCI\u00d3N<\/strong><\/td>\n<\/tr>\n<tr>\n<td style=\"width: 425.417px\"><a href=\"https:\/\/www.juntadeandalucia.es\/educacion\/secretariavirtual\/consultaCEP\/actividad\/20K9913AV062\/\" target=\"_blank\" rel=\"noopener noreferrer\">La ense\u00f1anza biling\u00fce: AICLE I<\/a><\/td>\n<td style=\"width: 285.583px\">Del 14 de octubre a las 15:00 horas al 17 de octubre de 2019 a las 15:00h.<\/td>\n<\/tr>\n<tr>\n<td style=\"width: 425.417px\"><a href=\"https:\/\/www.juntadeandalucia.es\/educacion\/secretariavirtual\/consultaCEP\/actividad\/20K9920AV166\/\" target=\"_blank\" rel=\"noopener noreferrer\">El MCERL en la programaci\u00f3n de aula de las \u00e1reas no ling\u00fc\u00edsticas<\/a><\/td>\n<td style=\"width: 285.583px\">Del 14 de octubre a las 15:00 horas al 17 de octubre de 2019 a las 15:00h.<\/td>\n<\/tr>\n<tr>\n<td style=\"width: 425.417px\"><a href=\"https:\/\/www.juntadeandalucia.es\/educacion\/secretariavirtual\/consultaCEP\/actividad\/20K9926AV039\/\" target=\"_blank\" rel=\"noopener noreferrer\">El MCERL en la programaci\u00f3n de aula de las \u00e1reas ling\u00fc\u00edsticas<\/a><\/td>\n<td style=\"width: 285.583px\">Del 14 de octubre a las 15:00 horas al 17 de octubre de 2019 a las 15:00h.<\/td>\n<\/tr>\n<tr>\n<td style=\"width: 425.417px\"><a href=\"https:\/\/www.juntadeandalucia.es\/educacion\/secretariavirtual\/consultaCEP\/actividad\/20K9931AV009\/\" target=\"_blank\" rel=\"noopener noreferrer\">Atenci\u00f3n al alumando con NEAE en centros biling\u00fces<\/a><\/td>\n<td style=\"width: 285.583px\">Del 14 de octubre a las 15:00 horas al 17 de octubre de 2019 a las 15:00h.<\/td>\n<\/tr>\n<tr>\n<td style=\"width: 425.417px\"><a href=\"https:\/\/www.juntadeandalucia.es\/educacion\/secretariavirtual\/consultaCEP\/actividad\/20K9932AV168\/\" target=\"_blank\" rel=\"noopener noreferrer\">La ense\u00f1anza biling\u00fce II: Profundizaci\u00f3n en la metodolog\u00eda AICLE<\/a><\/td>\n<td style=\"width: 285.583px\">Del 14 de octubre a las 15:00 horas al 17 de octubre de 2019 a las 15:00h.<\/td>\n<\/tr>\n<\/tbody>\n<\/table>\n<p><strong>CURSOS POSTGRADO UNED<\/strong><\/p>\n<table style=\"width: 743px\">\n<tbody>\n<tr style=\"background-color: #c4c4c4;height: 22px\">\n<td style=\"height: 22px;width: 419.933px\"><strong>CURSO<\/strong><\/td>\n<td style=\"height: 22px;width: 277.067px\"><strong>FECHA INSCRIPCI\u00d3N<\/strong><\/td>\n<\/tr>\n<tr style=\"height: 44px\">\n<td style=\"height: 44px;width: 419.933px\"><a href=\"https:\/\/formacionpermanente.uned.es\/tp_actividad\/idactividad\/10977\" target=\"_blank\" rel=\"noopener noreferrer\">Acciones Educativas de Espa\u00f1a en el Exterior<\/a><\/td>\n<td style=\"height: 44px;width: 277.067px\">Del 6 de septiembre al 15 de noviembre de 2019<\/td>\n<\/tr>\n<tr style=\"height: 44px\">\n<td style=\"height: 44px;width: 419.933px\"><a href=\"https:\/\/formacionpermanente.uned.es\/tp_actividad\/idactividad\/11042\" target=\"_blank\" rel=\"noopener noreferrer\">Aprendizaje Integrado de Contenidos y Lenguas Extranjeras: Metodolog\u00eda CLIL<\/a>.<\/td>\n<td style=\"height: 44px;width: 277.067px\">Del 6 de septiembre al 15 de noviembre de 2019<\/td>\n<\/tr>\n<tr style=\"height: 44px\">\n<td style=\"height: 44px;width: 419.933px\"><a href=\"https:\/\/formacionpermanente.uned.es\/tp_actividad\/idactividad\/11089\" target=\"_blank\" rel=\"noopener noreferrer\">Curso de Pronunciaci\u00f3n Inglesa para Formaci\u00f3n de Profesorado<\/a><\/td>\n<td style=\"height: 44px;width: 277.067px\">Del 6 de septiembre al 15 de noviembre de 2019<\/td>\n<\/tr>\n<tr style=\"height: 44px\">\n<td style=\"height: 44px;width: 419.933px\"><a href=\"https:\/\/formacionpermanente.uned.es\/tp_actividad\/idactividad\/11043\" target=\"_blank\" rel=\"noopener noreferrer\">Desarrollo de destrezas ling\u00fc\u00edsticas en ingl\u00e9s para profesores AICLE\/CLIL<\/a><\/td>\n<td style=\"height: 44px;width: 277.067px\">Del 6 de septiembre al 15 de noviembre de 2019<\/td>\n<\/tr>\n<tr style=\"height: 44px\">\n<td style=\"height: 44px;width: 419.933px\"><a href=\"https:\/\/formacionpermanente.uned.es\/tp_actividad\/idactividad\/10985\" target=\"_blank\" rel=\"noopener noreferrer\">Ingl\u00e9s. Curso de Perfeccionamiento para Profesores<\/a><\/td>\n<td style=\"height: 44px;width: 277.067px\">Del 6 de septiembre al 15 de noviembre de 2019<\/td>\n<\/tr>\n<tr style=\"height: 44.4px\">\n<td style=\"height: 44.4px;width: 419.933px\"><a href=\"https:\/\/formacionpermanente.uned.es\/tp_actividad\/idactividad\/11044\" target=\"_blank\" rel=\"noopener noreferrer\">Iniciaci\u00f3n al Biling\u00fcismo y a la Educaci\u00f3n Biling\u00fce para Profesores de Ense\u00f1anza Primaria y Secundaria<\/a><\/td>\n<td style=\"height: 44.4px;width: 277.067px\">Del 6 de septiembre al 15 de noviembre de 2019<\/td>\n<\/tr>\n<\/tbody>\n<\/table>\n<p>&nbsp;<\/p>\n","protected":false},"excerpt":{"rendered":"<p>CURSO 2019\/20 Segunda convocatoria cursos INTEF 2020 CURSO FECHA DE INSCRIPCI\u00d3N Integra eTwinning (Nivel avanzado) Del 1 de junio de 2020 al 20 de junio de 2020 Actualizaci\u00f3n de estrategias en el aprendizaje integrado&#46;&#46;&#46;<\/p>\n","protected":false},"author":6890,"featured_media":0,"parent":0,"menu_order":0,"comment_status":"closed","ping_status":"closed","template":"","meta":{"ngg_post_thumbnail":0,"footnotes":"","_mc_calendar":[]},"aioseo_notices":[],"_links":{"self":[{"href":"https:\/\/blogsaverroes.juntadeandalucia.es\/plurilinguismodelegacionjaen\/wp-json\/wp\/v2\/pages\/2831"}],"collection":[{"href":"https:\/\/blogsaverroes.juntadeandalucia.es\/plurilinguismodelegacionjaen\/wp-json\/wp\/v2\/pages"}],"about":[{"href":"https:\/\/blogsaverroes.juntadeandalucia.es\/plurilinguismodelegacionjaen\/wp-json\/wp\/v2\/types\/page"}],"author":[{"embeddable":true,"href":"https:\/\/blogsaverroes.juntadeandalucia.es\/plurilinguismodelegacionjaen\/wp-json\/wp\/v2\/users\/6890"}],"replies":[{"embeddable":true,"href":"https:\/\/blogsaverroes.juntadeandalucia.es\/plurilinguismodelegacionjaen\/wp-json\/wp\/v2\/comments?post=2831"}],"version-history":[{"count":20,"href":"https:\/\/blogsaverroes.juntadeandalucia.es\/plurilinguismodelegacionjaen\/wp-json\/wp\/v2\/pages\/2831\/revisions"}],"predecessor-version":[{"id":3874,"href":"https:\/\/blogsaverroes.juntadeandalucia.es\/plurilinguismodelegacionjaen\/wp-json\/wp\/v2\/pages\/2831\/revisions\/3874"}],"wp:attachment":[{"href":"https:\/\/blogsaverroes.juntadeandalucia.es\/plurilinguismodelegacionjaen\/wp-json\/wp\/v2\/media?parent=2831"}],"curies":[{"name":"wp","href":"https:\/\/api.w.org\/{rel}","templated":true}]}}