{"id":3020,"date":"2019-02-13T07:44:19","date_gmt":"2019-02-13T07:44:19","guid":{"rendered":"https:\/\/blogsaverroes.juntadeandalucia.es\/plurilinguismodelegacionjaen\/?page_id=3020"},"modified":"2024-06-10T09:26:54","modified_gmt":"2024-06-10T09:26:54","slug":"articulos-y-libros","status":"publish","type":"page","link":"https:\/\/blogsaverroes.juntadeandalucia.es\/plurilinguismodelegacionjaen\/articulos-y-libros\/","title":{"rendered":"Art\u00edculos, libros y estudios"},"content":{"rendered":"<table style=\"border-collapse: collapse;width: 92.4553%;height: 23px\">\n<tbody>\n<tr style=\"height: 23px\">\n<td style=\"width: 8.39702%;height: 23px\"><a href=\"http:\/\/www.tesl-ej.org\/wordpress\/issues\/volume25\/ej97\/ej97a17\/\"><img loading=\"lazy\" decoding=\"async\" class=\"alignnone size-medium wp-image-3009\" src=\"https:\/\/blogsaverroes.juntadeandalucia.es\/plurilinguismodelegacionjaen\/files\/2019\/02\/button-298x300.png\" alt=\"\" width=\"298\" height=\"300\" srcset=\"https:\/\/blogsaverroes.juntadeandalucia.es\/plurilinguismodelegacionjaen\/files\/2019\/02\/button-298x300.png 298w, https:\/\/blogsaverroes.juntadeandalucia.es\/plurilinguismodelegacionjaen\/files\/2019\/02\/button-150x150.png 150w, https:\/\/blogsaverroes.juntadeandalucia.es\/plurilinguismodelegacionjaen\/files\/2019\/02\/button-100x100.png 100w, https:\/\/blogsaverroes.juntadeandalucia.es\/plurilinguismodelegacionjaen\/files\/2019\/02\/button-24x24.png 24w, https:\/\/blogsaverroes.juntadeandalucia.es\/plurilinguismodelegacionjaen\/files\/2019\/02\/button-36x36.png 36w, https:\/\/blogsaverroes.juntadeandalucia.es\/plurilinguismodelegacionjaen\/files\/2019\/02\/button-48x48.png 48w, https:\/\/blogsaverroes.juntadeandalucia.es\/plurilinguismodelegacionjaen\/files\/2019\/02\/button-50x50.png 50w, https:\/\/blogsaverroes.juntadeandalucia.es\/plurilinguismodelegacionjaen\/files\/2019\/02\/button.png 524w\" sizes=\"(max-width: 298px) 100vw, 298px\" \/><\/a><\/td>\n<td style=\"width: 84.5015%;height: 23px\">Art\u00edculo: <strong>\u00bb On the Development of a CLIL Textbook Evaluation Checklist: A Focus Group Study\u00bb<\/strong>. Beatriz L\u00f3pez Medina, Universidad Complutense de Madrid.<\/td>\n<\/tr>\n<\/tbody>\n<\/table>\n<table style=\"width: 724px\">\n<tbody>\n<tr>\n<td style=\"width: 58.6833px\"><a href=\"https:\/\/issuu.com\/tognaco\/docs\/todo__lo__que_quiso\" target=\"_blank\" rel=\"noopener noreferrer\"><img loading=\"lazy\" decoding=\"async\" class=\"alignnone size-medium wp-image-3009\" src=\"https:\/\/blogsaverroes.juntadeandalucia.es\/plurilinguismodelegacionjaen\/files\/2019\/02\/button-298x300.png\" alt=\"\" width=\"298\" height=\"300\" srcset=\"https:\/\/blogsaverroes.juntadeandalucia.es\/plurilinguismodelegacionjaen\/files\/2019\/02\/button-298x300.png 298w, https:\/\/blogsaverroes.juntadeandalucia.es\/plurilinguismodelegacionjaen\/files\/2019\/02\/button-150x150.png 150w, https:\/\/blogsaverroes.juntadeandalucia.es\/plurilinguismodelegacionjaen\/files\/2019\/02\/button-100x100.png 100w, https:\/\/blogsaverroes.juntadeandalucia.es\/plurilinguismodelegacionjaen\/files\/2019\/02\/button-24x24.png 24w, https:\/\/blogsaverroes.juntadeandalucia.es\/plurilinguismodelegacionjaen\/files\/2019\/02\/button-36x36.png 36w, https:\/\/blogsaverroes.juntadeandalucia.es\/plurilinguismodelegacionjaen\/files\/2019\/02\/button-48x48.png 48w, https:\/\/blogsaverroes.juntadeandalucia.es\/plurilinguismodelegacionjaen\/files\/2019\/02\/button-50x50.png 50w, https:\/\/blogsaverroes.juntadeandalucia.es\/plurilinguismodelegacionjaen\/files\/2019\/02\/button.png 524w\" sizes=\"(max-width: 298px) 100vw, 298px\" \/><\/a><\/td>\n<td style=\"width: 621.317px\">Art\u00edculo: \u00ab<strong>Todo &nbsp;lo &nbsp;que &nbsp;siempre &nbsp;quiso &nbsp;saber &nbsp;sobre &nbsp;AICLE&nbsp; y &nbsp;nunca &nbsp;se &nbsp;atrevi\u00f3 &nbsp;a &nbsp;preguntar<\/strong>\u00ab. V\u00edctor &nbsp;Pav\u00f3n &nbsp;V\u00e1zquez. Universidad &nbsp;de &nbsp;C\u00f3rdoba&nbsp;<\/td>\n<\/tr>\n<tr>\n<td style=\"width: 58.6833px\"><a href=\"https:\/\/blogsaverroes.juntadeandalucia.es\/plurilinguismodelegacionjaen\/files\/2020\/02\/qu\u00e9-es-la-metodolog\u00eda-AICLE.pdf\" target=\"_blank\" rel=\"noopener noreferrer\"><img loading=\"lazy\" decoding=\"async\" class=\"alignnone wp-image-3009 size-medium\" src=\"https:\/\/blogsaverroes.juntadeandalucia.es\/plurilinguismodelegacionjaen\/files\/2019\/02\/button-298x300.png\" alt=\"\" width=\"298\" height=\"300\" srcset=\"https:\/\/blogsaverroes.juntadeandalucia.es\/plurilinguismodelegacionjaen\/files\/2019\/02\/button-298x300.png 298w, https:\/\/blogsaverroes.juntadeandalucia.es\/plurilinguismodelegacionjaen\/files\/2019\/02\/button-150x150.png 150w, https:\/\/blogsaverroes.juntadeandalucia.es\/plurilinguismodelegacionjaen\/files\/2019\/02\/button-100x100.png 100w, https:\/\/blogsaverroes.juntadeandalucia.es\/plurilinguismodelegacionjaen\/files\/2019\/02\/button-24x24.png 24w, https:\/\/blogsaverroes.juntadeandalucia.es\/plurilinguismodelegacionjaen\/files\/2019\/02\/button-36x36.png 36w, https:\/\/blogsaverroes.juntadeandalucia.es\/plurilinguismodelegacionjaen\/files\/2019\/02\/button-48x48.png 48w, https:\/\/blogsaverroes.juntadeandalucia.es\/plurilinguismodelegacionjaen\/files\/2019\/02\/button-50x50.png 50w, https:\/\/blogsaverroes.juntadeandalucia.es\/plurilinguismodelegacionjaen\/files\/2019\/02\/button.png 524w\" sizes=\"(max-width: 298px) 100vw, 298px\" \/><\/a><\/td>\n<td style=\"width: 621.317px\">Art\u00edculo: <strong>Aprendizaje integrado de contenidos y Lenguas Extranjeras (AICLE)<\/strong>. M\u00aa Elvira Barrios Espinosa<\/td>\n<\/tr>\n<tr>\n<td style=\"width: 58.6833px\"><a href=\"https:\/\/www.amazon.es\/CLIL-Do-Coyle\/dp\/0521130212\/ref=sr_1_1?ie=UTF8&amp;qid=1550217703&amp;sr=8-1&amp;keywords=clil+do+coyle\" target=\"_blank\" rel=\"noopener noreferrer\"><img loading=\"lazy\" decoding=\"async\" class=\"alignnone size-medium wp-image-3009\" src=\"https:\/\/blogsaverroes.juntadeandalucia.es\/plurilinguismodelegacionjaen\/files\/2019\/02\/button-298x300.png\" alt=\"\" width=\"298\" height=\"300\" srcset=\"https:\/\/blogsaverroes.juntadeandalucia.es\/plurilinguismodelegacionjaen\/files\/2019\/02\/button-298x300.png 298w, https:\/\/blogsaverroes.juntadeandalucia.es\/plurilinguismodelegacionjaen\/files\/2019\/02\/button-150x150.png 150w, https:\/\/blogsaverroes.juntadeandalucia.es\/plurilinguismodelegacionjaen\/files\/2019\/02\/button-100x100.png 100w, https:\/\/blogsaverroes.juntadeandalucia.es\/plurilinguismodelegacionjaen\/files\/2019\/02\/button-24x24.png 24w, https:\/\/blogsaverroes.juntadeandalucia.es\/plurilinguismodelegacionjaen\/files\/2019\/02\/button-36x36.png 36w, https:\/\/blogsaverroes.juntadeandalucia.es\/plurilinguismodelegacionjaen\/files\/2019\/02\/button-48x48.png 48w, https:\/\/blogsaverroes.juntadeandalucia.es\/plurilinguismodelegacionjaen\/files\/2019\/02\/button-50x50.png 50w, https:\/\/blogsaverroes.juntadeandalucia.es\/plurilinguismodelegacionjaen\/files\/2019\/02\/button.png 524w\" sizes=\"(max-width: 298px) 100vw, 298px\" \/><\/a><\/td>\n<td style=\"width: 621.317px\">Libro: \u00ab<strong>C.L.I.L. Content and Language Integrated Learning<\/strong>\u00ab. Do Coyle, Philip Hood, David Marsh.<\/td>\n<\/tr>\n<tr>\n<td style=\"width: 58.6833px\"><a href=\"https:\/\/www.amazon.es\/Foundations-Dual-Language-Instruction-English-ebook\/dp\/B008CGCMN2\/ref=sr_1_sc_1?ie=UTF8&amp;qid=1550217789&amp;sr=8-1-spell&amp;keywords=The+fundation+fo+Dual+Language+instruction\" target=\"_blank\" rel=\"noopener noreferrer\"><img loading=\"lazy\" decoding=\"async\" class=\"alignnone size-medium wp-image-3009\" src=\"https:\/\/blogsaverroes.juntadeandalucia.es\/plurilinguismodelegacionjaen\/files\/2019\/02\/button-298x300.png\" alt=\"\" width=\"298\" height=\"300\" srcset=\"https:\/\/blogsaverroes.juntadeandalucia.es\/plurilinguismodelegacionjaen\/files\/2019\/02\/button-298x300.png 298w, https:\/\/blogsaverroes.juntadeandalucia.es\/plurilinguismodelegacionjaen\/files\/2019\/02\/button-150x150.png 150w, https:\/\/blogsaverroes.juntadeandalucia.es\/plurilinguismodelegacionjaen\/files\/2019\/02\/button-100x100.png 100w, https:\/\/blogsaverroes.juntadeandalucia.es\/plurilinguismodelegacionjaen\/files\/2019\/02\/button-24x24.png 24w, https:\/\/blogsaverroes.juntadeandalucia.es\/plurilinguismodelegacionjaen\/files\/2019\/02\/button-36x36.png 36w, https:\/\/blogsaverroes.juntadeandalucia.es\/plurilinguismodelegacionjaen\/files\/2019\/02\/button-48x48.png 48w, https:\/\/blogsaverroes.juntadeandalucia.es\/plurilinguismodelegacionjaen\/files\/2019\/02\/button-50x50.png 50w, https:\/\/blogsaverroes.juntadeandalucia.es\/plurilinguismodelegacionjaen\/files\/2019\/02\/button.png 524w\" sizes=\"(max-width: 298px) 100vw, 298px\" \/><\/a><\/td>\n<td style=\"width: 621.317px\">Libro: \u00ab<strong>Foundations of Dual Language Instruction<\/strong>\u00ab. Judith Lessow-Hurley.<\/td>\n<\/tr>\n<tr>\n<td style=\"width: 58.6833px\"><a href=\"https:\/\/www.fnac.es\/mp1540630\/Clil-Across-Educational-Levels-Richmond\" target=\"_blank\" rel=\"noopener noreferrer\"><img loading=\"lazy\" decoding=\"async\" class=\"alignnone size-medium wp-image-3009\" src=\"https:\/\/blogsaverroes.juntadeandalucia.es\/plurilinguismodelegacionjaen\/files\/2019\/02\/button-298x300.png\" alt=\"\" width=\"298\" height=\"300\" srcset=\"https:\/\/blogsaverroes.juntadeandalucia.es\/plurilinguismodelegacionjaen\/files\/2019\/02\/button-298x300.png 298w, https:\/\/blogsaverroes.juntadeandalucia.es\/plurilinguismodelegacionjaen\/files\/2019\/02\/button-150x150.png 150w, https:\/\/blogsaverroes.juntadeandalucia.es\/plurilinguismodelegacionjaen\/files\/2019\/02\/button-100x100.png 100w, https:\/\/blogsaverroes.juntadeandalucia.es\/plurilinguismodelegacionjaen\/files\/2019\/02\/button-24x24.png 24w, https:\/\/blogsaverroes.juntadeandalucia.es\/plurilinguismodelegacionjaen\/files\/2019\/02\/button-36x36.png 36w, https:\/\/blogsaverroes.juntadeandalucia.es\/plurilinguismodelegacionjaen\/files\/2019\/02\/button-48x48.png 48w, https:\/\/blogsaverroes.juntadeandalucia.es\/plurilinguismodelegacionjaen\/files\/2019\/02\/button-50x50.png 50w, https:\/\/blogsaverroes.juntadeandalucia.es\/plurilinguismodelegacionjaen\/files\/2019\/02\/button.png 524w\" sizes=\"(max-width: 298px) 100vw, 298px\" \/><\/a><\/td>\n<td style=\"width: 621.317px\">Libro: \u00ab<strong>CLIL Across Educational Levels<\/strong>\u00ab. Emma Dafouz-Milne.<\/td>\n<\/tr>\n<\/tbody>\n<\/table>\n<p><strong>Art\u00edculos de prensa<\/strong><\/p>\n<p><em><a href=\"https:\/\/portalcomunicacion.uah.es\/diario-digital\/entrevista\/una-profesora-de-la-uah-propone-un-nuevo-enfoque-para-ensenar-lenguas-extranjeras?n=3\" target=\"_blank\" rel=\"noopener noreferrer\">Una profesora de la UAH propone un nuevo enfoque para ense\u00f1ar lenguas extranjeras.<\/a>&nbsp;The Literacy Approach to Teaching Foreign Languages<\/em>&nbsp;es el libro publicado por la profesora del Departamento de Filolog\u00eda Moderna de la Universidad de Alcal\u00e1, Ana Halbach, en el que propone un nuevo enfoque para la ense\u00f1anza de lenguas extranjeras que ha sido desarrollado y probado con numerosos docentes de ingl\u00e9s en primaria y secundaria, tanto en Espa\u00f1a como en Polonia y Eslovenia. Portal de Comunicaci\u00f3n de la Universidad de Alcal\u00e1 de Henares, 17 de mayo de 2022.<\/p>\n<p><em><a href=\"https:\/\/blogsaverroes.juntadeandalucia.es\/plurilinguismoalmeria\/files\/2022\/03\/tecla_CLIL_jesusmhernandezglez.pdf\">El sombrero pensante de AICLE.<\/a>&nbsp;<\/em>Una t\u00e9cnica pedag\u00f3gica para reflexionar sobre el posicionamiento del docente AICLE cuando implementa este enfoque en su aula. Jes\u00fas Manuel Hern\u00e1ndez Gonz\u00e1lez en TECLA, Revista de la Consejer\u00eda de Educaci\u00f3n en el Reino Unido e Irlanda, 2022.<\/p>\n<p><a href=\"https:\/\/theconversation.com\/educacion-bilingue-no-hay-que-abandonar-sino-mejorar-169709\"><em>Educaci\u00f3n biling\u00fce: no hay que abandonar, sino mejorar.<\/em><\/a>&nbsp;La educaci\u00f3n biling\u00fce ha venido para quedarse, pero, como todos los procesos complejos, necesita reflexi\u00f3n y revisi\u00f3n para poder seguir progresando. Mar\u00eda Dolores L\u00f3pez Navas en The Conversation, 29 de noviembre de 2021.<\/p>\n<p><em><a href=\"https:\/\/www.magisnet.com\/2021\/11\/ensenanza-bilingue-educacion-o-politica\/\" target=\"_blank\" rel=\"noopener noreferrer\">Ense\u00f1anza biling\u00fce: \u00bfEducaci\u00f3n o pol\u00edtica?<\/a><\/em>&nbsp;Los responsables de Educaci\u00f3n de algunos medios de comunicaci\u00f3n de tirada nacional se equivocan. Deber\u00edan saber que la ense\u00f1anza biling\u00fce no tiene ideolog\u00eda. Xavier Gisbert en Magisterio, 29 de noviembre de 2021.<\/p>\n<p><a href=\"https:\/\/www.granadahoy.com\/granada\/investigadora-Universidad-Granada-Nuria-Rico_0_1631537308.html\" target=\"_blank\" rel=\"noopener noreferrer\"><em>La investigadora de la Universidad de Granada Nuria Rico, premiada por un estudio sobre biling\u00fcismo y equidad.<\/em><\/a>&nbsp;El trabajo ha sido reconocido por la Asociaci\u00f3n Americana de Ling\u00fc\u00edstica Aplicada (AAAL). Granada Hoy, 23 de noviembre de 2021.<\/p>\n<p><a href=\"https:\/\/www.msn.com\/es-mx\/noticias\/otras\/estudiar-en-dos-idiomas-para-estar-mejor-preparados-para-el-siglo-xxi\/vi-AAPkWfN?ocid=st\" target=\"_blank\" rel=\"noopener noreferrer\"><em>Estudiar en dos idiomas para estar mejor preparados para el siglo XXI.<\/em><\/a>&nbsp;Los egresados que cursan programas biling\u00fces salen mejor preparados para el siglo XXI que quienes lo hacen en programas monoling\u00fces. EFE, 10 de octubre de 2021.<\/p>\n<p><em><a href=\"https:\/\/www.rtve.es\/noticias\/20210904\/colegios-bilingues-analisis-funcionamiento-expertos\/2157041.shtml\" target=\"_blank\" rel=\"noopener noreferrer\">La ense\u00f1anza biling\u00fce, a examen: una \u00abchapuza\u00bb para unos y \u00abplus\u00bb formativo para otros<\/a>.<\/em>&nbsp;Expertos, docentes y familias analizan el funcionamiento de un sistema que cuenta con 17 a\u00f1os de historia en Espa\u00f1a. RTVE, 4 de septiembre de 2021.<\/p>\n<p><a href=\"https:\/\/elpais.com\/educacion\/2021-07-14\/los-defensores-del-bilinguismo-es-un-error-pensar-que-los-ninos-hablaran-el-ingles-como-el-espanol.html\" target=\"_blank\" rel=\"noopener noreferrer\"><em>Los defensores del biling\u00fcismo: es un error pensar que los ni\u00f1os hablar\u00e1n el ingl\u00e9s como el espa\u00f1ol.<\/em><\/a>&nbsp;Profesores de la red p\u00fablica y expertos defienden los avances en el nivel de ingl\u00e9s de las nuevas generaciones y se\u00f1alan que el objetivo es que se defiendan en esa lengua en el \u00e1mbito laboral, no que la dominen a la perfecci\u00f3n. El Pa\u00eds, 14 de julio de 2021.<\/p>\n<p><em><a href=\"https:\/\/www.niusdiario.es\/sociedad\/educacion\/aprender-ingles-escuelas-programas-bilingues_18_3091995039.html\" target=\"_blank\" rel=\"noopener noreferrer\">\u00bfSe aprende ingl\u00e9s realmente en las escuelas con el programa biling\u00fce?<\/a><\/em>&nbsp;Los autores defienden la efectividad de la ense\u00f1anza biling\u00fce siempre y cuando se imparta con los adecuados niveles de calidad. Virginia Vinuesa Ben\u00edtez y Xavier Gisbert da Cruz en NIUS Diario, 15 de febrero de 2021.<\/p>\n<p><a href=\"https:\/\/www.abc.es\/familia\/educacion\/abci-bilinguismo-cuanto-antes-mejor-201705220122_noticia.html\" target=\"_blank\" rel=\"noopener noreferrer\"><em>Biling\u00fcismo: cuanto antes, mejor.<\/em><\/a>&nbsp;Numerosos estudios han demostrado que los ni\u00f1os biling\u00fces poseen un cerebro m\u00e1s flexible y activo que les ayuda a concentrarse mejor. ABC, 22 de mayo de 2017.<\/p>\n<hr>\n<p><strong>Art\u00edculos de investigaci\u00f3n<\/strong><\/p>\n<p><em>The comprehending teacher: scaffolding in content and language integrated learning (CLIL).<\/em>&nbsp;Karina Rose Mahan, 27 January 2020.&nbsp;<a href=\"https:\/\/blogsaverroes.juntadeandalucia.es\/plurilinguismoalmeria\/files\/2021\/11\/CLIL_scaffolding_2019.pdf\" target=\"_blank\" rel=\"noopener noreferrer\">Descargar PDF<\/a><\/p>\n<p><em>Mitos y realidades de la ense\u00f1anza biling\u00fce.<\/em>&nbsp;Virginia Vinuesa y Elvira Izquierdo, 24 junio 2019.&nbsp;<a href=\"https:\/\/www.revistaespacios.com\/a19v40n21\/a19v40n21p18.pdf\" target=\"_blank\" rel=\"noopener noreferrer\">Descargar PDF<\/a><\/p>\n<p><em>The contribution of CLIL to learners\u2019 international orientation and EFL confidence.<\/em>&nbsp;Jos\u00e9 Goris, Eddie Denessen &amp; Ludo Verhoeven, 07 March 2017.&nbsp;<a href=\"https:\/\/blogsaverroes.juntadeandalucia.es\/plurilinguismoalmeria\/files\/2021\/11\/CLIL_EFL_confidence_2016.pdf\" target=\"_blank\" rel=\"noopener noreferrer\">Descargar PDF<\/a><\/p>\n<p><em>From the CLIL craze to the CLIL conundrum: Addressing the current CLIL controversy.<\/em>&nbsp;Mar\u00eda Luisa P\u00e9rez Ca\u00f1ado, 31 March 2016.&nbsp;<a href=\"https:\/\/blogsaverroes.juntadeandalucia.es\/plurilinguismoalmeria\/files\/2021\/11\/CLIL_controversy_20160401.pdf\" target=\"_blank\" rel=\"noopener noreferrer\">Descargar PDF<\/a><\/p>\n<hr>\n<p><strong>Estudios e informes<\/strong><\/p>\n<p><em>Tecnolog\u00eda versus\/para el aprendizaje de lenguas.<\/em>&nbsp;Reflexiones y conversaciones sobre el futuro de la ense\u00f1anza y el aprendizaje de lenguas mediados por la tecnolog\u00eda. Fernando Trujillo, Daniel Cassany, Christelle Combe, Anita Ferreira, Christian Olivier y Esperanza Rom\u00e1n-Mendoza, 2022.&nbsp;<a href=\"https:\/\/blogsaverroes.juntadeandalucia.es\/plurilinguismoalmeria\/files\/2022\/06\/whitepaper-difusion-2022.pdf\">Descargar PDF<\/a><\/p>\n<p><em>La ense\u00f1anza biling\u00fce en Espa\u00f1a. Datos para el an\u00e1lisis 2021.<\/em>&nbsp;Estudio que re\u00fane informaci\u00f3n sobre diversos \u00e1mbitos de la ense\u00f1anza biling\u00fce, sobre los programas biling\u00fces, sobre los docentes y sobre aspectos que revisten cierto inter\u00e9s para un sector de la poblaci\u00f3n. Xavier Gisbert da Cruz, Mar\u00eda Jos\u00e9 Mart\u00ednez de Lis y Juan Ram\u00f3n Villar Fuentes, 2021.&nbsp;<a href=\"https:\/\/blogsaverroes.juntadeandalucia.es\/plurilinguismoalmeria\/files\/2021\/12\/ensbiling_en_espana_2021.pdf\">Descargar PDF<\/a><\/p>\n<p><em>La ense\u00f1anza biling\u00fce en Espa\u00f1a y sus efectos en los resultados acad\u00e9micos. Una aproximaci\u00f3n desde PISA 2018.<\/em>&nbsp;Jos\u00e9 Manuel Lacasa Cristina, Xavier Gisbert da Cruz y Virginia Vinuesa Ben\u00edtez, 2021.&nbsp;<a href=\"https:\/\/blogsaverroes.juntadeandalucia.es\/plurilinguismoalmeria\/files\/2021\/12\/ensbiling_efectos_resultados_academicos_CM.pdf\">Descargar PDF<\/a><\/p>\n<p><em>Evaluaci\u00f3n comparada de la calidad normativa de los programas de ense\u00f1anza biling\u00fce en Espa\u00f1a. Evidencias y recomendaciones.<\/em>&nbsp;Estudio sobre los niveles de la calidad normativa de los programas de ense\u00f1anza biling\u00fce en doce comunidades aut\u00f3nomas monoling\u00fces, entre ellas Andaluc\u00eda, y recomendaciones en materia de ense\u00f1anza biling\u00fce, dirigidas a las diferentes administraciones educativas y basadas en evidencias. Francisco L\u00f3pez Ruip\u00e9rez, Xavier Gisbert da Cruz, Isabel Garc\u00eda Garc\u00eda y Virginia Vinuesa Ben\u00edtez, 2020.&nbsp;<a href=\"https:\/\/blogsaverroes.juntadeandalucia.es\/plurilinguismoalmeria\/files\/2021\/12\/evaluacion_peb_2020.pdf\">Descargar PDF<\/a><\/p>\n<p><em>Educaci\u00f3n biling\u00fce en Andaluc\u00eda. Informe de gesti\u00f3n, competencias y organizaci\u00f3n.<\/em>&nbsp;Consejer\u00eda de Educaci\u00f3n de la Junta de Andaluc\u00eda. Agencia Andaluza de Evaluaci\u00f3n Educativa, 2018.&nbsp;<a href=\"https:\/\/portals.ced.junta-andalucia.es\/educacion\/portals\/delegate\/content\/d85fd984-bd82-4fb5-9000-f7dd1486482d\" target=\"_blank\" rel=\"noopener noreferrer\">Descargar PDF<\/a><\/p>\n<p><em>Biling\u00fcismo: Estudio de casos en centros biling\u00fces de Educaci\u00f3n Secundaria en la provincia de Almer\u00eda.&nbsp;<\/em>Trabajo Fin de M\u00e1ster. Jennifer Gelle, 2012.&nbsp;<a href=\"https:\/\/blogsaverroes.juntadeandalucia.es\/plurilinguismoalmeria\/files\/2022\/10\/BILINGUISMO_ESTUDIO_DE_CASOS_EN_CENTROS.pdf\" target=\"_blank\" rel=\"noopener noreferrer\">Descargar PDF<\/a><\/p>\n<p><em>Programa de educaci\u00f3n biling\u00fce en Espa\u00f1a. Informe de la evaluaci\u00f3n.<\/em>&nbsp;Resultados de la investigaci\u00f3n independiente sobre el Programa de Educaci\u00f3n Biling\u00fce del Ministerio de Educaci\u00f3n y el British Council en Espa\u00f1a. Alan Dobson, Mar\u00eda Dolores P\u00e9rez Murillo y Richard Johnstone, 2010.&nbsp;<a href=\"https:\/\/blogsaverroes.juntadeandalucia.es\/plurilinguismoalmeria\/files\/2021\/11\/PEB_informe_2010.pdf\" target=\"_blank\" rel=\"noopener noreferrer\">Descargar PDF<\/a><\/p>\n","protected":false},"excerpt":{"rendered":"<p>Art\u00edculo: \u00bb On the Development of a CLIL Textbook Evaluation Checklist: A Focus Group Study\u00bb. Beatriz L\u00f3pez Medina, Universidad Complutense de Madrid. Art\u00edculo: \u00abTodo &nbsp;lo &nbsp;que &nbsp;siempre &nbsp;quiso &nbsp;saber &nbsp;sobre &nbsp;AICLE&nbsp; y &nbsp;nunca &nbsp;se&#46;&#46;&#46;<\/p>\n","protected":false},"author":6890,"featured_media":0,"parent":0,"menu_order":0,"comment_status":"closed","ping_status":"closed","template":"","meta":{"ngg_post_thumbnail":0,"footnotes":"","_mc_calendar":[]},"aioseo_notices":[],"_links":{"self":[{"href":"https:\/\/blogsaverroes.juntadeandalucia.es\/plurilinguismodelegacionjaen\/wp-json\/wp\/v2\/pages\/3020"}],"collection":[{"href":"https:\/\/blogsaverroes.juntadeandalucia.es\/plurilinguismodelegacionjaen\/wp-json\/wp\/v2\/pages"}],"about":[{"href":"https:\/\/blogsaverroes.juntadeandalucia.es\/plurilinguismodelegacionjaen\/wp-json\/wp\/v2\/types\/page"}],"author":[{"embeddable":true,"href":"https:\/\/blogsaverroes.juntadeandalucia.es\/plurilinguismodelegacionjaen\/wp-json\/wp\/v2\/users\/6890"}],"replies":[{"embeddable":true,"href":"https:\/\/blogsaverroes.juntadeandalucia.es\/plurilinguismodelegacionjaen\/wp-json\/wp\/v2\/comments?post=3020"}],"version-history":[{"count":8,"href":"https:\/\/blogsaverroes.juntadeandalucia.es\/plurilinguismodelegacionjaen\/wp-json\/wp\/v2\/pages\/3020\/revisions"}],"predecessor-version":[{"id":5777,"href":"https:\/\/blogsaverroes.juntadeandalucia.es\/plurilinguismodelegacionjaen\/wp-json\/wp\/v2\/pages\/3020\/revisions\/5777"}],"wp:attachment":[{"href":"https:\/\/blogsaverroes.juntadeandalucia.es\/plurilinguismodelegacionjaen\/wp-json\/wp\/v2\/media?parent=3020"}],"curies":[{"name":"wp","href":"https:\/\/api.w.org\/{rel}","templated":true}]}}