{"id":3172,"date":"2019-05-07T05:58:27","date_gmt":"2019-05-07T05:58:27","guid":{"rendered":"https:\/\/blogsaverroes.juntadeandalucia.es\/plurilinguismodelegacionjaen\/?page_id=3172"},"modified":"2019-05-07T06:04:12","modified_gmt":"2019-05-07T06:04:12","slug":"estancias","status":"publish","type":"page","link":"https:\/\/blogsaverroes.juntadeandalucia.es\/plurilinguismodelegacionjaen\/estancias\/","title":{"rendered":"Estancias"},"content":{"rendered":"<p><strong>CURSO 2019\/2020<\/strong><\/p>\n<p>Para obtener m\u00e1s detalles de los cursos, pulsa sobre el enlace.<\/p>\n<table style=\"width: 766px\">\n<tbody>\n<tr>\n<td style=\"width: 303px\"><strong>ESTANCIA<\/strong><\/td>\n<td style=\"width: 208.317px\"><strong>LUGAR<\/strong><\/td>\n<td style=\"width: 186.683px\"><strong>FECHA INSCRIPCI\u00d3N<\/strong><\/td>\n<\/tr>\n<tr>\n<td style=\"width: 303px\"><a href=\"http:\/\/www.educacionyfp.gob.es\/servicios-al-ciudadano-mecd\/catalogo\/general\/educacion\/201452\/ficha\/201452-2019-2020.html\" target=\"_blank\" rel=\"noopener\">&nbsp;Estancias profesionales para docentes<\/a><\/td>\n<td style=\"width: 208.317px\">Alemania,<br \/>\nAustria,<br \/>\nB\u00e9lgica,<br \/>\nDinamarca,<br \/>\nFinlandia,<br \/>\nFrancia,<br \/>\nItalia,<br \/>\nNoruega,<br \/>\nPa\u00edses Bajos,<br \/>\nPortugal,<br \/>\nReino Unido,<br \/>\nRep\u00fablica de Irlanda,<br \/>\nSuecia<br \/>\nSuiza.<\/td>\n<td style=\"width: 186.683px\">&nbsp;06\/05\/2019 hasta 25\/05\/2019<\/td>\n<\/tr>\n<\/tbody>\n<\/table>\n<p>&nbsp;<\/p>\n","protected":false},"excerpt":{"rendered":"<p>CURSO 2019\/2020 Para obtener m\u00e1s detalles de los cursos, pulsa sobre el enlace. ESTANCIA LUGAR FECHA INSCRIPCI\u00d3N &nbsp;Estancias profesionales para docentes Alemania, Austria, B\u00e9lgica, Dinamarca, Finlandia, Francia, Italia, Noruega, Pa\u00edses Bajos, Portugal, Reino Unido,&#46;&#46;&#46;<\/p>\n","protected":false},"author":6890,"featured_media":0,"parent":0,"menu_order":0,"comment_status":"closed","ping_status":"closed","template":"","meta":{"ngg_post_thumbnail":0,"footnotes":"","_mc_calendar":[]},"aioseo_notices":[],"_links":{"self":[{"href":"https:\/\/blogsaverroes.juntadeandalucia.es\/plurilinguismodelegacionjaen\/wp-json\/wp\/v2\/pages\/3172"}],"collection":[{"href":"https:\/\/blogsaverroes.juntadeandalucia.es\/plurilinguismodelegacionjaen\/wp-json\/wp\/v2\/pages"}],"about":[{"href":"https:\/\/blogsaverroes.juntadeandalucia.es\/plurilinguismodelegacionjaen\/wp-json\/wp\/v2\/types\/page"}],"author":[{"embeddable":true,"href":"https:\/\/blogsaverroes.juntadeandalucia.es\/plurilinguismodelegacionjaen\/wp-json\/wp\/v2\/users\/6890"}],"replies":[{"embeddable":true,"href":"https:\/\/blogsaverroes.juntadeandalucia.es\/plurilinguismodelegacionjaen\/wp-json\/wp\/v2\/comments?post=3172"}],"version-history":[{"count":6,"href":"https:\/\/blogsaverroes.juntadeandalucia.es\/plurilinguismodelegacionjaen\/wp-json\/wp\/v2\/pages\/3172\/revisions"}],"predecessor-version":[{"id":3180,"href":"https:\/\/blogsaverroes.juntadeandalucia.es\/plurilinguismodelegacionjaen\/wp-json\/wp\/v2\/pages\/3172\/revisions\/3180"}],"wp:attachment":[{"href":"https:\/\/blogsaverroes.juntadeandalucia.es\/plurilinguismodelegacionjaen\/wp-json\/wp\/v2\/media?parent=3172"}],"curies":[{"name":"wp","href":"https:\/\/api.w.org\/{rel}","templated":true}]}}