{"id":4294,"date":"2021-07-20T12:05:13","date_gmt":"2021-07-20T12:05:13","guid":{"rendered":"https:\/\/blogsaverroes.juntadeandalucia.es\/plurilinguismodelegacionjaen\/?page_id=4294"},"modified":"2024-06-05T06:10:26","modified_gmt":"2024-06-05T06:10:26","slug":"cronograma-de-actuaciones-centros-bilingues-publicos","status":"publish","type":"page","link":"https:\/\/blogsaverroes.juntadeandalucia.es\/plurilinguismodelegacionjaen\/cronograma-de-actuaciones-centros-bilingues-publicos\/","title":{"rendered":"Cronograma de actuaciones Centros Biling\u00fces P\u00daBLICOS"},"content":{"rendered":"<p align=\"center\"><span style=\"color: #21211e\"><span style=\"font-family: Source Sans Pro, sans-serif\"><span style=\"font-size: small\"><b>CENTROS P\u00daBLICOS BILING\u00dcES<\/b><\/span><\/span><\/span><\/p>\n<p align=\"center\"><span style=\"font-family: Source Sans Pro, sans-serif\"><span style=\"font-size: small\"><b>CRONOGRAMA DE ACTUACIONES RELACIONADAS CON LA ENSE\u00d1ANZA BILING\u00dcE \/PLURILING\u00dcE<br \/>\n<\/b><\/span><\/span><\/p>\n<p align=\"center\"><span style=\"font-family: Source Sans Pro, sans-serif\"><span style=\"font-size: small\"><b>CURSO 2023\/2024<\/b><\/span><\/span><\/p>\n<p><a href=\"https:\/\/blogsaverroes.juntadeandalucia.es\/plurilinguismodelegacionjaen\/files\/2024\/06\/Cronograma_de_actuaciones_para_centros_bilingues_y_plurilingues.pdf\">Cronograma<\/a><\/p>\n","protected":false},"excerpt":{"rendered":"<p>CENTROS P\u00daBLICOS BILING\u00dcES CRONOGRAMA DE ACTUACIONES RELACIONADAS CON LA ENSE\u00d1ANZA BILING\u00dcE \/PLURILING\u00dcE CURSO 2023\/2024 Cronograma<\/p>\n","protected":false},"author":6890,"featured_media":0,"parent":0,"menu_order":0,"comment_status":"closed","ping_status":"closed","template":"","meta":{"ngg_post_thumbnail":0,"footnotes":"","_mc_calendar":[]},"aioseo_notices":[],"_links":{"self":[{"href":"https:\/\/blogsaverroes.juntadeandalucia.es\/plurilinguismodelegacionjaen\/wp-json\/wp\/v2\/pages\/4294"}],"collection":[{"href":"https:\/\/blogsaverroes.juntadeandalucia.es\/plurilinguismodelegacionjaen\/wp-json\/wp\/v2\/pages"}],"about":[{"href":"https:\/\/blogsaverroes.juntadeandalucia.es\/plurilinguismodelegacionjaen\/wp-json\/wp\/v2\/types\/page"}],"author":[{"embeddable":true,"href":"https:\/\/blogsaverroes.juntadeandalucia.es\/plurilinguismodelegacionjaen\/wp-json\/wp\/v2\/users\/6890"}],"replies":[{"embeddable":true,"href":"https:\/\/blogsaverroes.juntadeandalucia.es\/plurilinguismodelegacionjaen\/wp-json\/wp\/v2\/comments?post=4294"}],"version-history":[{"count":8,"href":"https:\/\/blogsaverroes.juntadeandalucia.es\/plurilinguismodelegacionjaen\/wp-json\/wp\/v2\/pages\/4294\/revisions"}],"predecessor-version":[{"id":5771,"href":"https:\/\/blogsaverroes.juntadeandalucia.es\/plurilinguismodelegacionjaen\/wp-json\/wp\/v2\/pages\/4294\/revisions\/5771"}],"wp:attachment":[{"href":"https:\/\/blogsaverroes.juntadeandalucia.es\/plurilinguismodelegacionjaen\/wp-json\/wp\/v2\/media?parent=4294"}],"curies":[{"name":"wp","href":"https:\/\/api.w.org\/{rel}","templated":true}]}}

Cronograma de actuaciones Centros Bilingües PÚBLICOS

<p align="center"><span style="color: #21211e"><span style="font-family: Source Sans Pro, sans-serif"><span style="font-size: small"><b>CENTROS PÚBLICOS BILINGÜES</b></span></span></span></p>
<p align="center"><span style="font-family: Source Sans Pro, sans-serif"><span style="font-size: small"><b>CRONOGRAMA DE ACTUACIONES RELACIONADAS CON LA ENSEÑANZA BILINGÜE /PLURILINGÜE<br />
</b></span></span></p>
<p align="center"><span style="font-family: Source Sans Pro, sans-serif"><span style="font-size: small"><b>CURSO 2023/2024</b></span></span></p>
<p><a href="https://blogsaverroes.juntadeandalucia.es/plurilinguismodelegacionjaen/files/2024/06/Cronograma_de_actuaciones_para_centros_bilingues_y_plurilingues.pdf">Cronograma</a></p>

<p>CENTROS PÚBLICOS BILINGÜES CRONOGRAMA DE ACTUACIONES RELACIONADAS CON LA ENSEÑANZA BILINGÜE /PLURILINGÜE CURSO 2023/2024 Cronograma</p>
