{"id":4625,"date":"2022-07-22T14:48:24","date_gmt":"2022-07-22T14:48:24","guid":{"rendered":"https:\/\/blogsaverroes.juntadeandalucia.es\/plurilinguismodelegacionjaen\/?page_id=4625"},"modified":"2022-07-22T14:50:16","modified_gmt":"2022-07-22T14:50:16","slug":"curso-22-23","status":"publish","type":"page","link":"https:\/\/blogsaverroes.juntadeandalucia.es\/plurilinguismodelegacionjaen\/curso-22-23\/","title":{"rendered":"Curso 2022\/2023"},"content":{"rendered":"<p><strong>AULA CONFUCIO<\/strong><\/p>\n<p><a href=\"https:\/\/blogsaverroes.juntadeandalucia.es\/plurilinguismodelegacionjaen\/files\/2022\/07\/INSTRUCCI\u00d3N-17-2023-DE-28-DE-JUNIO-PARA-EL-DESARROLLO-DEL-PROGRAMA-DE-AULAS-CONFUCIO-_22-23F-2.pdf\"><strong>Instrucci\u00f3n 17\/2022 de 28 de junio<\/strong><\/a>, de la Direcci\u00f3n General de Ordenaci\u00f3n y Evaluaci\u00f3n Educativa, para el desarrollo del programa de Aulas Confucio de ense\u00f1anza de la lengua, el arte y la cultura chinas en centros docentes p\u00fablicos andaluces de educaci\u00f3n primaria y secundaria para el curso 2022\/2023.<\/p>\n<p><strong>ENSE\u00d1ANZA BILING\u00dcE<\/strong><\/p>\n<p><a href=\"https:\/\/blogsaverroes.juntadeandalucia.es\/plurilinguismodelegacionjaen\/files\/2022\/07\/Instrucci\u00f3n-21_2022-organizacion-y-funcionamiento-de-la-ense\u00f1anza-biling\u00fceF.pdf\"><strong>Instrucci\u00f3n 21\/2022, de 21 <\/strong><strong>de<\/strong><strong> julio<\/strong><\/a>, de la Direcci\u00f3n General de Ordenaci\u00f3n y Evaluaci\u00f3n Educativa, sobre la Organizaci\u00f3n y Funcionamiento de la Ense\u00f1anza Biling\u00fce en los centros andaluces para el curso 2022\/2023.&nbsp;<\/p>\n<p><strong>AUXILIARES DE CONVERSACI\u00d3N<\/strong><\/p>\n<p><a href=\"https:\/\/blogsaverroes.juntadeandalucia.es\/plurilinguismodelegacionjaen\/files\/2022\/07\/Instrucciones-de-Auxiliares-de-Conversaci\u00f3n-Curso-2022_2023F.pdf\"><strong>Instrucci\u00f3n 20\/2022<\/strong><\/a>, de 21 de julio, de la Direcci\u00f3n General de Ordenaci\u00f3n Educativa, sobre auxiliares de conversaci\u00f3n para el curso escolar 2022\/2023.<\/p>\n<p>&nbsp;<\/p>\n","protected":false},"excerpt":{"rendered":"<p>AULA CONFUCIO Instrucci\u00f3n 17\/2022 de 28 de junio, de la Direcci\u00f3n General de Ordenaci\u00f3n y Evaluaci\u00f3n Educativa, para el desarrollo del programa de Aulas Confucio de ense\u00f1anza de la lengua, el arte y la&#46;&#46;&#46;<\/p>\n","protected":false},"author":6890,"featured_media":0,"parent":0,"menu_order":0,"comment_status":"closed","ping_status":"closed","template":"","meta":{"ngg_post_thumbnail":0,"footnotes":"","_mc_calendar":[]},"aioseo_notices":[],"_links":{"self":[{"href":"https:\/\/blogsaverroes.juntadeandalucia.es\/plurilinguismodelegacionjaen\/wp-json\/wp\/v2\/pages\/4625"}],"collection":[{"href":"https:\/\/blogsaverroes.juntadeandalucia.es\/plurilinguismodelegacionjaen\/wp-json\/wp\/v2\/pages"}],"about":[{"href":"https:\/\/blogsaverroes.juntadeandalucia.es\/plurilinguismodelegacionjaen\/wp-json\/wp\/v2\/types\/page"}],"author":[{"embeddable":true,"href":"https:\/\/blogsaverroes.juntadeandalucia.es\/plurilinguismodelegacionjaen\/wp-json\/wp\/v2\/users\/6890"}],"replies":[{"embeddable":true,"href":"https:\/\/blogsaverroes.juntadeandalucia.es\/plurilinguismodelegacionjaen\/wp-json\/wp\/v2\/comments?post=4625"}],"version-history":[{"count":3,"href":"https:\/\/blogsaverroes.juntadeandalucia.es\/plurilinguismodelegacionjaen\/wp-json\/wp\/v2\/pages\/4625\/revisions"}],"predecessor-version":[{"id":4633,"href":"https:\/\/blogsaverroes.juntadeandalucia.es\/plurilinguismodelegacionjaen\/wp-json\/wp\/v2\/pages\/4625\/revisions\/4633"}],"wp:attachment":[{"href":"https:\/\/blogsaverroes.juntadeandalucia.es\/plurilinguismodelegacionjaen\/wp-json\/wp\/v2\/media?parent=4625"}],"curies":[{"name":"wp","href":"https:\/\/api.w.org\/{rel}","templated":true}]}}