{"id":4729,"date":"2022-10-27T12:06:45","date_gmt":"2022-10-27T12:06:45","guid":{"rendered":"https:\/\/blogsaverroes.juntadeandalucia.es\/plurilinguismodelegacionjaen\/?page_id=4729"},"modified":"2023-06-15T11:53:36","modified_gmt":"2023-06-15T11:53:36","slug":"pale-2022-2023","status":"publish","type":"page","link":"https:\/\/blogsaverroes.juntadeandalucia.es\/plurilinguismodelegacionjaen\/pale-2022-2023\/","title":{"rendered":"PALE 2022\/2023"},"content":{"rendered":"<p style=\"text-align: center\">CENTROS SELECCIONADOS PARA EL PROGRAMA DE ACOMPA\u00d1AMIENTO EN LENGUA EXTRANJERA (PALE) 22\/23<\/p>\n<p>&nbsp;<\/p>\n<table style=\"width: 89.1564%;height: 720px\" border=\"0\" cellspacing=\"0\">\n<colgroup width=\"309\"><\/colgroup>\n<colgroup width=\"150\"><\/colgroup>\n<colgroup width=\"78\"><\/colgroup>\n<tbody>\n<tr>\n<td style=\"width: 57.3888%\" align=\"center\" bgcolor=\"#CCCCCC\" height=\"17\"><b>Centro<\/b><\/td>\n<td style=\"width: 27.8336%\" align=\"center\" bgcolor=\"#CCCCCC\"><b>Municipio<\/b><\/td>\n<td style=\"width: 14.4907%\" align=\"center\" bgcolor=\"#CCCCCC\"><b>Grupos<\/b><\/td>\n<\/tr>\n<tr>\n<td style=\"width: 57.3888%\" align=\"left\" height=\"17\">23000283 &#8211; C.E.I.P. Virgen del Carmen<\/td>\n<td style=\"width: 27.8336%\" align=\"center\">Alcaudete<\/td>\n<td style=\"width: 14.4907%\" align=\"center\">3<\/td>\n<\/tr>\n<tr>\n<td style=\"width: 57.3888%\" align=\"left\" height=\"17\">23000982 &#8211; C.E.PR. V\u00edctor Garc\u00eda Hoz<\/td>\n<td style=\"width: 27.8336%\" align=\"center\">Beas de Segura<\/td>\n<td style=\"width: 14.4907%\" align=\"center\">2<\/td>\n<\/tr>\n<tr>\n<td style=\"width: 57.3888%\" align=\"left\" height=\"17\">23001263 &#8211; C.E.I.P. Manuel And\u00fajar<\/td>\n<td style=\"width: 27.8336%\" align=\"center\">La Carolina<\/td>\n<td style=\"width: 14.4907%\" align=\"center\">2<\/td>\n<\/tr>\n<tr>\n<td style=\"width: 57.3888%\" align=\"left\" height=\"17\">23001275 &#8211; C.E.I.P. Palacios Rubio<\/td>\n<td style=\"width: 27.8336%\" align=\"center\">La Carolina<\/td>\n<td style=\"width: 14.4907%\" align=\"center\">3<\/td>\n<\/tr>\n<tr>\n<td style=\"width: 57.3888%\" align=\"left\" height=\"17\">23001299 &#8211; C.E.I.P. Navas de Tolosa<\/td>\n<td style=\"width: 27.8336%\" align=\"center\">La Carolina<\/td>\n<td style=\"width: 14.4907%\" align=\"center\">1<\/td>\n<\/tr>\n<tr>\n<td style=\"width: 57.3888%\" align=\"left\" height=\"17\">23001329 &#8211; C.E.I.P. Rom\u00e1n Crespo Hoyo<\/td>\n<td style=\"width: 27.8336%\" align=\"center\">Castellar<\/td>\n<td style=\"width: 14.4907%\" align=\"center\">3<\/td>\n<\/tr>\n<tr>\n<td style=\"width: 57.3888%\" align=\"left\" height=\"17\">23001433 &#8211; C.E.I.P. Santa Mar\u00eda de Nazaret<\/td>\n<td style=\"width: 27.8336%\" align=\"center\">Chiclana de Segura<\/td>\n<td style=\"width: 14.4907%\" align=\"center\">1<\/td>\n<\/tr>\n<tr>\n<td style=\"width: 57.3888%\" align=\"left\" height=\"17\">23001603 &#8211; C.E.I.P. Real Mentesa<\/td>\n<td style=\"width: 27.8336%\" align=\"center\">La Guardia de Ja\u00e9n<\/td>\n<td style=\"width: 14.4907%\" align=\"center\">3<\/td>\n<\/tr>\n<tr>\n<td style=\"width: 57.3888%\" align=\"left\" height=\"17\">23001767 &#8211; C.E.I.P. Alf\u00e9rez Segura<\/td>\n<td style=\"width: 27.8336%\" align=\"center\">Huesa<\/td>\n<td style=\"width: 14.4907%\" align=\"center\">3<\/td>\n<\/tr>\n<tr>\n<td style=\"width: 57.3888%\" align=\"left\" height=\"17\">23601114- C.E.PR Jos\u00e9 Garc\u00eda La\u00ednez<\/td>\n<td style=\"width: 27.8336%\" align=\"center\">La Iruela<\/td>\n<td style=\"width: 14.4907%\" align=\"center\">1<\/td>\n<\/tr>\n<tr>\n<td style=\"width: 57.3888%\" align=\"left\" height=\"17\">23001810 \u2013 C.E.I.P. Ntro. Padre Jes\u00fas<\/td>\n<td style=\"width: 27.8336%\" align=\"center\">Jabalquinto<\/td>\n<td style=\"width: 14.4907%\" align=\"center\">1<\/td>\n<\/tr>\n<tr>\n<td style=\"width: 57.3888%\" align=\"left\" height=\"17\">23003466 &#8211; C.E.I.P. Carlos III<\/td>\n<td style=\"width: 27.8336%\" align=\"center\">Santa Elena<\/td>\n<td style=\"width: 14.4907%\" align=\"center\">1<\/td>\n<\/tr>\n<tr>\n<td style=\"width: 57.3888%\" align=\"left\" height=\"17\">23002553 &#8211; C.E.I.P. Ntra. Sra. de los Dolores<\/td>\n<td style=\"width: 27.8336%\" align=\"center\">Larva<\/td>\n<td style=\"width: 14.4907%\" align=\"center\">2<\/td>\n<\/tr>\n<tr>\n<td style=\"width: 57.3888%\" align=\"left\" height=\"17\">23002784 &#8211; C.E.I.P. Tetu\u00e1n<\/td>\n<td style=\"width: 27.8336%\" align=\"center\">Linares<\/td>\n<td style=\"width: 14.4907%\" align=\"center\">2<\/td>\n<\/tr>\n<tr>\n<td style=\"width: 57.3888%\" align=\"left\" height=\"17\">23002991 &#8211; C.E.PR. San Juli\u00e1n<\/td>\n<td style=\"width: 27.8336%\" align=\"center\">Marmolejo<\/td>\n<td style=\"width: 14.4907%\" align=\"center\">1<\/td>\n<\/tr>\n<tr>\n<td style=\"width: 57.3888%\" align=\"left\" height=\"17\">23003090 &#8211; C.E.I.P. San Amador<\/td>\n<td style=\"width: 27.8336%\" align=\"center\">Martos<\/td>\n<td style=\"width: 14.4907%\" align=\"center\">1<\/td>\n<\/tr>\n<tr>\n<td style=\"width: 57.3888%\" align=\"left\" height=\"17\">23003235 &#8211; C.E.I.P. Padre Poveda<\/td>\n<td style=\"width: 27.8336%\" align=\"center\">Venta de los Santos<\/td>\n<td style=\"width: 14.4907%\" align=\"center\">1<\/td>\n<\/tr>\n<tr>\n<td style=\"width: 57.3888%\" align=\"left\" height=\"17\">23003260 &#8211; C.E.I.P. Ntra. Sra. de Bel\u00e9n<\/td>\n<td style=\"width: 27.8336%\" align=\"center\">Noalejo<\/td>\n<td style=\"width: 14.4907%\" align=\"center\">3<\/td>\n<\/tr>\n<tr>\n<td style=\"width: 57.3888%\" align=\"left\" height=\"17\">23003284 &#8211; C.E.I.P. Ntra. Sra. de la Encarnaci\u00f3n<\/td>\n<td style=\"width: 27.8336%\" align=\"center\">Peal de Becerro<\/td>\n<td style=\"width: 14.4907%\" align=\"center\">2<\/td>\n<\/tr>\n<tr>\n<td style=\"width: 57.3888%\" align=\"left\" height=\"17\">23003478 &#8211; C.E.I.P. Santiago Ap\u00f3stol<\/td>\n<td style=\"width: 27.8336%\" align=\"center\">Santiago de Calatrava<\/td>\n<td style=\"width: 14.4907%\" align=\"center\">2<\/td>\n<\/tr>\n<tr>\n<td style=\"width: 57.3888%\" align=\"left\" height=\"17\">23004495 &#8211; C.E.I.P. Ntra. Sra. del Rosario<\/td>\n<td style=\"width: 27.8336%\" align=\"center\">Villacarrillo<\/td>\n<td style=\"width: 14.4907%\" align=\"center\">1<\/td>\n<\/tr>\n<tr>\n<td style=\"width: 57.3888%\" align=\"left\" height=\"17\">23005451 &#8211; C.E.I.P. Doctor Fl\u00e9ming<\/td>\n<td style=\"width: 27.8336%\" align=\"center\">J\u00f3dar<\/td>\n<td style=\"width: 14.4907%\" align=\"center\">1<\/td>\n<\/tr>\n<tr>\n<td style=\"width: 57.3888%\" align=\"left\" height=\"17\">23005487 &#8211; C.E.I.P. San Miguel<\/td>\n<td style=\"width: 27.8336%\" align=\"center\">Torredelcampo<\/td>\n<td style=\"width: 14.4907%\" align=\"center\">2<\/td>\n<\/tr>\n<tr>\n<td style=\"width: 57.3888%\" align=\"left\" height=\"17\">23601102 &#8211; C.P.R. Sierra Sur<\/td>\n<td style=\"width: 27.8336%\" align=\"center\">Santa Ana<\/td>\n<td style=\"width: 14.4907%\" align=\"center\">1<\/td>\n<\/tr>\n<tr>\n<td style=\"width: 57.3888%\" align=\"left\" height=\"17\">23601126 &#8211; C.P.R. El Collao<\/td>\n<td style=\"width: 27.8336%\" align=\"center\">Torres de Alb\u00e1nchez<\/td>\n<td style=\"width: 14.4907%\" align=\"center\">3<\/td>\n<\/tr>\n<tr>\n<td style=\"width: 57.3888%\" align=\"left\" height=\"17\">23601199 &#8211; C.P.R. La Vega<\/td>\n<td style=\"width: 27.8336%\" align=\"center\">Solana de Torralba<\/td>\n<td style=\"width: 14.4907%\" align=\"center\">2<\/td>\n<\/tr>\n<tr>\n<td style=\"width: 57.3888%\" align=\"left\" height=\"17\">23601281 &#8211; C.P.R. Santa Mar\u00eda de la Pe\u00f1a<\/td>\n<td style=\"width: 27.8336%\" align=\"center\">Orcera<\/td>\n<td style=\"width: 14.4907%\" align=\"center\">4<\/td>\n<\/tr>\n<tr>\n<td style=\"width: 57.3888%\" align=\"left\" height=\"17\">23601291 &#8211; C.E.I.P. Sierra de Segura<\/td>\n<td style=\"width: 27.8336%\" align=\"center\">Cortijos Nuevos<\/td>\n<td style=\"width: 14.4907%\" align=\"center\">1<\/td>\n<\/tr>\n<tr>\n<td style=\"width: 57.3888%\" align=\"left\" height=\"17\">23601333 &#8211; C.E.I.P. Ntra. Sra. de la Asunci\u00f3n<\/td>\n<td style=\"width: 27.8336%\" align=\"center\">Hornos<\/td>\n<td style=\"width: 14.4907%\" align=\"center\">1<\/td>\n<\/tr>\n<tr>\n<td style=\"width: 57.3888%\">23001652 &#8211; C.E.I.P. San Sebasti\u00e1n<\/td>\n<td style=\"width: 27.8336%;text-align: center\">Higuera de Calatrava<\/td>\n<td style=\"width: 14.4907%;text-align: center\">1<\/td>\n<\/tr>\n<tr>\n<td style=\"width: 57.3888%\">23001809 &#8211; C.E.I.P. Sto. Cristo de la Vera Cruz<\/td>\n<td style=\"width: 27.8336%;text-align: center\">Iznatoraf<\/td>\n<td style=\"width: 14.4907%;text-align: center\">1<\/td>\n<\/tr>\n<\/tbody>\n<\/table>\n<p>Total centros: 31<\/p>\n","protected":false},"excerpt":{"rendered":"<p>CENTROS SELECCIONADOS PARA EL PROGRAMA DE ACOMPA\u00d1AMIENTO EN LENGUA EXTRANJERA (PALE) 22\/23 &nbsp; Centro Municipio Grupos 23000283 &#8211; C.E.I.P. Virgen del Carmen Alcaudete 3 23000982 &#8211; C.E.PR. V\u00edctor Garc\u00eda Hoz Beas de Segura 2&#46;&#46;&#46;<\/p>\n","protected":false},"author":6890,"featured_media":0,"parent":0,"menu_order":0,"comment_status":"closed","ping_status":"closed","template":"","meta":{"ngg_post_thumbnail":0,"footnotes":"","_mc_calendar":[]},"aioseo_notices":[],"_links":{"self":[{"href":"https:\/\/blogsaverroes.juntadeandalucia.es\/plurilinguismodelegacionjaen\/wp-json\/wp\/v2\/pages\/4729"}],"collection":[{"href":"https:\/\/blogsaverroes.juntadeandalucia.es\/plurilinguismodelegacionjaen\/wp-json\/wp\/v2\/pages"}],"about":[{"href":"https:\/\/blogsaverroes.juntadeandalucia.es\/plurilinguismodelegacionjaen\/wp-json\/wp\/v2\/types\/page"}],"author":[{"embeddable":true,"href":"https:\/\/blogsaverroes.juntadeandalucia.es\/plurilinguismodelegacionjaen\/wp-json\/wp\/v2\/users\/6890"}],"replies":[{"embeddable":true,"href":"https:\/\/blogsaverroes.juntadeandalucia.es\/plurilinguismodelegacionjaen\/wp-json\/wp\/v2\/comments?post=4729"}],"version-history":[{"count":12,"href":"https:\/\/blogsaverroes.juntadeandalucia.es\/plurilinguismodelegacionjaen\/wp-json\/wp\/v2\/pages\/4729\/revisions"}],"predecessor-version":[{"id":5225,"href":"https:\/\/blogsaverroes.juntadeandalucia.es\/plurilinguismodelegacionjaen\/wp-json\/wp\/v2\/pages\/4729\/revisions\/5225"}],"wp:attachment":[{"href":"https:\/\/blogsaverroes.juntadeandalucia.es\/plurilinguismodelegacionjaen\/wp-json\/wp\/v2\/media?parent=4729"}],"curies":[{"name":"wp","href":"https:\/\/api.w.org\/{rel}","templated":true}]}}