{"id":4887,"date":"2023-01-20T10:18:33","date_gmt":"2023-01-20T10:18:33","guid":{"rendered":"https:\/\/blogsaverroes.juntadeandalucia.es\/plurilinguismodelegacionjaen\/?page_id=4887"},"modified":"2023-01-20T10:18:33","modified_gmt":"2023-01-20T10:18:33","slug":"tutorial-para-la-grabacion-de-horas-de-recuperacion","status":"publish","type":"page","link":"https:\/\/blogsaverroes.juntadeandalucia.es\/plurilinguismodelegacionjaen\/tutorial-para-la-grabacion-de-horas-de-recuperacion\/","title":{"rendered":"Tutorial para la grabaci\u00f3n de horas de recuperaci\u00f3n"},"content":{"rendered":"<p>Adjunto un <a href=\"https:\/\/drive.google.com\/file\/d\/18CMLuYT_ZqYG5qu9iXMPVagTVyEYoDhn\/view?usp=sharing\" target=\"_blank\" rel=\"noopener noreferrer\">tutorial<\/a> que se ha elaborado para facilitar el grabado de las horas de recuperaci\u00f3n, ya que sabemos, que ha habido incorporaciones tard\u00edas que se est\u00e1n recuperando para no perder esas horas y que las personas auxiliares no pierdan la mensualidad.<\/p>\n","protected":false},"excerpt":{"rendered":"<p>Adjunto un tutorial que se ha elaborado para facilitar el grabado de las horas de recuperaci\u00f3n, ya que sabemos, que ha habido incorporaciones tard\u00edas que se est\u00e1n recuperando para no perder esas horas y&#46;&#46;&#46;<\/p>\n","protected":false},"author":6890,"featured_media":0,"parent":0,"menu_order":0,"comment_status":"closed","ping_status":"closed","template":"","meta":{"ngg_post_thumbnail":0,"footnotes":"","_mc_calendar":[]},"aioseo_notices":[],"_links":{"self":[{"href":"https:\/\/blogsaverroes.juntadeandalucia.es\/plurilinguismodelegacionjaen\/wp-json\/wp\/v2\/pages\/4887"}],"collection":[{"href":"https:\/\/blogsaverroes.juntadeandalucia.es\/plurilinguismodelegacionjaen\/wp-json\/wp\/v2\/pages"}],"about":[{"href":"https:\/\/blogsaverroes.juntadeandalucia.es\/plurilinguismodelegacionjaen\/wp-json\/wp\/v2\/types\/page"}],"author":[{"embeddable":true,"href":"https:\/\/blogsaverroes.juntadeandalucia.es\/plurilinguismodelegacionjaen\/wp-json\/wp\/v2\/users\/6890"}],"replies":[{"embeddable":true,"href":"https:\/\/blogsaverroes.juntadeandalucia.es\/plurilinguismodelegacionjaen\/wp-json\/wp\/v2\/comments?post=4887"}],"version-history":[{"count":1,"href":"https:\/\/blogsaverroes.juntadeandalucia.es\/plurilinguismodelegacionjaen\/wp-json\/wp\/v2\/pages\/4887\/revisions"}],"predecessor-version":[{"id":4888,"href":"https:\/\/blogsaverroes.juntadeandalucia.es\/plurilinguismodelegacionjaen\/wp-json\/wp\/v2\/pages\/4887\/revisions\/4888"}],"wp:attachment":[{"href":"https:\/\/blogsaverroes.juntadeandalucia.es\/plurilinguismodelegacionjaen\/wp-json\/wp\/v2\/media?parent=4887"}],"curies":[{"name":"wp","href":"https:\/\/api.w.org\/{rel}","templated":true}]}}