{"id":4915,"date":"2023-01-20T11:12:54","date_gmt":"2023-01-20T11:12:54","guid":{"rendered":"https:\/\/blogsaverroes.juntadeandalucia.es\/plurilinguismodelegacionjaen\/?page_id=4915"},"modified":"2025-05-16T11:20:55","modified_gmt":"2025-05-16T11:20:55","slug":"que-es-etwinning","status":"publish","type":"page","link":"https:\/\/blogsaverroes.juntadeandalucia.es\/plurilinguismodelegacionjaen\/que-es-etwinning\/","title":{"rendered":"\u00bfQu\u00e9 es eTwinning?"},"content":{"rendered":"<p style=\"text-align: center\"><a href=\"https:\/\/blogsaverroes.juntadeandalucia.es\/plurilinguismodelegacionjaen\/files\/2023\/01\/descarga.png\"><img loading=\"lazy\" decoding=\"async\" class=\"alignnone size-full wp-image-4921\" src=\"https:\/\/blogsaverroes.juntadeandalucia.es\/plurilinguismodelegacionjaen\/files\/2023\/01\/descarga.png\" alt=\"\" width=\"356\" height=\"142\" srcset=\"https:\/\/blogsaverroes.juntadeandalucia.es\/plurilinguismodelegacionjaen\/files\/2023\/01\/descarga.png 356w, https:\/\/blogsaverroes.juntadeandalucia.es\/plurilinguismodelegacionjaen\/files\/2023\/01\/descarga-300x120.png 300w\" sizes=\"(max-width: 356px) 100vw, 356px\" \/><\/a><\/p>\n<p>eTwinning forma parte de Erasmus+, el programa de la Uni\u00f3n Europea en materia de educaci\u00f3n, formaci\u00f3n, juventud y deporte. Nuestro objetivo es promover y facilitar el contacto, el intercambio de ideas y el trabajo en colaboraci\u00f3n entre profesorado y alumnado de los pa\u00edses que participan en eTwinning, a trav\u00e9s de las TIC. Para coordinar esta acci\u00f3n en toda Europa, eTwinning cuenta con un Servicio Central de Apoyo en Bruselas y con un Servicio Nacional de Apoyo (SNA) en cada pa\u00eds. En el caso de Espa\u00f1a, el SNA se ubica en el Instituto Nacional de Tecnolog\u00edas Educativas y de Formaci\u00f3n del Profesorado (INTEF) del Ministerio de Educaci\u00f3n y Formaci\u00f3n Profesional. Cada Comunidad Aut\u00f3noma cuenta con un&nbsp;representante eTwinning.<\/p>\n<p><a href=\"https:\/\/etwinning.es\/es\/\" target=\"_blank\" rel=\"noopener noreferrer\">Portal del Servicio Nacional de Apoyo eTwinning<\/a><\/p>\n","protected":false},"excerpt":{"rendered":"<p>eTwinning forma parte de Erasmus+, el programa de la Uni\u00f3n Europea en materia de educaci\u00f3n, formaci\u00f3n, juventud y deporte. Nuestro objetivo es promover y facilitar el contacto, el intercambio de ideas y el trabajo&#46;&#46;&#46;<\/p>\n","protected":false},"author":6890,"featured_media":5583,"parent":0,"menu_order":0,"comment_status":"closed","ping_status":"closed","template":"","meta":{"ngg_post_thumbnail":0,"footnotes":"","_mc_calendar":[]},"aioseo_notices":[],"_links":{"self":[{"href":"https:\/\/blogsaverroes.juntadeandalucia.es\/plurilinguismodelegacionjaen\/wp-json\/wp\/v2\/pages\/4915"}],"collection":[{"href":"https:\/\/blogsaverroes.juntadeandalucia.es\/plurilinguismodelegacionjaen\/wp-json\/wp\/v2\/pages"}],"about":[{"href":"https:\/\/blogsaverroes.juntadeandalucia.es\/plurilinguismodelegacionjaen\/wp-json\/wp\/v2\/types\/page"}],"author":[{"embeddable":true,"href":"https:\/\/blogsaverroes.juntadeandalucia.es\/plurilinguismodelegacionjaen\/wp-json\/wp\/v2\/users\/6890"}],"replies":[{"embeddable":true,"href":"https:\/\/blogsaverroes.juntadeandalucia.es\/plurilinguismodelegacionjaen\/wp-json\/wp\/v2\/comments?post=4915"}],"version-history":[{"count":5,"href":"https:\/\/blogsaverroes.juntadeandalucia.es\/plurilinguismodelegacionjaen\/wp-json\/wp\/v2\/pages\/4915\/revisions"}],"predecessor-version":[{"id":4922,"href":"https:\/\/blogsaverroes.juntadeandalucia.es\/plurilinguismodelegacionjaen\/wp-json\/wp\/v2\/pages\/4915\/revisions\/4922"}],"wp:featuredmedia":[{"embeddable":true,"href":"https:\/\/blogsaverroes.juntadeandalucia.es\/plurilinguismodelegacionjaen\/wp-json\/wp\/v2\/media\/5583"}],"wp:attachment":[{"href":"https:\/\/blogsaverroes.juntadeandalucia.es\/plurilinguismodelegacionjaen\/wp-json\/wp\/v2\/media?parent=4915"}],"curies":[{"name":"wp","href":"https:\/\/api.w.org\/{rel}","templated":true}]}}