{"id":5238,"date":"2023-06-26T10:37:08","date_gmt":"2023-06-26T10:37:08","guid":{"rendered":"https:\/\/blogsaverroes.juntadeandalucia.es\/plurilinguismodelegacionjaen\/?page_id=5238"},"modified":"2026-03-25T07:26:01","modified_gmt":"2026-03-25T07:26:01","slug":"inmersion-linguistica-para-docentes-anl","status":"publish","type":"page","link":"https:\/\/blogsaverroes.juntadeandalucia.es\/plurilinguismodelegacionjaen\/inmersion-linguistica-para-docentes-anl\/","title":{"rendered":"Inmersi\u00f3n ling\u00fc\u00edstica para docentes ANL"},"content":{"rendered":"<div style=\"text-align: center\"><a href=\"https:\/\/blogsaverroes.juntadeandalucia.es\/plurilinguismodelegacionjaen\/files\/2023\/06\/descarga.jpg\"><img loading=\"lazy\" decoding=\"async\" class=\"alignnone size-full wp-image-5245\" src=\"https:\/\/blogsaverroes.juntadeandalucia.es\/plurilinguismodelegacionjaen\/files\/2023\/06\/descarga.jpg\" alt=\"\" width=\"347\" height=\"145\" srcset=\"https:\/\/blogsaverroes.juntadeandalucia.es\/plurilinguismodelegacionjaen\/files\/2023\/06\/descarga.jpg 347w, https:\/\/blogsaverroes.juntadeandalucia.es\/plurilinguismodelegacionjaen\/files\/2023\/06\/descarga-300x125.jpg 300w\" sizes=\"(max-width: 347px) 100vw, 347px\" \/><\/a><\/div>\n<div class=\"separacionCapas\">Convocatoria dirigida a profesorado ANL de centros biling\u00fces y pluriling\u00fces.<\/div>\n<div>\n<p>Se trata de inmersi\u00f3n ling\u00fc\u00edstica que se desarrollar\u00e1 durante el verano de 2026 en&nbsp;pa\u00edses de habla inglesa, francesa o alemana<\/p>\n<p>Las estancias tendr\u00e1n una duraci\u00f3n de dos semanas durante los meses de julio y agosto de 2026<\/p>\n<p>El n\u00famero total de plazas es de 240, con la siguiente distribuci\u00f3n:<\/p>\n<ul>\n<li>210 estancias de inmersi\u00f3n en lengua inglesa<\/li>\n<li>20 estancias de inmersi\u00f3n en lengua franc\u00e9s<\/li>\n<li>10 estancias de inmersi\u00f3n en lengua alem\u00e1n<\/li>\n<\/ul>\n<p>Presentaci\u00f3n de Solicitudes a trav\u00e9s del<strong>&nbsp;<a href=\"https:\/\/www.juntadeandalucia.es\/educacion\/portaldocente\/\">Portal Docente<\/a><\/strong><\/p>\n<p>Plazo:<strong> 10 d\u00edas h\u00e1biles<\/strong> a partir del d\u00eda siguiente al de la publicaci\u00f3n.<\/p>\n<p><a href=\"https:\/\/juntadeandalucia.es\/eboja\/2026\/58\/BOJA26-058-00005-4054-01_00335276.pdf\" target=\"_blank\" rel=\"noopener\">Convocatoria<\/a><\/p>\n<p>&nbsp;<\/p>\n<\/div>\n","protected":false},"excerpt":{"rendered":"<p>Convocatoria dirigida a profesorado ANL de centros biling\u00fces y pluriling\u00fces. Se trata de inmersi\u00f3n ling\u00fc\u00edstica que se desarrollar\u00e1 durante el verano de 2026 en&nbsp;pa\u00edses de habla inglesa, francesa o alemana Las estancias tendr\u00e1n una&#46;&#46;&#46;<\/p>\n","protected":false},"author":6890,"featured_media":0,"parent":0,"menu_order":0,"comment_status":"closed","ping_status":"closed","template":"","meta":{"ngg_post_thumbnail":0,"footnotes":"","_mc_calendar":[]},"aioseo_notices":[],"_links":{"self":[{"href":"https:\/\/blogsaverroes.juntadeandalucia.es\/plurilinguismodelegacionjaen\/wp-json\/wp\/v2\/pages\/5238"}],"collection":[{"href":"https:\/\/blogsaverroes.juntadeandalucia.es\/plurilinguismodelegacionjaen\/wp-json\/wp\/v2\/pages"}],"about":[{"href":"https:\/\/blogsaverroes.juntadeandalucia.es\/plurilinguismodelegacionjaen\/wp-json\/wp\/v2\/types\/page"}],"author":[{"embeddable":true,"href":"https:\/\/blogsaverroes.juntadeandalucia.es\/plurilinguismodelegacionjaen\/wp-json\/wp\/v2\/users\/6890"}],"replies":[{"embeddable":true,"href":"https:\/\/blogsaverroes.juntadeandalucia.es\/plurilinguismodelegacionjaen\/wp-json\/wp\/v2\/comments?post=5238"}],"version-history":[{"count":18,"href":"https:\/\/blogsaverroes.juntadeandalucia.es\/plurilinguismodelegacionjaen\/wp-json\/wp\/v2\/pages\/5238\/revisions"}],"predecessor-version":[{"id":6455,"href":"https:\/\/blogsaverroes.juntadeandalucia.es\/plurilinguismodelegacionjaen\/wp-json\/wp\/v2\/pages\/5238\/revisions\/6455"}],"wp:attachment":[{"href":"https:\/\/blogsaverroes.juntadeandalucia.es\/plurilinguismodelegacionjaen\/wp-json\/wp\/v2\/media?parent=5238"}],"curies":[{"name":"wp","href":"https:\/\/api.w.org\/{rel}","templated":true}]}}