{"id":6173,"date":"2025-06-03T06:54:11","date_gmt":"2025-06-03T06:54:11","guid":{"rendered":"https:\/\/blogsaverroes.juntadeandalucia.es\/plurilinguismodelegacionjaen\/?page_id=6173"},"modified":"2025-06-03T06:56:27","modified_gmt":"2025-06-03T06:56:27","slug":"como-certificar","status":"publish","type":"page","link":"https:\/\/blogsaverroes.juntadeandalucia.es\/plurilinguismodelegacionjaen\/como-certificar\/","title":{"rendered":"\u00bfC\u00f3mo certificar la ense\u00f1anza biling\u00fce?"},"content":{"rendered":"<ul>\n<li><a href=\"https:\/\/blogsaverroes.juntadeandalucia.es\/plurilinguismodelegacionmalaga\/files\/2024\/01\/Tutorial_certificaciones_biling%C3%BCes.pdf\" target=\"_blank\" rel=\"noopener\">Certificaci\u00f3n del alumnado biling\u00fce<\/a><\/li>\n<li><a href=\"https:\/\/blogsaverroes.juntadeandalucia.es\/plurilinguismodelegacionjaen\/files\/2020\/07\/Manual-Generaci%C3%B3n-certificaci%C3%B3n-participaci%C3%B3n-profesorado-biling%C3%BCe.pdf\" target=\"_blank\" rel=\"noopener\">Certificaci\u00f3n del Profesorado biling\u00fce<\/a><\/li>\n<\/ul>\n<p>&nbsp;<\/p>\n","protected":false},"excerpt":{"rendered":"<p>Certificaci\u00f3n del alumnado biling\u00fce Certificaci\u00f3n del Profesorado biling\u00fce &nbsp;<\/p>\n","protected":false},"author":6890,"featured_media":0,"parent":0,"menu_order":0,"comment_status":"closed","ping_status":"closed","template":"","meta":{"ngg_post_thumbnail":0,"footnotes":"","_mc_calendar":[]},"aioseo_notices":[],"_links":{"self":[{"href":"https:\/\/blogsaverroes.juntadeandalucia.es\/plurilinguismodelegacionjaen\/wp-json\/wp\/v2\/pages\/6173"}],"collection":[{"href":"https:\/\/blogsaverroes.juntadeandalucia.es\/plurilinguismodelegacionjaen\/wp-json\/wp\/v2\/pages"}],"about":[{"href":"https:\/\/blogsaverroes.juntadeandalucia.es\/plurilinguismodelegacionjaen\/wp-json\/wp\/v2\/types\/page"}],"author":[{"embeddable":true,"href":"https:\/\/blogsaverroes.juntadeandalucia.es\/plurilinguismodelegacionjaen\/wp-json\/wp\/v2\/users\/6890"}],"replies":[{"embeddable":true,"href":"https:\/\/blogsaverroes.juntadeandalucia.es\/plurilinguismodelegacionjaen\/wp-json\/wp\/v2\/comments?post=6173"}],"version-history":[{"count":2,"href":"https:\/\/blogsaverroes.juntadeandalucia.es\/plurilinguismodelegacionjaen\/wp-json\/wp\/v2\/pages\/6173\/revisions"}],"predecessor-version":[{"id":6176,"href":"https:\/\/blogsaverroes.juntadeandalucia.es\/plurilinguismodelegacionjaen\/wp-json\/wp\/v2\/pages\/6173\/revisions\/6176"}],"wp:attachment":[{"href":"https:\/\/blogsaverroes.juntadeandalucia.es\/plurilinguismodelegacionjaen\/wp-json\/wp\/v2\/media?parent=6173"}],"curies":[{"name":"wp","href":"https:\/\/api.w.org\/{rel}","templated":true}]}}

¿Cómo certificar la enseñanza bilingüe?

<ul>
<li><a href="https://blogsaverroes.juntadeandalucia.es/plurilinguismodelegacionmalaga/files/2024/01/Tutorial_certificaciones_biling%C3%BCes.pdf" target="_blank" rel="noopener">Certificación del alumnado bilingüe</a></li>
<li><a href="https://blogsaverroes.juntadeandalucia.es/plurilinguismodelegacionjaen/files/2020/07/Manual-Generaci%C3%B3n-certificaci%C3%B3n-participaci%C3%B3n-profesorado-biling%C3%BCe.pdf" target="_blank" rel="noopener">Certificación del Profesorado bilingüe</a></li>
</ul>
<p>&nbsp;</p>

<p>Certificación del alumnado bilingüe Certificación del Profesorado bilingüe &nbsp;</p>
