{"id":11739,"date":"2025-04-01T12:46:13","date_gmt":"2025-04-01T10:46:13","guid":{"rendered":"https:\/\/blogsaverroes.juntadeandalucia.es\/plurilinguismodelegacionmalaga\/?page_id=11739"},"modified":"2025-04-01T12:46:13","modified_gmt":"2025-04-01T10:46:13","slug":"bachibac","status":"publish","type":"page","link":"https:\/\/blogsaverroes.juntadeandalucia.es\/plurilinguismodelegacionmalaga\/bachibac\/","title":{"rendered":"Bachibac"},"content":{"rendered":"<p align=\"justify\">Bachibac es un programa de doble titulaci\u00f3n que brinda al alumnado la posibilidad de <b>alcanzar simult\u00e1neamente el t\u00edtulo de Bachiller espa\u00f1ol y el <\/b><i><b>dipl\u00f4me du Baccalaur\u00e9at<\/b><\/i><b> franc\u00e9s<\/b> al t\u00e9rmino de sus estudios secundarios postobligatorios. Este programa de excelencia se puede cursar en los centros escolares de ambos pa\u00edses en los que se oferte el curr\u00edculo mixto.<\/p>\n<p align=\"justify\">Bachibac nace al amparo del Acuerdo entre el Gobierno del Reino de Espa\u00f1a y el Gobierno de la Rep\u00fablica Francesa relativo a la doble titulaci\u00f3n de Bachiller y de Baccalaur\u00e9at, hecho \u00abad referendum\u00bb en Par\u00eds el 10 de enero de 2008, y permite al alumnado, en virtud de la doble titulaci\u00f3n, <b>acceder en ambos pa\u00edses, a la universidad, a la formaci\u00f3n profesional y a la actividad profesional, en condiciones ventajosas<\/b>.<\/p>\n<p align=\"justify\">En Espa\u00f1a <b>se puede cursar desde cualquier modalidad de Bachillerato<\/b> (Artes, Ciencias y Tecnolog\u00eda, General y Humanidades y Ciencias Sociales) en los 117 centros educativos repartidos por 13 CCAA, adem\u00e1s de en el Liceo Espa\u00f1ol Luis Bu\u00f1uel de Par\u00eds.<\/p>\n<p align=\"left\">El I.E.S. C\u00e1novas del Castillo es el \u00fanico que ofrece este programa en la provincia de M\u00e1laga.<\/p>\n<p><img loading=\"lazy\" decoding=\"async\" class=\"aligncenter wp-image-11742 size-medium\" style=\"text-align: justify\" src=\"https:\/\/blogsaverroes.juntadeandalucia.es\/plurilinguismodelegacionmalaga\/files\/2025\/04\/Plurilinguismo-69-e1743504318927-300x113.png\" alt=\"\" width=\"300\" height=\"113\" srcset=\"https:\/\/blogsaverroes.juntadeandalucia.es\/plurilinguismodelegacionmalaga\/files\/2025\/04\/Plurilinguismo-69-e1743504318927-300x113.png 300w, https:\/\/blogsaverroes.juntadeandalucia.es\/plurilinguismodelegacionmalaga\/files\/2025\/04\/Plurilinguismo-69-e1743504318927-768x290.png 768w, https:\/\/blogsaverroes.juntadeandalucia.es\/plurilinguismodelegacionmalaga\/files\/2025\/04\/Plurilinguismo-69-e1743504318927.png 1008w\" sizes=\"(max-width: 300px) 100vw, 300px\" \/><\/p>\n<p align=\"left\"><a href=\"https:\/\/www.iescanovas.es\/\"><span style=\"color: #1155cc\"><u>https:\/\/www.iescanovas.es\/<\/u><\/span><\/a><\/p>\n<p align=\"left\"><a href=\"https:\/\/www.iescanovas.es\/Bachibac.html\"><span style=\"color: #1155cc\"><u>https:\/\/www.iescanovas.es\/Bachibac.html<\/u><\/span><\/a><\/p>\n<p align=\"left\"><a href=\"https:\/\/www.educacionfpydeportes.gob.es\/mc\/bachibac\/presentacion\/programa.html\"><span style=\"color: #1155cc\"><u>https:\/\/www.educacionfpydeportes.gob.es\/mc\/bachibac\/presentacion\/programa.html<\/u><\/span><\/a><\/p>\n","protected":false},"excerpt":{"rendered":"<p>Bachibac es un programa de doble titulaci\u00f3n que brinda al alumnado la posibilidad de alcanzar simult\u00e1neamente el t\u00edtulo de Bachiller espa\u00f1ol y el dipl\u00f4me du Baccalaur\u00e9at franc\u00e9s al t\u00e9rmino de sus estudios secundarios postobligatorios.&#46;&#46;&#46;<\/p>\n","protected":false},"author":8062,"featured_media":0,"parent":0,"menu_order":0,"comment_status":"closed","ping_status":"closed","template":"","meta":{"ngg_post_thumbnail":0,"footnotes":""},"aioseo_notices":[],"_links":{"self":[{"href":"https:\/\/blogsaverroes.juntadeandalucia.es\/plurilinguismodelegacionmalaga\/wp-json\/wp\/v2\/pages\/11739"}],"collection":[{"href":"https:\/\/blogsaverroes.juntadeandalucia.es\/plurilinguismodelegacionmalaga\/wp-json\/wp\/v2\/pages"}],"about":[{"href":"https:\/\/blogsaverroes.juntadeandalucia.es\/plurilinguismodelegacionmalaga\/wp-json\/wp\/v2\/types\/page"}],"author":[{"embeddable":true,"href":"https:\/\/blogsaverroes.juntadeandalucia.es\/plurilinguismodelegacionmalaga\/wp-json\/wp\/v2\/users\/8062"}],"replies":[{"embeddable":true,"href":"https:\/\/blogsaverroes.juntadeandalucia.es\/plurilinguismodelegacionmalaga\/wp-json\/wp\/v2\/comments?post=11739"}],"version-history":[{"count":2,"href":"https:\/\/blogsaverroes.juntadeandalucia.es\/plurilinguismodelegacionmalaga\/wp-json\/wp\/v2\/pages\/11739\/revisions"}],"predecessor-version":[{"id":11743,"href":"https:\/\/blogsaverroes.juntadeandalucia.es\/plurilinguismodelegacionmalaga\/wp-json\/wp\/v2\/pages\/11739\/revisions\/11743"}],"wp:attachment":[{"href":"https:\/\/blogsaverroes.juntadeandalucia.es\/plurilinguismodelegacionmalaga\/wp-json\/wp\/v2\/media?parent=11739"}],"curies":[{"name":"wp","href":"https:\/\/api.w.org\/{rel}","templated":true}]}}