{"id":68,"date":"2022-02-10T17:24:30","date_gmt":"2022-02-10T17:24:30","guid":{"rendered":"https:\/\/blogsaverroes.juntadeandalucia.es\/politecnicoemprendimiento\/?page_id=68"},"modified":"2022-03-17T11:14:04","modified_gmt":"2022-03-17T11:14:04","slug":"formacion-y-orientacion-laboral","status":"publish","type":"page","link":"https:\/\/blogsaverroes.juntadeandalucia.es\/politecnicoemprendimiento\/formacion-y-orientacion-laboral\/","title":{"rendered":"Formaci\u00f3n y Orientaci\u00f3n Laboral"},"content":{"rendered":"<p>Esta semana, los alumnos del Ciclo formativo de Grado Superior en Automoci\u00f3n, nos han explicado sus ideas de negocio: \u00abLa Llave de Tubo\u00bb, un taller&nbsp; multidimensional y polivalente, donde el usuario puede reparar su veh\u00edculo mientras toma un caf\u00e9 y descansa en un bar tem\u00e1tico.&nbsp;<\/p>\n<figure id=\"attachment_152\" aria-describedby=\"caption-attachment-152\" style=\"width: 300px\" class=\"wp-caption alignleft\"><img loading=\"lazy\" decoding=\"async\" class=\"wp-image-152 size-medium\" src=\"https:\/\/blogsaverroes.juntadeandalucia.es\/politecnicoemprendimiento\/files\/2022\/03\/WhatsApp-Image-2022-03-16-at-18.06.31-2-300x138.jpeg\" alt=\"Estrategia de posicionamiento\" width=\"300\" height=\"138\" srcset=\"https:\/\/blogsaverroes.juntadeandalucia.es\/politecnicoemprendimiento\/files\/2022\/03\/WhatsApp-Image-2022-03-16-at-18.06.31-2-300x138.jpeg 300w, https:\/\/blogsaverroes.juntadeandalucia.es\/politecnicoemprendimiento\/files\/2022\/03\/WhatsApp-Image-2022-03-16-at-18.06.31-2-1024x472.jpeg 1024w, https:\/\/blogsaverroes.juntadeandalucia.es\/politecnicoemprendimiento\/files\/2022\/03\/WhatsApp-Image-2022-03-16-at-18.06.31-2-768x354.jpeg 768w, https:\/\/blogsaverroes.juntadeandalucia.es\/politecnicoemprendimiento\/files\/2022\/03\/WhatsApp-Image-2022-03-16-at-18.06.31-2-1536x708.jpeg 1536w, https:\/\/blogsaverroes.juntadeandalucia.es\/politecnicoemprendimiento\/files\/2022\/03\/WhatsApp-Image-2022-03-16-at-18.06.31-2.jpeg 1600w\" sizes=\"(max-width: 300px) 100vw, 300px\" \/><figcaption id=\"caption-attachment-152\" class=\"wp-caption-text\">Los alumnos Ionut Florin y Jose Angel Le\u00f3n, nos explican la estrategia de posicionamiento y el Plan de Marketing de la \u00abLlave de Tubo\u00bb<\/figcaption><\/figure>\n<figure id=\"attachment_153\" aria-describedby=\"caption-attachment-153\" style=\"width: 267px\" class=\"wp-caption alignleft\"><img loading=\"lazy\" decoding=\"async\" class=\"wp-image-153 \" src=\"https:\/\/blogsaverroes.juntadeandalucia.es\/politecnicoemprendimiento\/files\/2022\/03\/WhatsApp-Image-2022-03-16-at-18.06.31-3-300x138.jpeg\" alt=\"presentacion de promotores\" width=\"267\" height=\"123\" srcset=\"https:\/\/blogsaverroes.juntadeandalucia.es\/politecnicoemprendimiento\/files\/2022\/03\/WhatsApp-Image-2022-03-16-at-18.06.31-3-300x138.jpeg 300w, https:\/\/blogsaverroes.juntadeandalucia.es\/politecnicoemprendimiento\/files\/2022\/03\/WhatsApp-Image-2022-03-16-at-18.06.31-3-1024x472.jpeg 1024w, https:\/\/blogsaverroes.juntadeandalucia.es\/politecnicoemprendimiento\/files\/2022\/03\/WhatsApp-Image-2022-03-16-at-18.06.31-3-768x354.jpeg 768w, https:\/\/blogsaverroes.juntadeandalucia.es\/politecnicoemprendimiento\/files\/2022\/03\/WhatsApp-Image-2022-03-16-at-18.06.31-3-1536x708.jpeg 1536w, https:\/\/blogsaverroes.juntadeandalucia.es\/politecnicoemprendimiento\/files\/2022\/03\/WhatsApp-Image-2022-03-16-at-18.06.31-3.jpeg 1600w\" sizes=\"(max-width: 267px) 100vw, 267px\" \/><figcaption id=\"caption-attachment-153\" class=\"wp-caption-text\">Los alumnos Alejandro Pino, y y Francisco Miguel, presentan a los promotores de La Llave de Tubo<\/figcaption><\/figure>\n<figure id=\"attachment_151\" aria-describedby=\"caption-attachment-151\" style=\"width: 300px\" class=\"wp-caption alignnone\"><img loading=\"lazy\" decoding=\"async\" class=\"wp-image-151 size-medium\" src=\"https:\/\/blogsaverroes.juntadeandalucia.es\/politecnicoemprendimiento\/files\/2022\/03\/WhatsApp-Image-2022-03-16-at-18.06.31-1-300x172.jpeg\" alt=\"exposici\u00f3n del plan financiero\" width=\"300\" height=\"172\" srcset=\"https:\/\/blogsaverroes.juntadeandalucia.es\/politecnicoemprendimiento\/files\/2022\/03\/WhatsApp-Image-2022-03-16-at-18.06.31-1-300x172.jpeg 300w, https:\/\/blogsaverroes.juntadeandalucia.es\/politecnicoemprendimiento\/files\/2022\/03\/WhatsApp-Image-2022-03-16-at-18.06.31-1-1024x587.jpeg 1024w, https:\/\/blogsaverroes.juntadeandalucia.es\/politecnicoemprendimiento\/files\/2022\/03\/WhatsApp-Image-2022-03-16-at-18.06.31-1-768x441.jpeg 768w, https:\/\/blogsaverroes.juntadeandalucia.es\/politecnicoemprendimiento\/files\/2022\/03\/WhatsApp-Image-2022-03-16-at-18.06.31-1.jpeg 1128w\" sizes=\"(max-width: 300px) 100vw, 300px\" \/><figcaption id=\"caption-attachment-151\" class=\"wp-caption-text\">El alumno Miguel \u00c1ngel Oliva, nos explica el Plan Financiero de \u00abLa llave de tubo\u00bb<\/figcaption><\/figure>\n<p>&nbsp;<\/p>\n<p class=\"western\"><span style=\"color: #000000\"><span style=\"font-family: Roboto, Arial, sans-serif\"><span style=\"font-size: medium\">Los alumnos del Ciclo formativo de Grado Superior en Automoci\u00f3n, nos han hablado de \u00abGas Paint\u00bb un taller donde el usuario <\/span><\/span><\/span><span style=\"color: #000000\"><span style=\"font-family: Roboto, Arial, sans-serif\"><span style=\"font-size: medium\">&nbsp;puede&nbsp; reparar por si mismo su veh\u00edculo alquilando la maquinaria y equipos necesarios. <\/span><\/span><\/span>&nbsp;<\/p>\n<p>&nbsp;<\/p>\n<figure id=\"attachment_155\" aria-describedby=\"caption-attachment-155\" style=\"width: 300px\" class=\"wp-caption alignleft\"><img loading=\"lazy\" decoding=\"async\" class=\"wp-image-155 size-medium\" src=\"https:\/\/blogsaverroes.juntadeandalucia.es\/politecnicoemprendimiento\/files\/2022\/03\/WhatsApp-Image-2022-03-16-at-18.06.32-4-300x138.jpeg\" alt=\"exposicion \" width=\"300\" height=\"138\" srcset=\"https:\/\/blogsaverroes.juntadeandalucia.es\/politecnicoemprendimiento\/files\/2022\/03\/WhatsApp-Image-2022-03-16-at-18.06.32-4-300x138.jpeg 300w, https:\/\/blogsaverroes.juntadeandalucia.es\/politecnicoemprendimiento\/files\/2022\/03\/WhatsApp-Image-2022-03-16-at-18.06.32-4-1024x472.jpeg 1024w, https:\/\/blogsaverroes.juntadeandalucia.es\/politecnicoemprendimiento\/files\/2022\/03\/WhatsApp-Image-2022-03-16-at-18.06.32-4-768x354.jpeg 768w, https:\/\/blogsaverroes.juntadeandalucia.es\/politecnicoemprendimiento\/files\/2022\/03\/WhatsApp-Image-2022-03-16-at-18.06.32-4-1536x708.jpeg 1536w, https:\/\/blogsaverroes.juntadeandalucia.es\/politecnicoemprendimiento\/files\/2022\/03\/WhatsApp-Image-2022-03-16-at-18.06.32-4.jpeg 1600w\" sizes=\"(max-width: 300px) 100vw, 300px\" \/><figcaption id=\"caption-attachment-155\" class=\"wp-caption-text\">Germ\u00e1n Gonz\u00e1lez, Hatim Erragragy y Ernesto Garcia Notario, nos explican su idea de negocio \u00abGas Paint\u00bb<\/figcaption><\/figure>\n<figure id=\"attachment_156\" aria-describedby=\"caption-attachment-156\" style=\"width: 300px\" class=\"wp-caption alignright\"><img loading=\"lazy\" decoding=\"async\" class=\"wp-image-156 size-medium\" src=\"https:\/\/blogsaverroes.juntadeandalucia.es\/politecnicoemprendimiento\/files\/2022\/03\/WhatsApp-Image-2022-03-16-at-18.06.32-5-300x138.jpeg\" alt=\"\" width=\"300\" height=\"138\" srcset=\"https:\/\/blogsaverroes.juntadeandalucia.es\/politecnicoemprendimiento\/files\/2022\/03\/WhatsApp-Image-2022-03-16-at-18.06.32-5-300x138.jpeg 300w, https:\/\/blogsaverroes.juntadeandalucia.es\/politecnicoemprendimiento\/files\/2022\/03\/WhatsApp-Image-2022-03-16-at-18.06.32-5-1024x472.jpeg 1024w, https:\/\/blogsaverroes.juntadeandalucia.es\/politecnicoemprendimiento\/files\/2022\/03\/WhatsApp-Image-2022-03-16-at-18.06.32-5-768x354.jpeg 768w, https:\/\/blogsaverroes.juntadeandalucia.es\/politecnicoemprendimiento\/files\/2022\/03\/WhatsApp-Image-2022-03-16-at-18.06.32-5-1536x708.jpeg 1536w, https:\/\/blogsaverroes.juntadeandalucia.es\/politecnicoemprendimiento\/files\/2022\/03\/WhatsApp-Image-2022-03-16-at-18.06.32-5.jpeg 1600w\" sizes=\"(max-width: 300px) 100vw, 300px\" \/><figcaption id=\"caption-attachment-156\" class=\"wp-caption-text\">Alberto Jes\u00fas G\u00f3mez y Diego Jes\u00fas Jim\u00e9nez nos hablan de \u00abGas Paint\u00bb<\/figcaption><\/figure>\n<p>&nbsp;<\/p>\n<p>&nbsp;<\/p>\n<p>&nbsp;<\/p>\n<p>&nbsp;<\/p>\n<p>&nbsp;<\/p>\n<p>&nbsp;<\/p>\n<p>&nbsp;<\/p>\n<p>&nbsp;<\/p>\n<figure id=\"attachment_154\" aria-describedby=\"caption-attachment-154\" style=\"width: 300px\" class=\"wp-caption aligncenter\"><img loading=\"lazy\" decoding=\"async\" class=\"wp-image-154 size-medium\" src=\"https:\/\/blogsaverroes.juntadeandalucia.es\/politecnicoemprendimiento\/files\/2022\/03\/WhatsApp-Image-2022-03-16-at-18.06.32-2-300x138.jpeg\" alt=\"exposici\u00f3n idea de negocio \" width=\"300\" height=\"138\" srcset=\"https:\/\/blogsaverroes.juntadeandalucia.es\/politecnicoemprendimiento\/files\/2022\/03\/WhatsApp-Image-2022-03-16-at-18.06.32-2-300x138.jpeg 300w, https:\/\/blogsaverroes.juntadeandalucia.es\/politecnicoemprendimiento\/files\/2022\/03\/WhatsApp-Image-2022-03-16-at-18.06.32-2-1024x472.jpeg 1024w, https:\/\/blogsaverroes.juntadeandalucia.es\/politecnicoemprendimiento\/files\/2022\/03\/WhatsApp-Image-2022-03-16-at-18.06.32-2-768x354.jpeg 768w, https:\/\/blogsaverroes.juntadeandalucia.es\/politecnicoemprendimiento\/files\/2022\/03\/WhatsApp-Image-2022-03-16-at-18.06.32-2-1536x708.jpeg 1536w, https:\/\/blogsaverroes.juntadeandalucia.es\/politecnicoemprendimiento\/files\/2022\/03\/WhatsApp-Image-2022-03-16-at-18.06.32-2.jpeg 1600w\" sizes=\"(max-width: 300px) 100vw, 300px\" \/><figcaption id=\"caption-attachment-154\" class=\"wp-caption-text\">Los alumnos Ayoub Bakiri y Abdelaati El Mamouni, del Ciclo Formativo de Automoci\u00f3n nos hablan de su Taller Abdelak<\/figcaption><\/figure>\n<p>&nbsp;<\/p>\n<figure id=\"attachment_157\" aria-describedby=\"caption-attachment-157\" style=\"width: 300px\" class=\"wp-caption alignleft\"><img loading=\"lazy\" decoding=\"async\" class=\"wp-image-157 size-medium\" src=\"https:\/\/blogsaverroes.juntadeandalucia.es\/politecnicoemprendimiento\/files\/2022\/03\/WhatsApp-Image-2022-03-16-at-18.06.32-6-300x138.jpeg\" alt=\"\" width=\"300\" height=\"138\" srcset=\"https:\/\/blogsaverroes.juntadeandalucia.es\/politecnicoemprendimiento\/files\/2022\/03\/WhatsApp-Image-2022-03-16-at-18.06.32-6-300x138.jpeg 300w, https:\/\/blogsaverroes.juntadeandalucia.es\/politecnicoemprendimiento\/files\/2022\/03\/WhatsApp-Image-2022-03-16-at-18.06.32-6-1024x472.jpeg 1024w, https:\/\/blogsaverroes.juntadeandalucia.es\/politecnicoemprendimiento\/files\/2022\/03\/WhatsApp-Image-2022-03-16-at-18.06.32-6-768x354.jpeg 768w, https:\/\/blogsaverroes.juntadeandalucia.es\/politecnicoemprendimiento\/files\/2022\/03\/WhatsApp-Image-2022-03-16-at-18.06.32-6-1536x708.jpeg 1536w, https:\/\/blogsaverroes.juntadeandalucia.es\/politecnicoemprendimiento\/files\/2022\/03\/WhatsApp-Image-2022-03-16-at-18.06.32-6.jpeg 1600w\" sizes=\"(max-width: 300px) 100vw, 300px\" \/><figcaption id=\"caption-attachment-157\" class=\"wp-caption-text\">Los alumnos del Ciclo de sistema Microinform\u00e1ticos en Red, Javier Pel\u00e1ez y Amanda Navas,&nbsp; presentan \u00abEsmeralda Gym\u00bb,&nbsp;<\/figcaption><\/figure>\n<figure id=\"attachment_164\" aria-describedby=\"caption-attachment-164\" style=\"width: 300px\" class=\"wp-caption alignright\"><img loading=\"lazy\" decoding=\"async\" class=\"size-medium wp-image-164\" src=\"https:\/\/blogsaverroes.juntadeandalucia.es\/politecnicoemprendimiento\/files\/2022\/03\/WhatsApp-Image-2022-03-16-at-18.06.32-7-300x138.jpeg\" alt=\"exposici\u00f3n\" width=\"300\" height=\"138\" srcset=\"https:\/\/blogsaverroes.juntadeandalucia.es\/politecnicoemprendimiento\/files\/2022\/03\/WhatsApp-Image-2022-03-16-at-18.06.32-7-300x138.jpeg 300w, https:\/\/blogsaverroes.juntadeandalucia.es\/politecnicoemprendimiento\/files\/2022\/03\/WhatsApp-Image-2022-03-16-at-18.06.32-7-1024x472.jpeg 1024w, https:\/\/blogsaverroes.juntadeandalucia.es\/politecnicoemprendimiento\/files\/2022\/03\/WhatsApp-Image-2022-03-16-at-18.06.32-7-768x354.jpeg 768w, https:\/\/blogsaverroes.juntadeandalucia.es\/politecnicoemprendimiento\/files\/2022\/03\/WhatsApp-Image-2022-03-16-at-18.06.32-7-1536x708.jpeg 1536w, https:\/\/blogsaverroes.juntadeandalucia.es\/politecnicoemprendimiento\/files\/2022\/03\/WhatsApp-Image-2022-03-16-at-18.06.32-7.jpeg 1600w\" sizes=\"(max-width: 300px) 100vw, 300px\" \/><figcaption id=\"caption-attachment-164\" class=\"wp-caption-text\">Sus compa\u00f1eros Mat\u00edas Olivera y Juanma Rosa, hablan del entorno y del Mercado de Esmeralda Gym, un Gimnasio joven y moderno<\/figcaption><\/figure>\n<figure id=\"attachment_161\" aria-describedby=\"caption-attachment-161\" style=\"width: 300px\" class=\"wp-caption alignleft\"><img loading=\"lazy\" decoding=\"async\" class=\"wp-image-161 size-medium\" src=\"https:\/\/blogsaverroes.juntadeandalucia.es\/politecnicoemprendimiento\/files\/2022\/03\/WhatsApp-Image-2022-03-16-at-18.06.32-9-300x138.jpeg\" alt=\"\" width=\"300\" height=\"138\" srcset=\"https:\/\/blogsaverroes.juntadeandalucia.es\/politecnicoemprendimiento\/files\/2022\/03\/WhatsApp-Image-2022-03-16-at-18.06.32-9-300x138.jpeg 300w, https:\/\/blogsaverroes.juntadeandalucia.es\/politecnicoemprendimiento\/files\/2022\/03\/WhatsApp-Image-2022-03-16-at-18.06.32-9-1024x472.jpeg 1024w, https:\/\/blogsaverroes.juntadeandalucia.es\/politecnicoemprendimiento\/files\/2022\/03\/WhatsApp-Image-2022-03-16-at-18.06.32-9-768x354.jpeg 768w, https:\/\/blogsaverroes.juntadeandalucia.es\/politecnicoemprendimiento\/files\/2022\/03\/WhatsApp-Image-2022-03-16-at-18.06.32-9-1536x708.jpeg 1536w, https:\/\/blogsaverroes.juntadeandalucia.es\/politecnicoemprendimiento\/files\/2022\/03\/WhatsApp-Image-2022-03-16-at-18.06.32-9.jpeg 1600w\" sizes=\"(max-width: 300px) 100vw, 300px\" \/><figcaption id=\"caption-attachment-161\" class=\"wp-caption-text\">Los alumnos del Ciclo de Sistema Microinform\u00e1ticos en Red Karim El Ouazzani y Maxi Crist\u00f3bal, presentan la red social de contactos \u00abFeeting\u00bb<\/figcaption><\/figure>\n<figure id=\"attachment_158\" aria-describedby=\"caption-attachment-158\" style=\"width: 300px\" class=\"wp-caption alignright\"><img loading=\"lazy\" decoding=\"async\" class=\"wp-image-158 size-medium\" style=\"color: #747474;font-family: 'Open Sans', sans-serif;background-color: #ffffff\" src=\"https:\/\/blogsaverroes.juntadeandalucia.es\/politecnicoemprendimiento\/files\/2022\/03\/WhatsApp-Image-2022-03-16-at-18.06.32-8-300x138.jpeg\" alt=\"\" width=\"300\" height=\"138\" srcset=\"https:\/\/blogsaverroes.juntadeandalucia.es\/politecnicoemprendimiento\/files\/2022\/03\/WhatsApp-Image-2022-03-16-at-18.06.32-8-300x138.jpeg 300w, https:\/\/blogsaverroes.juntadeandalucia.es\/politecnicoemprendimiento\/files\/2022\/03\/WhatsApp-Image-2022-03-16-at-18.06.32-8-1024x472.jpeg 1024w, https:\/\/blogsaverroes.juntadeandalucia.es\/politecnicoemprendimiento\/files\/2022\/03\/WhatsApp-Image-2022-03-16-at-18.06.32-8-768x354.jpeg 768w, https:\/\/blogsaverroes.juntadeandalucia.es\/politecnicoemprendimiento\/files\/2022\/03\/WhatsApp-Image-2022-03-16-at-18.06.32-8-1536x708.jpeg 1536w, https:\/\/blogsaverroes.juntadeandalucia.es\/politecnicoemprendimiento\/files\/2022\/03\/WhatsApp-Image-2022-03-16-at-18.06.32-8.jpeg 1600w\" sizes=\"(max-width: 300px) 100vw, 300px\" \/><figcaption id=\"caption-attachment-158\" class=\"wp-caption-text\">Sus compa\u00f1eros, Sergio Arag\u00f3n y Pablo Monter, nos explican la utilidad de una red social como \u00abFeeting\u00bb, pensada para un publico joven y abierto a nuevos contactos, con gustos particulares<\/figcaption><\/figure>\n<figure id=\"attachment_159\" aria-describedby=\"caption-attachment-159\" style=\"width: 300px\" class=\"wp-caption alignleft\"><img loading=\"lazy\" decoding=\"async\" class=\"wp-image-159 size-medium\" src=\"https:\/\/blogsaverroes.juntadeandalucia.es\/politecnicoemprendimiento\/files\/2022\/03\/WhatsApp-Image-2022-03-16-at-18.06.32-11-300x138.jpeg\" alt=\"\" width=\"300\" height=\"138\"><figcaption id=\"caption-attachment-159\" class=\"wp-caption-text\">Luis Ruiz y Pablo Rodr\u00edguez, del grupo de Sistemas Microinform\u00e1ticos en Red presentan \u00abS\u00e1lvame PC\u00bb una empresa de asistencia remota para ayudar a colectivos con dificultades derivadas de la brecha digital<\/figcaption><\/figure>\n<p>&nbsp;<\/p>\n<p>&nbsp;<\/p>\n<p>&nbsp;<\/p>\n<p>&nbsp;<\/p>\n<p>&nbsp;<\/p>\n<p>&nbsp;<\/p>\n<p>&nbsp;<\/p>\n<p>&nbsp;<\/p>\n<p>&nbsp;<\/p>\n<p>&nbsp;<\/p>\n<p>&nbsp;<\/p>\n<p>&nbsp;<\/p>\n<p>&nbsp;<\/p>\n<p>&nbsp;<\/p>\n<p>&nbsp;<\/p>\n<figure id=\"attachment_167\" aria-describedby=\"caption-attachment-167\" style=\"width: 300px\" class=\"wp-caption alignright\"><img loading=\"lazy\" decoding=\"async\" class=\"size-medium wp-image-167\" src=\"https:\/\/blogsaverroes.juntadeandalucia.es\/politecnicoemprendimiento\/files\/2022\/03\/WhatsApp-Image-2022-03-16-at-18.06.33-300x138.jpeg\" alt=\"\" width=\"300\" height=\"138\" srcset=\"https:\/\/blogsaverroes.juntadeandalucia.es\/politecnicoemprendimiento\/files\/2022\/03\/WhatsApp-Image-2022-03-16-at-18.06.33-300x138.jpeg 300w, https:\/\/blogsaverroes.juntadeandalucia.es\/politecnicoemprendimiento\/files\/2022\/03\/WhatsApp-Image-2022-03-16-at-18.06.33-1024x472.jpeg 1024w, https:\/\/blogsaverroes.juntadeandalucia.es\/politecnicoemprendimiento\/files\/2022\/03\/WhatsApp-Image-2022-03-16-at-18.06.33-768x354.jpeg 768w, https:\/\/blogsaverroes.juntadeandalucia.es\/politecnicoemprendimiento\/files\/2022\/03\/WhatsApp-Image-2022-03-16-at-18.06.33-1536x708.jpeg 1536w, https:\/\/blogsaverroes.juntadeandalucia.es\/politecnicoemprendimiento\/files\/2022\/03\/WhatsApp-Image-2022-03-16-at-18.06.33.jpeg 1600w\" sizes=\"(max-width: 300px) 100vw, 300px\" \/><figcaption id=\"caption-attachment-167\" class=\"wp-caption-text\">Ferm\u00edn Orbaiceta y Manuel Pareja, nos hablan del an\u00e1lisis del Entorno y el Sector de su negocio S\u00e1lvame PC, una necesidad de atenci\u00f3n de creciente demanda en un mundo tecnol\u00f3gico.&nbsp;<\/figcaption><\/figure>\n","protected":false},"excerpt":{"rendered":"<p>Esta semana, los alumnos del Ciclo formativo de Grado Superior en Automoci\u00f3n, nos han explicado sus ideas de negocio: \u00abLa Llave de Tubo\u00bb, un taller&nbsp; multidimensional y polivalente, donde el usuario puede reparar su veh\u00edculo mientras toma un caf\u00e9 y descansa en un bar tem\u00e1tico.&nbsp; &nbsp; Los alumnos del Ciclo formativo de Grado Superior en [&hellip;]<\/p>\n","protected":false},"author":14521,"featured_media":0,"parent":0,"menu_order":0,"comment_status":"closed","ping_status":"closed","template":"","meta":{"ngg_post_thumbnail":0,"footnotes":""},"aioseo_notices":[],"_links":{"self":[{"href":"https:\/\/blogsaverroes.juntadeandalucia.es\/politecnicoemprendimiento\/wp-json\/wp\/v2\/pages\/68"}],"collection":[{"href":"https:\/\/blogsaverroes.juntadeandalucia.es\/politecnicoemprendimiento\/wp-json\/wp\/v2\/pages"}],"about":[{"href":"https:\/\/blogsaverroes.juntadeandalucia.es\/politecnicoemprendimiento\/wp-json\/wp\/v2\/types\/page"}],"author":[{"embeddable":true,"href":"https:\/\/blogsaverroes.juntadeandalucia.es\/politecnicoemprendimiento\/wp-json\/wp\/v2\/users\/14521"}],"replies":[{"embeddable":true,"href":"https:\/\/blogsaverroes.juntadeandalucia.es\/politecnicoemprendimiento\/wp-json\/wp\/v2\/comments?post=68"}],"version-history":[{"count":6,"href":"https:\/\/blogsaverroes.juntadeandalucia.es\/politecnicoemprendimiento\/wp-json\/wp\/v2\/pages\/68\/revisions"}],"predecessor-version":[{"id":172,"href":"https:\/\/blogsaverroes.juntadeandalucia.es\/politecnicoemprendimiento\/wp-json\/wp\/v2\/pages\/68\/revisions\/172"}],"wp:attachment":[{"href":"https:\/\/blogsaverroes.juntadeandalucia.es\/politecnicoemprendimiento\/wp-json\/wp\/v2\/media?parent=68"}],"curies":[{"name":"wp","href":"https:\/\/api.w.org\/{rel}","templated":true}]}}