{"id":330,"date":"2015-03-18T07:11:43","date_gmt":"2015-03-18T07:11:43","guid":{"rendered":"http:\/\/blogsaverroes.juntadeandalucia.es\/pre\/ceip\/?page_id=330"},"modified":"2023-03-22T00:13:49","modified_gmt":"2023-03-21T23:13:49","slug":"bibliop","status":"publish","type":"page","link":"https:\/\/blogsaverroes.juntadeandalucia.es\/poniente\/biblioteca\/bibliop\/","title":{"rendered":"Novedades"},"content":{"rendered":"<p style=\"text-align: justify\">Como cada a\u00f1o, desde el departamento de la biblioteca, intentamos modernizar el cat\u00e1logo de libros; las nuevas colecciones est\u00e1n siendo todo un \u00e9xito, (de lo cual nos alegramos), pero si todav\u00eda no las has visto o tienes alguna duda sobre la calidad de las colecciones echad un vistazo a continuaci\u00f3n:<\/p>\n<p><strong>CURSO 2022\/2023<\/strong><\/p>\n<p>Para este curso hemos podido incorporar unas bonitas colecciones que deseamos sean del agrado de nuestr@s querid@s lector@s:<\/p>\n<p>&nbsp;<\/p>\n<p><img loading=\"lazy\" decoding=\"async\" class=\"n3VNCb pT0Scc KAlRDb aligncenter\" src=\"https:\/\/www.anayainfantilyjuvenil.com\/images\/libros\/grande\/9788467861181-lechuza-detective-1-el-origen-lechuza-detective.jpg\" alt=\"Lechuza Detective 1: El origen - Anaya Infantil y juvenil\" data-noaft=\"1\" width=\"279\" height=\"583\"><\/p>\n<p><img loading=\"lazy\" decoding=\"async\" class=\"n3VNCb pT0Scc KAlRDb aligncenter\" src=\"https:\/\/www.abacus.coop\/dw\/image\/v2\/BDLM_PRD\/on\/demandware.static\/-\/Sites-AbacusMaster\/default\/dw4888854d\/images\/large\/1076784.78.jpg?sw=740\" alt=\"Operaci\u00f3n Petroglifo Lechuza Detective 2 - Abacus Online\" data-noaft=\"1\" width=\"269\" height=\"410\"><\/p>\n<p><img loading=\"lazy\" decoding=\"async\" class=\"n3VNCb pT0Scc wiBR2 KAlRDb aligncenter\" src=\"https:\/\/m.media-amazon.com\/images\/W\/IMAGERENDERING_521856-T1\/images\/I\/81oGsFS9BjL.jpg\" alt=\"Lechuza Detective 3: El inquietante caso del huevo roto (LITERATURA INFANTIL - Lechuza Detective) : Lechuza, Equipo: Amazon.es: Libros\" data-noaft=\"1\" width=\"267\" height=\"392\"><\/p>\n<p><img loading=\"lazy\" decoding=\"async\" class=\"aligncenter wp-image-5967 size-large\" src=\"https:\/\/blogsaverroes.juntadeandalucia.es\/poniente\/files\/2023\/03\/cuento-vamos-cuentos-a-Belen-201x270.jpg\" alt=\"\" width=\"201\" height=\"270\" srcset=\"https:\/\/blogsaverroes.juntadeandalucia.es\/poniente\/files\/2023\/03\/cuento-vamos-cuentos-a-Belen-201x270.jpg 201w, https:\/\/blogsaverroes.juntadeandalucia.es\/poniente\/files\/2023\/03\/cuento-vamos-cuentos-a-Belen-74x100.jpg 74w, https:\/\/blogsaverroes.juntadeandalucia.es\/poniente\/files\/2023\/03\/cuento-vamos-cuentos-a-Belen-30x40.jpg 30w, https:\/\/blogsaverroes.juntadeandalucia.es\/poniente\/files\/2023\/03\/cuento-vamos-cuentos-a-Belen.jpg 371w\" sizes=\"(max-width: 201px) 100vw, 201px\" \/><\/p>\n<p>&nbsp;<\/p>\n<p><strong>CURSO 2021\/2022<\/strong><\/p>\n<p>Este a\u00f1o, hemos actualizado algunas de nuestras colecciones m\u00e1s queridas por nuestro alumnado con los nuevos cap\u00edtulos de sus libros preferidos, y adem\u00e1s hemos comprado otras colecciones que seguro les encantar\u00e1n.<\/p>\n<p><img loading=\"lazy\" decoding=\"async\" class=\"alignleft wp-image-4368\" src=\"https:\/\/blogsaverroes.juntadeandalucia.es\/poniente\/files\/2021\/09\/billie-b-brown-150x150.jpg\" alt=\"\" width=\"70\" height=\"108\" srcset=\"https:\/\/blogsaverroes.juntadeandalucia.es\/poniente\/files\/2021\/09\/billie-b-brown-194x300.jpg 194w, https:\/\/blogsaverroes.juntadeandalucia.es\/poniente\/files\/2021\/09\/billie-b-brown.jpg 322w\" sizes=\"(max-width: 70px) 100vw, 70px\" \/>&nbsp;<\/p>\n<p>Billie B. Brown (1 &#8211; 11) <a href=\"http:\/\/www.30yymama.com\/2017\/10\/billie-b-es-una-campeona-frutilectura.html\">rese\u00f1a del libro 1<\/a><\/p>\n<p><img loading=\"lazy\" decoding=\"async\" class=\"alignleft wp-image-4369\" src=\"https:\/\/blogsaverroes.juntadeandalucia.es\/poniente\/files\/2021\/09\/club-muffin-150x150.jpg\" alt=\"\" width=\"70\" height=\"94\" srcset=\"https:\/\/blogsaverroes.juntadeandalucia.es\/poniente\/files\/2021\/09\/club-muffin-224x300.jpg 224w, https:\/\/blogsaverroes.juntadeandalucia.es\/poniente\/files\/2021\/09\/club-muffin.jpg 373w\" sizes=\"(max-width: 70px) 100vw, 70px\" \/><\/p>\n<p>&nbsp;<\/p>\n<p>El club muffin (1, 2) <a href=\"https:\/\/www.casadellibro.com\/libro-el-club-muffin-la-pandilla-mas-dulce-del-mundo\/9788469607787\/6033383\">rese\u00f1a del libro 1<\/a><\/p>\n<p><img loading=\"lazy\" decoding=\"async\" class=\"alignleft wp-image-4370\" src=\"https:\/\/blogsaverroes.juntadeandalucia.es\/poniente\/files\/2021\/09\/laura-superchef-150x150.jpg\" alt=\"\" width=\"70\" height=\"99\" srcset=\"https:\/\/blogsaverroes.juntadeandalucia.es\/poniente\/files\/2021\/09\/laura-superchef-213x300.jpg 213w, https:\/\/blogsaverroes.juntadeandalucia.es\/poniente\/files\/2021\/09\/laura-superchef-767x1080.jpg 767w, https:\/\/blogsaverroes.juntadeandalucia.es\/poniente\/files\/2021\/09\/laura-superchef-768x1081.jpg 768w, https:\/\/blogsaverroes.juntadeandalucia.es\/poniente\/files\/2021\/09\/laura-superchef.jpg 1000w\" sizes=\"(max-width: 70px) 100vw, 70px\" \/><\/p>\n<p>&nbsp;<\/p>\n<p>Laura Superchef (1, 2) <a href=\"https:\/\/www.casadellibro.com\/libro-laura-superchef-chocolate\/9788469603840\/3018353\">rese\u00f1a del libro 1<\/a><\/p>\n<p><img loading=\"lazy\" decoding=\"async\" class=\"alignleft wp-image-4372\" src=\"https:\/\/blogsaverroes.juntadeandalucia.es\/poniente\/files\/2021\/09\/lechuza-1-150x150.jpg\" alt=\"\" width=\"70\" height=\"104\" srcset=\"https:\/\/blogsaverroes.juntadeandalucia.es\/poniente\/files\/2021\/09\/lechuza-1-201x300.jpg 201w, https:\/\/blogsaverroes.juntadeandalucia.es\/poniente\/files\/2021\/09\/lechuza-1.jpg 335w\" sizes=\"(max-width: 70px) 100vw, 70px\" \/><\/p>\n<p>&nbsp;<\/p>\n<p>Lechuza detective (1 &#8211; 5) <a href=\"https:\/\/www.casadellibro.com\/libro-lechuza-detective-1-el-origen\/9788467861181\/2287380\">rese\u00f1a del libro 1<\/a><\/p>\n<p><img loading=\"lazy\" decoding=\"async\" class=\"alignleft wp-image-4373\" src=\"https:\/\/blogsaverroes.juntadeandalucia.es\/poniente\/files\/2021\/09\/los-cazapesadillas-150x150.jpg\" alt=\"\" width=\"70\" height=\"99\" srcset=\"https:\/\/blogsaverroes.juntadeandalucia.es\/poniente\/files\/2021\/09\/los-cazapesadillas-212x300.jpg 212w, https:\/\/blogsaverroes.juntadeandalucia.es\/poniente\/files\/2021\/09\/los-cazapesadillas-764x1080.jpg 764w, https:\/\/blogsaverroes.juntadeandalucia.es\/poniente\/files\/2021\/09\/los-cazapesadillas-768x1086.jpg 768w, https:\/\/blogsaverroes.juntadeandalucia.es\/poniente\/files\/2021\/09\/los-cazapesadillas-1086x1536.jpg 1086w, https:\/\/blogsaverroes.juntadeandalucia.es\/poniente\/files\/2021\/09\/los-cazapesadillas-1448x2048.jpg 1448w, https:\/\/blogsaverroes.juntadeandalucia.es\/poniente\/files\/2021\/09\/los-cazapesadillas.jpg 1131w\" sizes=\"(max-width: 70px) 100vw, 70px\" \/><\/p>\n<p>&nbsp;<\/p>\n<p>Los Cazapesadillas (1 &#8211; 4) <a href=\"https:\/\/www.casadellibro.com\/libro-los-cazapesadillas-1-el-inquilino-fantasma\/9788413187747\/11572859\">rese\u00f1a del libro 1<\/a><\/p>\n<p><img loading=\"lazy\" decoding=\"async\" class=\"alignleft wp-image-4374\" src=\"https:\/\/blogsaverroes.juntadeandalucia.es\/poniente\/files\/2021\/09\/marty-maravilla-150x150.jpg\" alt=\"\" width=\"70\" height=\"95\" srcset=\"https:\/\/blogsaverroes.juntadeandalucia.es\/poniente\/files\/2021\/09\/marty-maravilla-222x300.jpg 222w, https:\/\/blogsaverroes.juntadeandalucia.es\/poniente\/files\/2021\/09\/marty-maravilla.jpg 369w\" sizes=\"(max-width: 70px) 100vw, 70px\" \/><\/p>\n<p>&nbsp;<\/p>\n<p>Marty &lt;Maravilla&gt; (1, 2) <a href=\"https:\/\/www.casadellibro.com\/libro-marty-maravilla-y-la-fuga-de-lombrices\/9788469601099\/2407222\">rese\u00f1a del libro 1<\/a><\/p>\n<p><img loading=\"lazy\" decoding=\"async\" class=\"alignleft wp-image-4375\" src=\"https:\/\/blogsaverroes.juntadeandalucia.es\/poniente\/files\/2021\/09\/polican-150x150.jpg\" alt=\"\" width=\"70\" height=\"107\" srcset=\"https:\/\/blogsaverroes.juntadeandalucia.es\/poniente\/files\/2021\/09\/polican-197x300.jpg 197w, https:\/\/blogsaverroes.juntadeandalucia.es\/poniente\/files\/2021\/09\/polican.jpg 600w\" sizes=\"(max-width: 70px) 100vw, 70px\" \/><\/p>\n<p>&nbsp;<\/p>\n<p>Polican (1 &#8211; 4) <a href=\"https:\/\/www.casadellibro.com\/libro-polican-1\/9788467594454\/5944729\">rese\u00f1a del libro 1<\/a><\/p>\n<p><img loading=\"lazy\" decoding=\"async\" class=\"alignleft wp-image-4376\" src=\"https:\/\/blogsaverroes.juntadeandalucia.es\/poniente\/files\/2021\/09\/primos-sa-150x150.jpg\" alt=\"\" width=\"70\" height=\"95\" srcset=\"https:\/\/blogsaverroes.juntadeandalucia.es\/poniente\/files\/2021\/09\/primos-sa-220x300.jpg 220w, https:\/\/blogsaverroes.juntadeandalucia.es\/poniente\/files\/2021\/09\/primos-sa.jpg 254w\" sizes=\"(max-width: 70px) 100vw, 70px\" \/><\/p>\n<p>&nbsp;<\/p>\n<p>Primos S.A. (1 &#8211; 4)<a href=\"https:\/\/www.casadellibro.com\/libro-primos-san1-el-misterio-de-la-casa-embrujada\/9788491824527\/9143366\"> rese\u00f1a del libro 1<\/a><\/p>\n<p><img loading=\"lazy\" decoding=\"async\" class=\"alignleft wp-image-4377\" src=\"https:\/\/blogsaverroes.juntadeandalucia.es\/poniente\/files\/2021\/09\/sara-espiacalamar-150x150.jpg\" alt=\"\" width=\"70\" height=\"108\" srcset=\"https:\/\/blogsaverroes.juntadeandalucia.es\/poniente\/files\/2021\/09\/sara-espiacalamar-195x300.jpg 195w, https:\/\/blogsaverroes.juntadeandalucia.es\/poniente\/files\/2021\/09\/sara-espiacalamar.jpg 229w\" sizes=\"(max-width: 70px) 100vw, 70px\" \/><\/p>\n<p>&nbsp;<\/p>\n<p>Sara #espiacalamar (1, 2) <a href=\"https:\/\/www.casadellibro.com\/libro-sara-espiacalamar-1--misterio-en-la-nieve\/9788469629536\/12271601\">rese\u00f1a del libro 1<\/a><\/p>\n<p><img loading=\"lazy\" decoding=\"async\" class=\"alignleft wp-image-4378\" src=\"https:\/\/blogsaverroes.juntadeandalucia.es\/poniente\/files\/2021\/09\/sito-kesito-150x150.jpg\" alt=\"\" width=\"70\" height=\"107\" srcset=\"https:\/\/blogsaverroes.juntadeandalucia.es\/poniente\/files\/2021\/09\/sito-kesito-196x300.jpg 196w, https:\/\/blogsaverroes.juntadeandalucia.es\/poniente\/files\/2021\/09\/sito-kesito.jpg 600w\" sizes=\"(max-width: 70px) 100vw, 70px\" \/><\/p>\n<p>&nbsp;<\/p>\n<p>Sito Kesito (1 &#8211; 8) <a href=\"https:\/\/www.casadellibro.com\/libro-sito-kesito-y-su-robot-gigantesco\/9788413181196\/9853304\">rese\u00f1a del libro 1<\/a><\/p>\n<p>&nbsp;<\/p>\n<p><strong>CURSO 2020\/2021<\/strong><\/p>\n<p>Este curso, los protagonistas de nuestro primer pedido para la biblioteca, han sido los libros dedicados al trabajo de emociones. Aqu\u00ed ten\u00e9is algunos de ellos para poder consultar qu\u00e9 historias esconden en su interior as\u00ed como la edad a los que van dirigidos.<\/p>\n<p><img decoding=\"async\" class=\"\" src=\"https:\/\/pekeleke.es\/wp-content\/uploads\/2015\/08\/Yo-Matar%C3%A9-Monstruos-por-Ti-portada-215x227.jpg\" alt=\"Yo Matar\u00e9 Monstruos por Ti (portada)\" width=\"68\" height=\"\"> YO MATAR\u00c9 MONSTRUOS POR TI: <a href=\"https:\/\/pekeleke.es\/libros\/yo-matare-monstruos-por-ti-de-santi-balmes\/\">Rese\u00f1a<\/a><\/p>\n<p><img loading=\"lazy\" decoding=\"async\" src=\"https:\/\/www.udllibros.com\/html\/utilidades\/muestraFoto.php?foto=ZWRpdG9yZXNfbGlicm9zIzMzMTg5IyNwb3J0YWRh\" width=\"68\" height=\"98\"> EL VIRUS DEL AMOR: <a href=\"https:\/\/www.casadellibro.com\/libro-el-virus-del-amor--una-aventura-del-elefante-juan\/9788417303082\/7563621?gclid=Cj0KCQjw0caCBhCIARIsAGAfuMzSyfsFdTD8l-V90Z008wP4LetHQjziQjsgyG3JsjwvDmgyAvPA5RUaAl6rEALw_wcB\">Rese\u00f1a<\/a><\/p>\n<p><img loading=\"lazy\" decoding=\"async\" src=\"https:\/\/imagessl3.casadellibro.com\/a\/l\/t5\/23\/9788416231423.jpg\" alt=\"me da miedo equivocarme (qu\u00e9 puedo hacer cuando...)-clare freeland-9788416231423\" width=\"68\" height=\"98\"> ME DA MIEDO EQUIVOCARME: <a href=\"https:\/\/www.casadellibro.com\/libro-me-da-miedo-equivocarme-que-puedo-hacer-cuando\/9788416231423\/4854204?gclid=Cj0KCQjw0caCBhCIARIsAGAfuMzTmFKVmspvQs7HL1pZX9cgJ5GFQsuuiwOws2urwnWfl6l0edwHeeMaAkJhEALw_wcB\">Rese\u00f1a<\/a><\/p>\n<p><img loading=\"lazy\" decoding=\"async\" src=\"https:\/\/imagessl4.casadellibro.com\/a\/l\/t5\/04\/9788493378004.jpg\" alt=\"pajarita de papel (de la cuna a la luna)-antonio rubio-9788493378004\" width=\"68\" height=\"98\">PAJARITA DE PAPEL: <a href=\"https:\/\/www.casadellibro.com\/libro-pajarita-de-papel--de-la-cuna-a-la-luna\/9788493378004\/1041430\">Rese\u00f1a&nbsp;<\/a><\/p>\n<p><img loading=\"lazy\" decoding=\"async\" src=\"https:\/\/imagessl9.casadellibro.com\/a\/l\/t5\/59\/9788426136459.jpg\" alt=\"no te metas conmigo: hablemos del acoso escolar-pat thomas-9788426136459\" width=\"68\" height=\"98\">NO TE METAS CONMIGO: <a href=\"https:\/\/www.casadellibro.com\/libro-no-te-metas-conmigo-hablemos-del-acoso-escolar\/9788426136459\/1193464\">Rese\u00f1a<\/a><\/p>\n<p><img loading=\"lazy\" decoding=\"async\" src=\"https:\/\/images.cdn2.buscalibre.com\/fit-in\/360x360\/6e\/34\/6e34d8bbd039f22a0a46ced749d0a16f.jpg\" alt=\"portada El mas Listo\" width=\"68\" height=\"98\">EL M\u00c1S LISTO: <a href=\"https:\/\/www.casadellibro.com\/libro-el-mas-listo\/8484704440\/1983263\">Rese\u00f1a<\/a><\/p>\n<p><img loading=\"lazy\" decoding=\"async\" src=\"https:\/\/imagessl5.casadellibro.com\/a\/l\/t5\/85\/9788467545685.jpg\" alt=\"la paloma mari paz-carmen gil-9788467545685\" width=\"68\" height=\"98\">LA PALOMA MARI PAZ: <a href=\"https:\/\/www.casadellibro.com\/libro-la-paloma-mari-paz\/9788467545685\/1829571\">Rese\u00f1a<\/a><\/p>\n<p><img loading=\"lazy\" decoding=\"async\" src=\"https:\/\/static.fnac-static.com\/multimedia\/Images\/ES\/NR\/38\/f2\/43\/4452920\/1540-1.jpg\" alt=\"Descubre el secreto para ser feliz\" width=\"68\" height=\"98\">DESCUBRE EL SECRETO PARA SER FELIZ: Rese\u00f1a<\/p>\n<p><strong>CURSO 2019\/2020<\/strong><\/p>\n<div>&nbsp;<img loading=\"lazy\" decoding=\"async\" class=\" alignleft\" src=\"https:\/\/3.bp.blogspot.com\/-u1cUFZ-ZhzE\/WAi01E2NXDI\/AAAAAAAAEjc\/PCcvnxoTVsUkQHUpwhhp9QNQTHafXEQDgCLcB\/s320\/9788427208490.jpg\" alt=\"\" width=\"68\" height=\"98\" border=\"0\"><\/div>\n<div>\n<p>&nbsp;<\/p>\n<p>LA CASA EN EL ARBOL: <a href=\"http:\/\/www.editorialmolino.com\/la-casa-en-el-arbol-de-13-pisos_andy-griffiths_libro-MONL239-es.html\">pincha aqu\u00ed.<\/a><\/p>\n<\/div>\n<div>&nbsp;<\/div>\n<div>&nbsp;<\/div>\n<div>&nbsp;<\/div>\n<div><img loading=\"lazy\" decoding=\"async\" class=\" alignleft\" src=\"https:\/\/3.bp.blogspot.com\/-Kv3BzchqoVw\/WAi01KoWV9I\/AAAAAAAAEjY\/xT5Gf3IMh2YrQtfZ7a9zNxc2YXf3AYllwCLcB\/s1600\/BC00341701.jpg\" alt=\"\" width=\"67\" height=\"100\" border=\"0\"><\/div>\n<div>&nbsp;<\/div>\n<div>&nbsp;<\/div>\n<div>\n<p>&nbsp;<\/p>\n<p>LAS COSAS DE LOTA: <a href=\"http:\/\/brunolibros.es\/libro.php?id=3472677\">pincha aqu\u00ed.<\/a><\/p>\n<\/div>\n<div>&nbsp;<\/div>\n<div>\n<p>&nbsp;<\/p>\n<\/div>\n<div>&nbsp;<img loading=\"lazy\" decoding=\"async\" class=\" alignleft\" src=\"https:\/\/3.bp.blogspot.com\/-rf3eC27-PW0\/WAi02K3ANPI\/AAAAAAAAEjo\/qXnF9kfxwIwtQKbdt7KAbGBzp2vWxCOcACLcB\/s320\/IJ00432301.jpg\" alt=\"\" width=\"65\" height=\"97\" border=\"0\"><\/div>\n<div>\n<p>&nbsp;<\/p>\n<p>HADAS S.A.: <a href=\"http:\/\/www.anayainfantilyjuvenil.com\/catalogos\/capitulos_promocion\/IJ00432301_9999977460.pdf\">Primer cap\u00edtulo.<\/a><\/p>\n<\/div>\n<div>&nbsp;<\/div>\n<div>&nbsp;<img loading=\"lazy\" decoding=\"async\" class=\" alignleft\" src=\"https:\/\/3.bp.blogspot.com\/-Sf2Pf7yBj6A\/WAi01-WWtuI\/AAAAAAAAEjk\/K5zSJxg97Sk60eFi4Vo7uM1qyFHbGYjyACLcB\/s320\/9788468324876.jpg\" alt=\"\" width=\"64\" height=\"87\" border=\"0\"><\/div>\n<div>\n<p>&nbsp;<\/p>\n<p>NELE: <a href=\"http:\/\/www.edebe.com\/publicaciones-generales\/img\/cast\/109546.pdf\">Primer cap\u00edtulo.<\/a><\/p>\n<\/div>\n<div>&nbsp;<\/div>\n<div>&nbsp;<img loading=\"lazy\" decoding=\"async\" class=\" alignleft\" src=\"https:\/\/2.bp.blogspot.com\/-HB2PJ0-p0XM\/WAi02GDVpAI\/AAAAAAAAEjs\/Slq_hGFzU0MUI5RMMxgI0LyGSALOg2-JQCLcB\/s320\/manu.gif\" alt=\"\" width=\"81\" height=\"61\" border=\"0\"><\/div>\n<div>\n<p>MI PRIMER COMIC: <a href=\"http:\/\/issuu.com\/stephane.corbinais\/docs\/manu1\/1?e=1255804\/1494847\">Primer cap\u00edtulo.<\/a><\/p>\n<\/div>\n<div>&nbsp;<\/div>\n<div>\n<p><img loading=\"lazy\" decoding=\"async\" class=\" alignleft\" src=\"https:\/\/2.bp.blogspot.com\/-WE9YOjHkHk8\/WAi01tU0yQI\/AAAAAAAAEjg\/mzZ9mRbs8MYCrElR4-jZxV9sokA2SuV0QCLcB\/s320\/DESTA.png\" alt=\"\" width=\"112\" height=\"69\" border=\"0\"><\/p>\n<p>&nbsp;<\/p>\n<p>AGATHA&nbsp;MISTERY: <a href=\"http:\/\/www.lagaleraeditorial.com\/es\/agatha-mistery-12-investigacion-en-granada-978-84-246-4559-5#.WAiyv9SLTDc\">pincha aqu\u00ed.<\/a><\/p>\n<p><a href=\"http:\/\/blogsaverroes.juntadeandalucia.es\/poniente\/files\/2015\/03\/91XRT-ZLIAL._AC_UL320_SR228320_.jpg\"><img loading=\"lazy\" decoding=\"async\" class=\" wp-image-2282 alignleft\" src=\"http:\/\/blogsaverroes.juntadeandalucia.es\/poniente\/files\/2015\/03\/91XRT-ZLIAL._AC_UL320_SR228320_-214x300.jpg\" alt=\"91XRT-ZLIAL._AC_UL320_SR228,320_\" width=\"74\" height=\"100\" srcset=\"https:\/\/blogsaverroes.juntadeandalucia.es\/poniente\/files\/2015\/03\/91XRT-ZLIAL._AC_UL320_SR228320_-17x24.jpg 17w, https:\/\/blogsaverroes.juntadeandalucia.es\/poniente\/files\/2015\/03\/91XRT-ZLIAL._AC_UL320_SR228320_-26x36.jpg 26w\" sizes=\"(max-width: 74px) 100vw, 74px\" \/><\/a><\/p>\n<p>&nbsp;<\/p>\n<p>&nbsp;<\/p>\n<p>TODOS MIS MONSTRUOS: <a href=\"https:\/\/imagenesliteraturasm.azureedge.net\/ecat_Documentos\/ES128840_009791.pdf\" target=\"_blank\" rel=\"noopener noreferrer\">Primer cap\u00edtulo.<\/a><\/p>\n<\/div>\n<p>&nbsp;<\/p>\n<div>\n<p><a href=\"http:\/\/blogsaverroes.juntadeandalucia.es\/poniente\/files\/2015\/03\/9788467541045.jpg\"><img loading=\"lazy\" decoding=\"async\" class=\" wp-image-2285 alignleft\" src=\"http:\/\/blogsaverroes.juntadeandalucia.es\/poniente\/files\/2015\/03\/9788467541045-218x300.jpg\" alt=\"9788467541045\" width=\"81\" height=\"108\" srcset=\"https:\/\/blogsaverroes.juntadeandalucia.es\/poniente\/files\/2015\/03\/9788467541045-17x24.jpg 17w, https:\/\/blogsaverroes.juntadeandalucia.es\/poniente\/files\/2015\/03\/9788467541045-26x36.jpg 26w, https:\/\/blogsaverroes.juntadeandalucia.es\/poniente\/files\/2015\/03\/9788467541045-35x48.jpg 35w\" sizes=\"(max-width: 81px) 100vw, 81px\" \/><\/a><\/p>\n<\/div>\n<p>&nbsp;<\/p>\n<p>&nbsp;<\/p>\n<p>JACOBO LOBO: <a href=\"https:\/\/imagenesliteraturasm.azureedge.net\/ecat_Documentos\/ES126813_009029.pdf\" target=\"_blank\" rel=\"noopener noreferrer\">Primer cap\u00edtulo.<\/a><\/p>\n<p>&nbsp;<\/p>\n<p><a href=\"http:\/\/blogsaverroes.juntadeandalucia.es\/poniente\/files\/2015\/03\/172953_184795.jpg\"><img loading=\"lazy\" decoding=\"async\" class=\" wp-image-2283 alignleft\" src=\"http:\/\/blogsaverroes.juntadeandalucia.es\/poniente\/files\/2015\/03\/172953_184795-210x300.jpg\" alt=\"_30WFS_172953.pdf\" width=\"76\" height=\"101\"><\/a><\/p>\n<p>&nbsp;<\/p>\n<p>&nbsp;<\/p>\n<p>PRINCESAS DRAG\u00d3N: <a href=\"https:\/\/imagenesliteraturasm.azureedge.net\/ecat_Documentos\/ES172953_010120.pdf\" target=\"_blank\" rel=\"noopener noreferrer\">Primer cap\u00edtulo.<\/a><\/p>\n<p>&nbsp;<\/p>\n<div>&nbsp;<img loading=\"lazy\" decoding=\"async\" class=\" wp-image-2284 alignleft\" src=\"http:\/\/blogsaverroes.juntadeandalucia.es\/poniente\/files\/2015\/03\/cubierta-de-harry-tage-en-el-templo-de-los-faraones-235x300.jpg\" alt=\"cubierta-de-harry-tage-en-el-templo-de-los-faraones\" width=\"86\" height=\"110\" srcset=\"https:\/\/blogsaverroes.juntadeandalucia.es\/poniente\/files\/2015\/03\/cubierta-de-harry-tage-en-el-templo-de-los-faraones-235x300.jpg 235w, https:\/\/blogsaverroes.juntadeandalucia.es\/poniente\/files\/2015\/03\/cubierta-de-harry-tage-en-el-templo-de-los-faraones-19x24.jpg 19w, https:\/\/blogsaverroes.juntadeandalucia.es\/poniente\/files\/2015\/03\/cubierta-de-harry-tage-en-el-templo-de-los-faraones-28x36.jpg 28w, https:\/\/blogsaverroes.juntadeandalucia.es\/poniente\/files\/2015\/03\/cubierta-de-harry-tage-en-el-templo-de-los-faraones-38x48.jpg 38w, https:\/\/blogsaverroes.juntadeandalucia.es\/poniente\/files\/2015\/03\/cubierta-de-harry-tage-en-el-templo-de-los-faraones.jpg 600w\" sizes=\"(max-width: 86px) 100vw, 86px\" \/><\/div>\n<div>&nbsp;<\/div>\n<div>&nbsp;<\/div>\n<div>&nbsp;<\/div>\n<div>HARRY TAGE: <a href=\"https:\/\/imagenesliteraturasm.azureedge.net\/ecat_Documentos\/ES147815_009056.pdf\" target=\"_blank\" rel=\"noopener noreferrer\">Primer cap\u00edtulo.<\/a><\/div>\n<div>&nbsp;<\/div>\n<div>\n<h4 style=\"text-align: center\"><em><strong>Os esperamos en la biblioteca.<\/strong><\/em><\/h4>\n<\/div>\n<h4 style=\"text-align: center\">&nbsp;<\/h4>\n<p>&nbsp;<\/p>\n","protected":false},"excerpt":{"rendered":"<p>Como cada a\u00f1o, desde el departamento de la biblioteca, intentamos modernizar el cat\u00e1logo de libros; las nuevas colecciones est\u00e1n siendo todo un \u00e9xito, (de lo cual nos alegramos), pero si todav\u00eda no las has&#46;&#46;&#46;<\/p>\n","protected":false},"author":1,"featured_media":0,"parent":113,"menu_order":0,"comment_status":"closed","ping_status":"open","template":"","meta":{"ngg_post_thumbnail":0,"footnotes":"","_mc_calendar":[]},"aioseo_notices":[],"_links":{"self":[{"href":"https:\/\/blogsaverroes.juntadeandalucia.es\/poniente\/wp-json\/wp\/v2\/pages\/330"}],"collection":[{"href":"https:\/\/blogsaverroes.juntadeandalucia.es\/poniente\/wp-json\/wp\/v2\/pages"}],"about":[{"href":"https:\/\/blogsaverroes.juntadeandalucia.es\/poniente\/wp-json\/wp\/v2\/types\/page"}],"author":[{"embeddable":true,"href":"https:\/\/blogsaverroes.juntadeandalucia.es\/poniente\/wp-json\/wp\/v2\/users\/1"}],"replies":[{"embeddable":true,"href":"https:\/\/blogsaverroes.juntadeandalucia.es\/poniente\/wp-json\/wp\/v2\/comments?post=330"}],"version-history":[{"count":10,"href":"https:\/\/blogsaverroes.juntadeandalucia.es\/poniente\/wp-json\/wp\/v2\/pages\/330\/revisions"}],"predecessor-version":[{"id":5969,"href":"https:\/\/blogsaverroes.juntadeandalucia.es\/poniente\/wp-json\/wp\/v2\/pages\/330\/revisions\/5969"}],"up":[{"embeddable":true,"href":"https:\/\/blogsaverroes.juntadeandalucia.es\/poniente\/wp-json\/wp\/v2\/pages\/113"}],"wp:attachment":[{"href":"https:\/\/blogsaverroes.juntadeandalucia.es\/poniente\/wp-json\/wp\/v2\/media?parent=330"}],"curies":[{"name":"wp","href":"https:\/\/api.w.org\/{rel}","templated":true}]}}