{"id":424,"date":"2015-03-20T07:05:20","date_gmt":"2015-03-20T07:05:20","guid":{"rendered":"http:\/\/blogsaverroes.juntadeandalucia.es\/pre\/ceip\/?page_id=424"},"modified":"2017-02-07T11:55:46","modified_gmt":"2017-02-07T10:55:46","slug":"educacion-infantil","status":"publish","type":"page","link":"https:\/\/blogsaverroes.juntadeandalucia.es\/poniente\/educacion-infantil\/","title":{"rendered":"Educaci\u00f3n infantil"},"content":{"rendered":"<p><a href=\"http:\/\/blogsaverroes.juntadeandalucia.es\/poniente\/files\/2015\/03\/letra.jpg\"><img loading=\"lazy\" decoding=\"async\" class=\"aligncenter wp-image-465 size-medium\" src=\"http:\/\/blogsaverroes.juntadeandalucia.es\/poniente\/files\/2015\/03\/letra-300x212.jpg\" alt=\"\" width=\"300\" height=\"212\" srcset=\"https:\/\/blogsaverroes.juntadeandalucia.es\/poniente\/files\/2015\/03\/letra-300x212.jpg 300w, https:\/\/blogsaverroes.juntadeandalucia.es\/poniente\/files\/2015\/03\/letra-1024x723.jpg 1024w, https:\/\/blogsaverroes.juntadeandalucia.es\/poniente\/files\/2015\/03\/letra-700x494.jpg 700w, https:\/\/blogsaverroes.juntadeandalucia.es\/poniente\/files\/2015\/03\/letra-332x234.jpg 332w, https:\/\/blogsaverroes.juntadeandalucia.es\/poniente\/files\/2015\/03\/letra.jpg 1280w\" sizes=\"(max-width: 300px) 100vw, 300px\" \/><\/a><\/p>\n<p>&nbsp;<\/p>\n<p style=\"text-align: justify\">La educaci\u00f3n infantil contribuye al desarrollo f\u00edsico, afectivo, social e intelectual de los ni\u00f1os y ni\u00f1as desde que nacen hasta los seis a\u00f1os de edad. Es de car\u00e1cter voluntario, por lo que los alumnos pueden incorporarse a esta etapa en cualquiera de los cursos.<\/p>\n<div class=\"imagen img_derecha\" style=\"text-align: justify\">\n<p>Ni\u00f1os en edad infantil atendiendo<br \/>\nen el aula.<\/p>\n<\/div>\n<p style=\"text-align: justify\">Se ordena en dos ciclos:<\/p>\n<ul style=\"text-align: justify\">\n<li><a href=\"http:\/\/www.juntadeandalucia.es\/educacion\/portals\/web\/ced\/infantil-0-3-anos\">Primer ciclo: comprendido entre 0 y 3 a\u00f1os.<\/a><\/li>\n<li><a href=\"http:\/\/www.juntadeandalucia.es\/educacion\/portals\/web\/ced\/infantil-2-ciclo\">Segundo ciclo: comprendido entre 3 y 6 a\u00f1os.<\/a><\/li>\n<\/ul>\n<p style=\"text-align: justify\">El primer ciclo de educaci\u00f3n infantil se imparte en escuelas infantiles (o guarder\u00edas) autorizadas por la administraci\u00f3n educativa, que garantizar\u00e1 progresivamente la existencia de puestos escolares para atender a la demanda de las familias.<\/p>\n<p style=\"text-align: justify\">El segundo ciclo se imparte en centros propios (escuelas infantiles) o compartidos con primaria (en los CEIP o Centros de Educaci\u00f3n Infantil y Primaria).<\/p>\n<p style=\"text-align: justify\">Las familias colaboran en la financiaci\u00f3n del primer ciclo de educaci\u00f3n infantil en funci\u00f3n de sus ingresos econ\u00f3micos. El segundo ciclo es de car\u00e1cter gratuito en los centros p\u00fablicos y concertados.<\/p>\n<h2 style=\"text-align: justify\">Objetivos<\/h2>\n<p style=\"text-align: justify\">La educaci\u00f3n infantil contribuir\u00e1 a desarrollar en las ni\u00f1as y ni\u00f1os las capacidades que les permitan:<\/p>\n<ul style=\"text-align: justify\">\n<li>Conocer su propio cuerpo y el de los otros, sus posibilidades de acci\u00f3n y aprender a respetar las diferencias.<\/li>\n<li>Observar y explorar su entorno familiar, natural y social.<\/li>\n<li>Adquirir progresivamente autonom\u00eda en sus actividades habituales.<\/li>\n<li>Desarrollar sus capacidades afectivas.<\/li>\n<li>Relacionarse con los dem\u00e1s y adquirir progresivamente pautas elementales de convivencia y relaci\u00f3n social, as\u00ed como ejercitarse en la resoluci\u00f3n pac\u00edfica de conflictos.<\/li>\n<li>Desarrollar habilidades comunicativas en diferentes lenguajes y formas de expresi\u00f3n.<\/li>\n<li>Iniciarse en las habilidades l\u00f3gico-matem\u00e1ticas, en la lecto-escritura y en el movimiento, el gesto y el ritmo.<\/li>\n<\/ul>\n<h2 style=\"text-align: justify\">M\u00e1s informaci\u00f3n<\/h2>\n<ul class=\"enlaces\" style=\"text-align: justify\">\n<li><a href=\"http:\/\/www.juntadeandalucia.es\/educacion\/webportal\/web\/escuela-de-familias\/etapas\/educacion-infantil\">Escuela de familias: Educaci\u00f3n infantil<\/a><\/li>\n<li><a href=\"http:\/\/www.juntadeandalucia.es\/export\/drupaljda\/1378114298195_informe_evolucion.pdf\">Informe &#8216;Evoluci\u00f3n del Sistema Educativo Andaluz en Ense\u00f1anzas No Universitarias&#8217; (pdf)<\/a><\/li>\n<li><a href=\"http:\/\/www.juntadeandalucia.es\/educacion\/webportal\/web\/familias-lectoras\/coleccion-familias-lectoras#_48_INSTANCE_3Wjy_=coleccion.html\">Colecci\u00f3n familias lectoras<\/a><\/li>\n<li><a href=\"http:\/\/www.juntadeandalucia.es\/export\/drupaljda\/gderechos-infantil03.pdf\">Orientaciones para las familias de Infantil 0-3 a\u00f1os (pdf)<\/a><\/li>\n<\/ul>\n<p style=\"text-align: justify\">\n<p>&nbsp;<\/p>\n<p>&nbsp;<\/p>\n","protected":false},"excerpt":{"rendered":"<p>&nbsp; La educaci\u00f3n infantil contribuye al desarrollo f\u00edsico, afectivo, social e intelectual de los ni\u00f1os y ni\u00f1as desde que nacen hasta los seis a\u00f1os de edad. Es de car\u00e1cter voluntario, por lo que los&#46;&#46;&#46;<\/p>\n","protected":false},"author":1,"featured_media":0,"parent":0,"menu_order":0,"comment_status":"closed","ping_status":"open","template":"","meta":{"ngg_post_thumbnail":0,"footnotes":"","_mc_calendar":[]},"aioseo_notices":[],"_links":{"self":[{"href":"https:\/\/blogsaverroes.juntadeandalucia.es\/poniente\/wp-json\/wp\/v2\/pages\/424"}],"collection":[{"href":"https:\/\/blogsaverroes.juntadeandalucia.es\/poniente\/wp-json\/wp\/v2\/pages"}],"about":[{"href":"https:\/\/blogsaverroes.juntadeandalucia.es\/poniente\/wp-json\/wp\/v2\/types\/page"}],"author":[{"embeddable":true,"href":"https:\/\/blogsaverroes.juntadeandalucia.es\/poniente\/wp-json\/wp\/v2\/users\/1"}],"replies":[{"embeddable":true,"href":"https:\/\/blogsaverroes.juntadeandalucia.es\/poniente\/wp-json\/wp\/v2\/comments?post=424"}],"version-history":[{"count":4,"href":"https:\/\/blogsaverroes.juntadeandalucia.es\/poniente\/wp-json\/wp\/v2\/pages\/424\/revisions"}],"predecessor-version":[{"id":2782,"href":"https:\/\/blogsaverroes.juntadeandalucia.es\/poniente\/wp-json\/wp\/v2\/pages\/424\/revisions\/2782"}],"wp:attachment":[{"href":"https:\/\/blogsaverroes.juntadeandalucia.es\/poniente\/wp-json\/wp\/v2\/media?parent=424"}],"curies":[{"name":"wp","href":"https:\/\/api.w.org\/{rel}","templated":true}]}}