{"id":82,"date":"2015-03-16T06:59:55","date_gmt":"2015-03-16T06:59:55","guid":{"rendered":"http:\/\/blogsaverroes.juntadeandalucia.es\/pre\/ceip\/?page_id=82"},"modified":"2023-09-14T00:24:50","modified_gmt":"2023-09-13T23:24:50","slug":"horarios","status":"publish","type":"page","link":"https:\/\/blogsaverroes.juntadeandalucia.es\/poniente\/horarios\/","title":{"rendered":"Horarios"},"content":{"rendered":"<p><a href=\"http:\/\/blogsaverroes.juntadeandalucia.es\/poniente\/files\/2015\/03\/horario2.jpg\"><img loading=\"lazy\" decoding=\"async\" class=\"aligncenter wp-image-1675 size-medium\" src=\"http:\/\/blogsaverroes.juntadeandalucia.es\/poniente\/files\/2015\/03\/horario2-300x212.jpg\" alt=\"\" width=\"300\" height=\"212\" srcset=\"https:\/\/blogsaverroes.juntadeandalucia.es\/poniente\/files\/2015\/03\/horario2-300x212.jpg 300w, https:\/\/blogsaverroes.juntadeandalucia.es\/poniente\/files\/2015\/03\/horario2-332x234.jpg 332w, https:\/\/blogsaverroes.juntadeandalucia.es\/poniente\/files\/2015\/03\/horario2.jpg 640w\" sizes=\"(max-width: 300px) 100vw, 300px\" \/><\/a><\/p>\n<p><span style=\"text-decoration: underline;font-size: 18pt\"><strong>Horarios<\/strong><\/span><\/p>\n<h5><span style=\"text-decoration: underline\">Horario escolar:<\/span><\/h5>\n<p>Lunes &#8211; Viernes: <em>&nbsp;9:00 &#8211; 14:00<\/em><\/p>\n<ul>\n<li><strong>Logopedia:<\/strong><\/li>\n<\/ul>\n<p>Mi\u00e9rcoles de 9:00 a 11:15 (provisional)<\/p>\n<ul>\n<li><strong>Orientaci\u00f3n:<\/strong><\/li>\n<\/ul>\n<p>Jueves alternos de 9:00 a 14:00 (provisional)<\/p>\n<ul>\n<li><strong>ATAL:<\/strong><\/li>\n<\/ul>\n<p>Jueves y Viernes de 9:00 a 14:00 (provisional)<\/p>\n<p><span style=\"text-decoration: underline;font-size: 18pt\"><strong>Horario de atenci\u00f3n al p\u00fablico:<\/strong><\/span><\/p>\n<p>&nbsp;<\/p>\n<p>Lunes, Mi\u00e9rcoles y Viernes de <em>9:00 a 11:00<\/em><\/p>\n<p>Martes y Jueves de<em> 9:00 a 13:00<\/em><\/p>\n<p>Se deber\u00e1 pedir cita previa, para ser atendidos, al tel\u00e9fono:<\/p>\n<p><span style=\"font-size: 18pt\"><strong>950 15 69 71<\/strong><\/span><\/p>\n<p><strong>*Este horario podr\u00e1 verse alterado o ser modificado en funci\u00f3n de las necesidades organizativas del centro.<\/strong><\/p>\n<p>&nbsp;<\/p>\n<p><span style=\"text-decoration: underline\"><strong style=\"font-size: 22px\">Actividades extraescolares<\/strong><\/span><\/p>\n<ul>\n<li>Baile moderno <em>(pendiente confirmaci\u00f3n horarios)<\/em><\/li>\n<li>Ingl\u00e9s <em>(Lunes y Mi\u00e9rcoles &#8211; pendiente confirmaci\u00f3n horarios)<\/em><\/li>\n<li>Programa de Acompa\u00f1amiento Escolar (PROA)<\/li>\n<li>Programa de Acompa\u00f1amiento de Lengua Extranjera (PALE- ingl\u00e9s)<\/li>\n<\/ul>\n<p><strong><span style=\"text-decoration: underline;font-size: 18pt\">Servicios:<\/span><\/strong><\/p>\n<ul>\n<li>Aula matinal <em>(desde las 7.30 a las 8.45 h)<\/em><\/li>\n<li>Transporte escolar<em> (horario variable en funci\u00f3n de la parada)<\/em><\/li>\n<\/ul>\n<p><span style=\"text-decoration: underline\"><span style=\"font-size: 18pt\"><strong>Horario de Tutor\u00eda y atenci\u00f3n a madres y padres:<br \/>\n<\/strong><\/span><\/span><\/p>\n<ul>\n<li>Imprescindible cita previa:<\/li>\n<\/ul>\n<p><em>Lunes de 16:30 a 17:30 h<br \/>\n<\/em><\/p>\n","protected":false},"excerpt":{"rendered":"<p>Horarios Horario escolar: Lunes &#8211; Viernes: &nbsp;9:00 &#8211; 14:00 Logopedia: Mi\u00e9rcoles de 9:00 a 11:15 (provisional) Orientaci\u00f3n: Jueves alternos de 9:00 a 14:00 (provisional) ATAL: Jueves y Viernes de 9:00 a 14:00 (provisional) Horario&#46;&#46;&#46;<\/p>\n","protected":false},"author":1,"featured_media":0,"parent":0,"menu_order":0,"comment_status":"closed","ping_status":"open","template":"","meta":{"ngg_post_thumbnail":0,"footnotes":"","_mc_calendar":[]},"aioseo_notices":[],"_links":{"self":[{"href":"https:\/\/blogsaverroes.juntadeandalucia.es\/poniente\/wp-json\/wp\/v2\/pages\/82"}],"collection":[{"href":"https:\/\/blogsaverroes.juntadeandalucia.es\/poniente\/wp-json\/wp\/v2\/pages"}],"about":[{"href":"https:\/\/blogsaverroes.juntadeandalucia.es\/poniente\/wp-json\/wp\/v2\/types\/page"}],"author":[{"embeddable":true,"href":"https:\/\/blogsaverroes.juntadeandalucia.es\/poniente\/wp-json\/wp\/v2\/users\/1"}],"replies":[{"embeddable":true,"href":"https:\/\/blogsaverroes.juntadeandalucia.es\/poniente\/wp-json\/wp\/v2\/comments?post=82"}],"version-history":[{"count":18,"href":"https:\/\/blogsaverroes.juntadeandalucia.es\/poniente\/wp-json\/wp\/v2\/pages\/82\/revisions"}],"predecessor-version":[{"id":6888,"href":"https:\/\/blogsaverroes.juntadeandalucia.es\/poniente\/wp-json\/wp\/v2\/pages\/82\/revisions\/6888"}],"wp:attachment":[{"href":"https:\/\/blogsaverroes.juntadeandalucia.es\/poniente\/wp-json\/wp\/v2\/media?parent=82"}],"curies":[{"name":"wp","href":"https:\/\/api.w.org\/{rel}","templated":true}]}}