{"id":21,"date":"2022-11-02T14:09:11","date_gmt":"2022-11-02T14:09:11","guid":{"rendered":"https:\/\/blogsaverroes.juntadeandalucia.es\/posidoniateaaulab\/?page_id=21"},"modified":"2022-11-05T08:04:22","modified_gmt":"2022-11-05T08:04:22","slug":"proyecto-2-la-prehistoria","status":"publish","type":"page","link":"https:\/\/blogsaverroes.juntadeandalucia.es\/posidoniateaaulab\/proyecto-2-la-prehistoria\/","title":{"rendered":"PROYECTO 2: LA PREHISTORIA"},"content":{"rendered":"<p><span style=\"font-weight: 400\">La <\/span><b>Prehistoria<\/b><span style=\"font-weight: 400\">, conocida por ser el periodo hist\u00f3rico m\u00e1s largo, abarca desde la aparici\u00f3n del ser humano hasta la invenci\u00f3n de la escritura. Fue un largo periodo de adaptaci\u00f3n y descubrimientos para los humanos que vivieron en aquella \u00e9poca.<\/span><\/p>\n<p><img loading=\"lazy\" decoding=\"async\" class=\"alignnone  wp-image-154 aligncenter\" src=\"https:\/\/blogsaverroes.juntadeandalucia.es\/posidoniateaaulab\/files\/2022\/11\/Imagen20-300x300.png\" alt=\"\" width=\"179\" height=\"179\" srcset=\"https:\/\/blogsaverroes.juntadeandalucia.es\/posidoniateaaulab\/files\/2022\/11\/Imagen20-300x300.png 300w, https:\/\/blogsaverroes.juntadeandalucia.es\/posidoniateaaulab\/files\/2022\/11\/Imagen20-150x150.png 150w, https:\/\/blogsaverroes.juntadeandalucia.es\/posidoniateaaulab\/files\/2022\/11\/Imagen20-100x100.png 100w, https:\/\/blogsaverroes.juntadeandalucia.es\/posidoniateaaulab\/files\/2022\/11\/Imagen20.png 375w\" sizes=\"(max-width: 179px) 100vw, 179px\" \/> <img loading=\"lazy\" decoding=\"async\" class=\"alignnone  wp-image-155 aligncenter\" src=\"https:\/\/blogsaverroes.juntadeandalucia.es\/posidoniateaaulab\/files\/2022\/11\/Imagen21-300x300.png\" alt=\"\" width=\"196\" height=\"196\" srcset=\"https:\/\/blogsaverroes.juntadeandalucia.es\/posidoniateaaulab\/files\/2022\/11\/Imagen21-300x300.png 300w, https:\/\/blogsaverroes.juntadeandalucia.es\/posidoniateaaulab\/files\/2022\/11\/Imagen21-150x150.png 150w, https:\/\/blogsaverroes.juntadeandalucia.es\/posidoniateaaulab\/files\/2022\/11\/Imagen21-100x100.png 100w, https:\/\/blogsaverroes.juntadeandalucia.es\/posidoniateaaulab\/files\/2022\/11\/Imagen21.png 375w\" sizes=\"(max-width: 196px) 100vw, 196px\" \/><\/p>\n<p><span style=\"font-weight: 400\">Para nuestro alumnado, por su edad y caracter\u00edsticas, es complejo comprender y calcular el transcurso del tiempo desde la Prehistoria hasta la actualidad, pero s\u00ed que consideramos importante e interesante que conozcan a grandes rasgos las diferencias entre la cultura prehist\u00f3rica y la suya actual (vivienda, vestimenta, alimentaci\u00f3n, descubrimientos, etc.).&nbsp;<\/span><\/p>\n<p><span style=\"font-weight: 400\">De igual forma, antes de adentrarnos en este periodo y aprovechando el gran inter\u00e9s que despiertan los dinosaurios en el alumnado, previamente daremos un gran salto en el tiempo para hablar de esta especie que habit\u00f3 en la Tierra antes de que existiera el hombre. Posteriormente veremos las razones por las que desaparecieron y procederemos a trabajar la Prehistoria, centr\u00e1ndonos en todo lo anteriormente descrito.&nbsp;<\/span><\/p>\n<p><span style=\"font-weight: 400\">Adem\u00e1s, a lo largo del proyecto se tratar\u00e1n de forma transversal las efem\u00e9rides, siendo en este caso las que coinciden en tiempo las que siguen: d\u00eda del flamenco, el d\u00eda de la violencia de g\u00e9nero, d\u00eda de la Constituci\u00f3n y la Navidad.<\/span><\/p>\n","protected":false},"excerpt":{"rendered":"<p>La Prehistoria, conocida por ser el periodo hist\u00f3rico m\u00e1s largo, abarca desde la aparici\u00f3n del ser humano hasta la invenci\u00f3n de la escritura. Fue un largo periodo de adaptaci\u00f3n y descubrimientos para los humanos que vivieron en aquella \u00e9poca. Para nuestro alumnado, por su edad y caracter\u00edsticas, es complejo comprender y calcular el transcurso del &hellip; <\/p>\n<p class=\"link-more\"><a href=\"https:\/\/blogsaverroes.juntadeandalucia.es\/posidoniateaaulab\/proyecto-2-la-prehistoria\/\" class=\"more-link\">Continuar leyendo<span class=\"screen-reader-text\"> \u00abPROYECTO 2: LA PREHISTORIA\u00bb<\/span><\/a><\/p>\n","protected":false},"author":9463,"featured_media":0,"parent":0,"menu_order":0,"comment_status":"closed","ping_status":"closed","template":"","meta":{"ngg_post_thumbnail":0,"footnotes":""},"aioseo_notices":[],"_links":{"self":[{"href":"https:\/\/blogsaverroes.juntadeandalucia.es\/posidoniateaaulab\/wp-json\/wp\/v2\/pages\/21"}],"collection":[{"href":"https:\/\/blogsaverroes.juntadeandalucia.es\/posidoniateaaulab\/wp-json\/wp\/v2\/pages"}],"about":[{"href":"https:\/\/blogsaverroes.juntadeandalucia.es\/posidoniateaaulab\/wp-json\/wp\/v2\/types\/page"}],"author":[{"embeddable":true,"href":"https:\/\/blogsaverroes.juntadeandalucia.es\/posidoniateaaulab\/wp-json\/wp\/v2\/users\/9463"}],"replies":[{"embeddable":true,"href":"https:\/\/blogsaverroes.juntadeandalucia.es\/posidoniateaaulab\/wp-json\/wp\/v2\/comments?post=21"}],"version-history":[{"count":3,"href":"https:\/\/blogsaverroes.juntadeandalucia.es\/posidoniateaaulab\/wp-json\/wp\/v2\/pages\/21\/revisions"}],"predecessor-version":[{"id":156,"href":"https:\/\/blogsaverroes.juntadeandalucia.es\/posidoniateaaulab\/wp-json\/wp\/v2\/pages\/21\/revisions\/156"}],"wp:attachment":[{"href":"https:\/\/blogsaverroes.juntadeandalucia.es\/posidoniateaaulab\/wp-json\/wp\/v2\/media?parent=21"}],"curies":[{"name":"wp","href":"https:\/\/api.w.org\/{rel}","templated":true}]}}