{"id":426,"date":"2015-03-20T07:05:49","date_gmt":"2015-03-20T07:05:49","guid":{"rendered":"http:\/\/blogsaverroes.juntadeandalucia.es\/pre\/ceip\/?page_id=426"},"modified":"2020-04-02T18:28:33","modified_gmt":"2020-04-02T18:28:33","slug":"materiales-recursos","status":"publish","type":"page","link":"https:\/\/blogsaverroes.juntadeandalucia.es\/princesasofia\/educacion-infantil\/materiales-recursos\/","title":{"rendered":"E.I. Materiales, recursos&#8230;"},"content":{"rendered":"<h4>\u00bfJugamos?<\/h4>\n<p><a title=\"Jugamos geometr\u00eda\" href=\"http:\/\/agrega.juntadeandalucia.es\/visualizar\/es\/es_2008052713_0201200\/false\" target=\"_blank\" rel=\"noopener noreferrer\"><img loading=\"lazy\" decoding=\"async\" width=\"300\" height=\"183\" class=\"alignnone size-medium wp-image-1607\" alt=\"jugamos_geometria\" src=\"https:\/\/blogsaverroes.juntadeandalucia.es\/princesasofia\/files\/2015\/03\/jugamos_geometria-300x183.jpg\" srcset=\"https:\/\/blogsaverroes.juntadeandalucia.es\/princesasofia\/files\/2015\/03\/jugamos_geometria-300x183.jpg 300w, https:\/\/blogsaverroes.juntadeandalucia.es\/princesasofia\/files\/2015\/03\/jugamos_geometria.jpg 752w\" sizes=\"(max-width: 300px) 100vw, 300px\" \/><\/a><\/p>\n<p>Secuencia did\u00e1ctica para trabajar las formas geom\u00e9tricas b\u00e1sicas, su situaci\u00f3n en el espacio y clasificaci\u00f3n en funci\u00f3n de los colores.<\/p>\n<p>&nbsp;<\/p>\n<p>&nbsp;<\/p>\n","protected":false},"excerpt":{"rendered":"<p>\u00bfJugamos? Secuencia did\u00e1ctica para trabajar las formas geom\u00e9tricas b\u00e1sicas, su situaci\u00f3n en el espacio y clasificaci\u00f3n en funci\u00f3n de los colores. &nbsp; &nbsp;<\/p>\n","protected":false},"author":1,"featured_media":0,"parent":424,"menu_order":0,"comment_status":"closed","ping_status":"open","template":"page-sc.php","meta":{"ngg_post_thumbnail":0,"footnotes":"","_mc_calendar":[]},"aioseo_notices":[],"_links":{"self":[{"href":"https:\/\/blogsaverroes.juntadeandalucia.es\/princesasofia\/wp-json\/wp\/v2\/pages\/426"}],"collection":[{"href":"https:\/\/blogsaverroes.juntadeandalucia.es\/princesasofia\/wp-json\/wp\/v2\/pages"}],"about":[{"href":"https:\/\/blogsaverroes.juntadeandalucia.es\/princesasofia\/wp-json\/wp\/v2\/types\/page"}],"author":[{"embeddable":true,"href":"https:\/\/blogsaverroes.juntadeandalucia.es\/princesasofia\/wp-json\/wp\/v2\/users\/1"}],"replies":[{"embeddable":true,"href":"https:\/\/blogsaverroes.juntadeandalucia.es\/princesasofia\/wp-json\/wp\/v2\/comments?post=426"}],"version-history":[{"count":7,"href":"https:\/\/blogsaverroes.juntadeandalucia.es\/princesasofia\/wp-json\/wp\/v2\/pages\/426\/revisions"}],"predecessor-version":[{"id":2347,"href":"https:\/\/blogsaverroes.juntadeandalucia.es\/princesasofia\/wp-json\/wp\/v2\/pages\/426\/revisions\/2347"}],"up":[{"embeddable":true,"href":"https:\/\/blogsaverroes.juntadeandalucia.es\/princesasofia\/wp-json\/wp\/v2\/pages\/424"}],"wp:attachment":[{"href":"https:\/\/blogsaverroes.juntadeandalucia.es\/princesasofia\/wp-json\/wp\/v2\/media?parent=426"}],"curies":[{"name":"wp","href":"https:\/\/api.w.org\/{rel}","templated":true}]}}