{"id":870,"date":"2015-03-16T07:24:27","date_gmt":"2015-03-16T07:24:27","guid":{"rendered":"http:\/\/blogsaverroes.juntadeandalucia.es\/pre\/ceip\/?page_id=103"},"modified":"2023-03-20T11:55:09","modified_gmt":"2023-03-20T11:55:09","slug":"aula-matinal","status":"publish","type":"page","link":"https:\/\/blogsaverroes.juntadeandalucia.es\/principefelipe\/aula-matinal\/","title":{"rendered":"Aula Matinal"},"content":{"rendered":"<p style=\"text-align: justify\">El <strong>Aula Matinal,&nbsp;<\/strong>es un servicio escolar, pensado para familias, que por incompatibilidad con el horario de entrada del colegio. Abre el centro a las 7:30 horas de lunes a viernes, ofreciendo actividades diversas a los estudiantes hasta el comienzo del horario lectivo.<\/p>\n<p style=\"text-align: justify\">Para poder hacer uso de este servicio se tiene que realizar la inscripci\u00f3n, rellenando el formulario y present\u00e1ndolo en secretar\u00eda.<\/p>\n<p style=\"text-align: justify\">Desc\u00e1rgate aqu\u00ed (<a href=\"https:\/\/blogsaverroes.juntadeandalucia.es\/principefelipe\/files\/2020\/10\/Solicitud-Aula-Matinal.pdf\">Solicitud Aula Matinal<\/a>) el formulario, rell\u00e9nalo y envi\u00e1noslo por email (<a href=\"mailto:04005120.es@juntadeandalucia.es\">04005120.es@juntadeandalucia.es<\/a>) o entr\u00e9galo en la secretar\u00eda del Colegio.<\/p>\n<p>&nbsp;<\/p>\n","protected":false},"excerpt":{"rendered":"<p>El Aula Matinal,&nbsp;es un servicio escolar, pensado para familias, que por incompatibilidad con el horario de entrada del colegio. Abre el centro a las 7:30 horas de lunes a viernes, ofreciendo actividades diversas a&#46;&#46;&#46;<\/p>\n","protected":false},"author":1,"featured_media":0,"parent":0,"menu_order":7,"comment_status":"closed","ping_status":"open","template":"page-cs.php","meta":{"ngg_post_thumbnail":0,"footnotes":"","_mc_calendar":[]},"aioseo_notices":[],"_links":{"self":[{"href":"https:\/\/blogsaverroes.juntadeandalucia.es\/principefelipe\/wp-json\/wp\/v2\/pages\/870"}],"collection":[{"href":"https:\/\/blogsaverroes.juntadeandalucia.es\/principefelipe\/wp-json\/wp\/v2\/pages"}],"about":[{"href":"https:\/\/blogsaverroes.juntadeandalucia.es\/principefelipe\/wp-json\/wp\/v2\/types\/page"}],"author":[{"embeddable":true,"href":"https:\/\/blogsaverroes.juntadeandalucia.es\/principefelipe\/wp-json\/wp\/v2\/users\/1"}],"replies":[{"embeddable":true,"href":"https:\/\/blogsaverroes.juntadeandalucia.es\/principefelipe\/wp-json\/wp\/v2\/comments?post=870"}],"version-history":[{"count":10,"href":"https:\/\/blogsaverroes.juntadeandalucia.es\/principefelipe\/wp-json\/wp\/v2\/pages\/870\/revisions"}],"predecessor-version":[{"id":3020,"href":"https:\/\/blogsaverroes.juntadeandalucia.es\/principefelipe\/wp-json\/wp\/v2\/pages\/870\/revisions\/3020"}],"wp:attachment":[{"href":"https:\/\/blogsaverroes.juntadeandalucia.es\/principefelipe\/wp-json\/wp\/v2\/media?parent=870"}],"curies":[{"name":"wp","href":"https:\/\/api.w.org\/{rel}","templated":true}]}}

<p style="text-align: justify">El <strong>Aula Matinal,&nbsp;</strong>es un servicio escolar, pensado para familias, que por incompatibilidad con el horario de entrada del colegio. Abre el centro a las 7:30 horas de lunes a viernes, ofreciendo actividades diversas a los estudiantes hasta el comienzo del horario lectivo.</p>
<p style="text-align: justify">Para poder hacer uso de este servicio se tiene que realizar la inscripción, rellenando el formulario y presentándolo en secretaría.</p>
<p style="text-align: justify">Descárgate aquí (<a href="https://blogsaverroes.juntadeandalucia.es/principefelipe/files/2020/10/Solicitud-Aula-Matinal.pdf">Solicitud Aula Matinal</a>) el formulario, rellénalo y enviánoslo por email (<a href="mailto:04005120.es@juntadeandalucia.es">04005120.es@juntadeandalucia.es</a>) o entrégalo en la secretaría del Colegio.</p>
<p>&nbsp;</p>
