{"id":224,"date":"2022-09-21T13:12:01","date_gmt":"2022-09-21T11:12:01","guid":{"rendered":"https:\/\/blogsaverroes.juntadeandalucia.es\/prodigiesramonycajal\/?page_id=224"},"modified":"2025-11-02T10:46:23","modified_gmt":"2025-11-02T09:46:23","slug":"workspace","status":"publish","type":"page","link":"https:\/\/blogsaverroes.juntadeandalucia.es\/prodigiesramonycajal\/workspace\/","title":{"rendered":"workspace"},"content":{"rendered":"<!--themify_builder_content-->\n<div id=\"themify_builder_content-224\" data-postid=\"224\" class=\"themify_builder_content themify_builder_content-224 themify_builder tf_clear\">\n                    <div  data-lazy=\"1\" class=\"module_row themify_builder_row tb_comz811 tb_first tf_w\">\n                        <div class=\"row_inner col_align_top tb_col_count_2 tf_box tf_rel\">\n                        <div  data-lazy=\"1\" class=\"module_column tb-column col4-2 tb_xtd2811 first\">\n                    <!-- module text -->\n<div  class=\"module module-text tb_hntj48   \" data-lazy=\"1\">\n        <div  class=\"tb_text_wrap\">\n        <p><img loading=\"lazy\" decoding=\"async\" class=\"alignnone size-full wp-image-229\" src=\"https:\/\/blogsaverroes.juntadeandalucia.es\/prodigiesramonycajal\/files\/2022\/09\/gsuite.jpg\" alt=\"\" width=\"151\" height=\"98\" srcset=\"https:\/\/blogsaverroes.juntadeandalucia.es\/prodigiesramonycajal\/files\/2022\/09\/gsuite.jpg 333w, https:\/\/blogsaverroes.juntadeandalucia.es\/prodigiesramonycajal\/files\/2022\/09\/gsuite-300x195.jpg 300w\" sizes=\"(max-width: 151px) 100vw, 151px\" \/>Nuestro centro utiliza la plataforma Google Workspace de la Junta de Andaluc\u00eda.<\/p>\n<p>En esta plataforma, las cuentas de alumnado y profesorado tienen como dominio <span style=\"color: #ff6600\"><strong>@g.educaand.es<\/strong> <\/span><\/p>\n<p><strong>El acceso es el siguiente:<a href=\"https:\/\/blogsaverroes.juntadeandalucia.es\/iesramonycajalfuengirola\/files\/2022\/09\/gsuite_login_pregunta.png\"><img loading=\"lazy\" decoding=\"async\" class=\" wp-image-12469 alignright\" src=\"https:\/\/blogsaverroes.juntadeandalucia.es\/iessantiagoramonycajal\/files\/2022\/09\/gsuite_login_pregunta.png\" alt=\"\" width=\"173\" height=\"173\"><\/a><\/strong><\/p>\n<p>Podr\u00e1 acceder a los servicios iniciando sesi\u00f3n en cualquiera de las aplicaciones de <a href=\"https:\/\/www.google.com\/\">Google<\/a> con sus credenciales, siendo el correo electr\u00f3nico su usuario IdEA(usuario de PASEN) (p.ej. abcdefg123), seguido de @g.educaand.es, y su contrase\u00f1a la misma que la que utiliza para acceder a S\u00e9neca\/Pasen, ya que el sistema de autenticaci\u00f3n est\u00e1 sincronizado con S\u00e9neca.<\/p>\n<p>Una vez se haya identificado, el usuario tendr\u00e1 acceso a su correo electr\u00f3nico, a Drive y al resto de servicios que le ofrece Google Workspace.<\/p>\n<p><strong>Las fa<\/strong><strong>milias que no conocen el usuario y contrase\u00f1a de sus hijos, tienen esta informaci\u00f3n en un correo fijado de comunicaciones en la app iPASEN. <\/strong>En el siguiente manual se explica el proceso para obtener el usuario y clave. <a href=\"https:\/\/blogsaverroes.juntadeandalucia.es\/prodigiesramonycajal\/ipasen-2\/clave-alumnado\/\" target=\"_blank\" rel=\"noopener noreferrer\">Manual<\/a><\/p>\n<p><span style=\"color: #ff0000;font-size: 18pt\"><strong>\u00a0<\/strong><\/span><\/p>\n<p><span style=\"color: #ff0000;font-size: 18pt\"><strong>IMPORTANTE:<\/strong> <\/span>Al restablecer contrase\u00f1a del alumnado hay que <strong>esperar al menos 24 h<\/strong> para entrar en la cuenta @g.educaand.es<br><strong>Si a\u00fan no utilizan iPASEN<\/strong>, en nuestra pesta\u00f1a iPASEN se encuentra toda la informaci\u00f3n para acceder.<\/p>\n<p>Toda la informaci\u00f3n necesaria ser\u00e1 explicada al alumnado por los tutores y tutoras.<\/p>    <\/div>\n<\/div>\n<!-- \/module text -->        <\/div>\n                    <div  data-lazy=\"1\" class=\"module_column tb-column col4-2 tb_9jzm463 last\">\n                    <!-- module menu -->\n<div  class=\"module module-menu tb_dwj2253  mobile-menu-slide\" data-menu-style=\"mobile-menu-slide\" data-menu-breakpoint=\"0\" data-element-id=\"tb_dwj2253\" data-lazy=\"1\">\n        \n    <div class=\"module-menu-container\"><ul id=\"menu-familias\" class=\"ui tf_clearfix nav tf_rel tf_scrollbar vertical tb_default_color\"><li id=\"menu-item-489\" class=\"menu-item-page-122 menu-item menu-item-type-post_type menu-item-object-page menu-item-home menu-item-489\"><a href=\"https:\/\/blogsaverroes.juntadeandalucia.es\/prodigiesramonycajal\/\">Home<\/a><\/li>\n<li id=\"menu-item-501\" class=\"menu-item-page-227 menu-item menu-item-type-post_type menu-item-object-page current-menu-item page_item page-item-227 current_page_item menu-item-501\"><a href=\"https:\/\/blogsaverroes.juntadeandalucia.es\/prodigiesramonycajal\/familias\/\" aria-current=\"page\">Familias<\/a><\/li>\n<li id=\"menu-item-492\" class=\"menu-item-page-238 menu-item menu-item-type-post_type menu-item-object-page menu-item-492\"><a href=\"https:\/\/blogsaverroes.juntadeandalucia.es\/prodigiesramonycajal\/ipasen-2\/\">iPASEN<\/a><\/li>\n<li id=\"menu-item-488\" class=\"menu-item-page-224 menu-item menu-item-type-post_type menu-item-object-page menu-item-488\"><a href=\"https:\/\/blogsaverroes.juntadeandalucia.es\/prodigiesramonycajal\/workspace\/\">workspace<\/a><\/li>\n<li id=\"menu-item-494\" class=\"menu-item-page-348 menu-item menu-item-type-post_type menu-item-object-page menu-item-494\"><a href=\"https:\/\/blogsaverroes.juntadeandalucia.es\/prodigiesramonycajal\/clave-alumnado-2\/\">Clave iANDE<\/a><\/li>\n<\/ul><\/div>        <style>\n            .mobile-menu-module[data-module=\"tb_dwj2253\"]{\n                right:-300px            }\n        <\/style>\n    <\/div>\n<!-- \/module menu -->\n        <\/div>\n                        <\/div>\n        <\/div>\n                        <div  data-lazy=\"1\" class=\"module_row themify_builder_row tb_9h0y222 tf_w\">\n                        <div class=\"row_inner col_align_top tb_col_count_2 tf_box tf_rel\">\n                        <div  data-lazy=\"1\" class=\"module_column tb-column col4-2 tb_vbxu222 first\">\n                            <\/div>\n                    <div  data-lazy=\"1\" class=\"module_column tb-column col4-2 tb_l3yi223 last\">\n                            <\/div>\n                        <\/div>\n        <\/div>\n        <\/div>\n<!--\/themify_builder_content-->","protected":false},"excerpt":{"rendered":"<p>Nuestro centro utiliza la plataforma Google Workspace de la Junta de Andaluc\u00eda. En esta plataforma, las cuentas de alumnado y profesorado tienen como dominio @g.educaand.es El acceso es el siguiente: Podr\u00e1 acceder a los servicios iniciando sesi\u00f3n en cualquiera de las aplicaciones de Google con sus credenciales, siendo el correo electr\u00f3nico su usuario IdEA(usuario de [&hellip;]<\/p>\n","protected":false},"author":2391,"featured_media":0,"parent":0,"menu_order":0,"comment_status":"closed","ping_status":"closed","template":"","meta":{"ngg_post_thumbnail":0,"footnotes":""},"aioseo_notices":[],"_links":{"self":[{"href":"https:\/\/blogsaverroes.juntadeandalucia.es\/prodigiesramonycajal\/wp-json\/wp\/v2\/pages\/224"}],"collection":[{"href":"https:\/\/blogsaverroes.juntadeandalucia.es\/prodigiesramonycajal\/wp-json\/wp\/v2\/pages"}],"about":[{"href":"https:\/\/blogsaverroes.juntadeandalucia.es\/prodigiesramonycajal\/wp-json\/wp\/v2\/types\/page"}],"author":[{"embeddable":true,"href":"https:\/\/blogsaverroes.juntadeandalucia.es\/prodigiesramonycajal\/wp-json\/wp\/v2\/users\/2391"}],"replies":[{"embeddable":true,"href":"https:\/\/blogsaverroes.juntadeandalucia.es\/prodigiesramonycajal\/wp-json\/wp\/v2\/comments?post=224"}],"version-history":[{"count":27,"href":"https:\/\/blogsaverroes.juntadeandalucia.es\/prodigiesramonycajal\/wp-json\/wp\/v2\/pages\/224\/revisions"}],"predecessor-version":[{"id":559,"href":"https:\/\/blogsaverroes.juntadeandalucia.es\/prodigiesramonycajal\/wp-json\/wp\/v2\/pages\/224\/revisions\/559"}],"wp:attachment":[{"href":"https:\/\/blogsaverroes.juntadeandalucia.es\/prodigiesramonycajal\/wp-json\/wp\/v2\/media?parent=224"}],"curies":[{"name":"wp","href":"https:\/\/api.w.org\/{rel}","templated":true}]}}

<!--themify_builder_content-->
<div id="themify_builder_content-224" data-postid="224" class="themify_builder_content themify_builder_content-224 themify_builder tf_clear">
                    <div  data-lazy="1" class="module_row themify_builder_row tb_comz811 tb_first tf_w">
                        <div class="row_inner col_align_top tb_col_count_2 tf_box tf_rel">
                        <div  data-lazy="1" class="module_column tb-column col4-2 tb_xtd2811 first">
                    <!-- module text -->
<div  class="module module-text tb_hntj48   " data-lazy="1">
        <div  class="tb_text_wrap">
        <p><img loading="lazy" decoding="async" class="alignnone size-full wp-image-229" src="https://blogsaverroes.juntadeandalucia.es/prodigiesramonycajal/files/2022/09/gsuite.jpg" alt="" width="151" height="98" srcset="https://blogsaverroes.juntadeandalucia.es/prodigiesramonycajal/files/2022/09/gsuite.jpg 333w, https://blogsaverroes.juntadeandalucia.es/prodigiesramonycajal/files/2022/09/gsuite-300x195.jpg 300w" sizes="(max-width: 151px) 100vw, 151px" />Nuestro centro utiliza la plataforma Google Workspace de la Junta de Andalucía.</p>
<p>En esta plataforma, las cuentas de alumnado y profesorado tienen como dominio <span style="color: #ff6600"><strong>@g.educaand.es</strong> </span></p>
<p><strong>El acceso es el siguiente:<a href="https://blogsaverroes.juntadeandalucia.es/iesramonycajalfuengirola/files/2022/09/gsuite_login_pregunta.png"><img loading="lazy" decoding="async" class=" wp-image-12469 alignright" src="https://blogsaverroes.juntadeandalucia.es/iessantiagoramonycajal/files/2022/09/gsuite_login_pregunta.png" alt="" width="173" height="173"></a></strong></p>
<p>Podrá acceder a los servicios iniciando sesión en cualquiera de las aplicaciones de <a href="https://www.google.com/">Google</a> con sus credenciales, siendo el correo electrónico su usuario IdEA(usuario de PASEN) (p.ej. abcdefg123), seguido de @g.educaand.es, y su contraseña la misma que la que utiliza para acceder a Séneca/Pasen, ya que el sistema de autenticación está sincronizado con Séneca.</p>
<p>Una vez se haya identificado, el usuario tendrá acceso a su correo electrónico, a Drive y al resto de servicios que le ofrece Google Workspace.</p>
<p><strong>Las fa</strong><strong>milias que no conocen el usuario y contraseña de sus hijos, tienen esta información en un correo fijado de comunicaciones en la app iPASEN. </strong>En el siguiente manual se explica el proceso para obtener el usuario y clave. <a href="https://blogsaverroes.juntadeandalucia.es/prodigiesramonycajal/ipasen-2/clave-alumnado/" target="_blank" rel="noopener noreferrer">Manual</a></p>
<p><span style="color: #ff0000;font-size: 18pt"><strong> </strong></span></p>
<p><span style="color: #ff0000;font-size: 18pt"><strong>IMPORTANTE:</strong> </span>Al restablecer contraseña del alumnado hay que <strong>esperar al menos 24 h</strong> para entrar en la cuenta @g.educaand.es<br><strong>Si aún no utilizan iPASEN</strong>, en nuestra pestaña iPASEN se encuentra toda la información para acceder.</p>
<p>Toda la información necesaria será explicada al alumnado por los tutores y tutoras.</p>    </div>
</div>
<!-- /module text -->        </div>
                    <div  data-lazy="1" class="module_column tb-column col4-2 tb_9jzm463 last">
                    <!-- module menu -->
<div  class="module module-menu tb_dwj2253  mobile-menu-slide" data-menu-style="mobile-menu-slide" data-menu-breakpoint="0" data-element-id="tb_dwj2253" data-lazy="1">
        
    <div class="module-menu-container"><ul id="menu-familias" class="ui tf_clearfix nav tf_rel tf_scrollbar vertical tb_default_color"><li id="menu-item-489" class="menu-item-page-122 menu-item menu-item-type-post_type menu-item-object-page menu-item-home menu-item-489"><a href="https://blogsaverroes.juntadeandalucia.es/prodigiesramonycajal/">Home</a></li>
<li id="menu-item-501" class="menu-item-page-227 menu-item menu-item-type-post_type menu-item-object-page current-menu-item page_item page-item-227 current_page_item menu-item-501"><a href="https://blogsaverroes.juntadeandalucia.es/prodigiesramonycajal/familias/" aria-current="page">Familias</a></li>
<li id="menu-item-492" class="menu-item-page-238 menu-item menu-item-type-post_type menu-item-object-page menu-item-492"><a href="https://blogsaverroes.juntadeandalucia.es/prodigiesramonycajal/ipasen-2/">iPASEN</a></li>
<li id="menu-item-488" class="menu-item-page-224 menu-item menu-item-type-post_type menu-item-object-page menu-item-488"><a href="https://blogsaverroes.juntadeandalucia.es/prodigiesramonycajal/workspace/">workspace</a></li>
<li id="menu-item-494" class="menu-item-page-348 menu-item menu-item-type-post_type menu-item-object-page menu-item-494"><a href="https://blogsaverroes.juntadeandalucia.es/prodigiesramonycajal/clave-alumnado-2/">Clave iANDE</a></li>
</ul></div>        <style>
            .mobile-menu-module[data-module="tb_dwj2253"]{
                right:-300px            }
        </style>
    </div>
<!-- /module menu -->
        </div>
                        </div>
        </div>
                        <div  data-lazy="1" class="module_row themify_builder_row tb_9h0y222 tf_w">
                        <div class="row_inner col_align_top tb_col_count_2 tf_box tf_rel">
                        <div  data-lazy="1" class="module_column tb-column col4-2 tb_vbxu222 first">
                            </div>
                    <div  data-lazy="1" class="module_column tb-column col4-2 tb_l3yi223 last">
                            </div>
                        </div>
        </div>
        </div>
<!--/themify_builder_content-->

<p>Nuestro centro utiliza la plataforma Google Workspace de la Junta de Andalucía. En esta plataforma, las cuentas de alumnado y profesorado tienen como dominio @g.educaand.es El acceso es el siguiente: Podrá acceder a los servicios iniciando sesión en cualquiera de las aplicaciones de Google con sus credenciales, siendo el correo electrónico su usuario IdEA(usuario de [&hellip;]</p>
