{"id":249,"date":"2022-10-10T10:03:32","date_gmt":"2022-10-10T08:03:32","guid":{"rendered":"https:\/\/blogsaverroes.juntadeandalucia.es\/prodigiesramonycajal\/?page_id=249"},"modified":"2025-11-02T10:34:57","modified_gmt":"2025-11-02T09:34:57","slug":"autologin","status":"publish","type":"page","link":"https:\/\/blogsaverroes.juntadeandalucia.es\/prodigiesramonycajal\/ipasen-2\/autologin\/","title":{"rendered":"Autologin"},"content":{"rendered":"<!--themify_builder_content-->\n<div id=\"themify_builder_content-249\" data-postid=\"249\" class=\"themify_builder_content themify_builder_content-249 themify_builder tf_clear\">\n                    <div  data-css_id=\"tdhx861\" data-lazy=\"1\" class=\"module_row themify_builder_row fullwidth_row_container tb_tdhx861 tb_first tf_w\">\n                        <div class=\"row_inner col_align_top tb_col_count_1 tf_box tf_rel\">\n                        <div  data-lazy=\"1\" class=\"module_column tb-column col-full tb_778b865 first\">\n                            <div  data-lazy=\"1\" class=\"module_subrow themify_builder_sub_row tf_w col_align_middle gutter-none tb_col_count_2 tb_2s3o867\">\n                <div  data-lazy=\"1\" class=\"module_column sub_column tb_dtxn869 first\">\n                    <!-- module video -->\n<div  class=\"module module-video tb_uqn9831 video-top  \" data-lazy=\"1\">\n                    <div class=\"video-wrap-outer\">\n            <div class=\"video-wrap tf_rel tf_overflow\">\n                                    <noscript><iframe data-no-script src=\"https:\/\/www.youtube.com\/embed\/Gywfd_XncSA?pip=1&playsinline=1\" allow=\"accelerometer;encrypted-media;gyroscope;picture-in-picture;fullscreen\" class=\"tf_abs tf_w tf_h\"><\/iframe><\/noscript>\n                                <\/div>\n            <!-- \/video-wrap -->\n        <\/div>\n        <!-- \/video-wrap-outer -->\n                    <div class=\"video-content\">\n                                    <h3 class=\"video-title\">\n                                            En este tutorial se explica el procedimiento a seguir.                                        <\/h3>\n                \n                            <\/div>\n            <!-- \/video-content -->\n            <\/div>\n        <\/div>\n                    <div  data-lazy=\"1\" class=\"module_column sub_column tb_byuz872 last\">\n                    <!-- module text -->\n<div  class=\"module module-text tb_cxo9873   \" data-lazy=\"1\">\n        <div  class=\"tb_text_wrap\">\n        <h3>Proceso de Autologin<\/h3>\n<p align=\"JUSTIFY\">Est\u00e1 disponible un procedimiento de \u00abautologin\u00bb para usuarios con perfiles tutor\/a legal y alumnado (tanto emancipado como no), mediante el cual cualquier padre\/madre o alumno\/a podr\u00e1 realizar un proceso de \u00abautologin\u00bb para obtener las credenciales de acceso a PASEN.<\/p>\n<p align=\"JUSTIFY\"><b>\u00bfC\u00d3MO HACERLO?<\/b><\/p>\n<p align=\"JUSTIFY\">Para realizar el \u00abautologin\u00bb a trav\u00e9s de la aplicaci\u00f3n web o de la app, las familias deber\u00e1n:<\/p>\n<ol>\n<li>\n<p align=\"JUSTIFY\">Pinchar en el enlace <b>&#8216;No tengo acceso&#8217;<\/b> de la pantalla de login.<\/p>\n<\/li>\n<\/ol>\n<ol start=\"2\">\n<li>\n<p align=\"JUSTIFY\">Se requerir\u00e1n tres datos:<\/p>\n<\/li>\n<\/ol>\n<ul>\n<li>\n<p align=\"JUSTIFY\">El NIF<\/p>\n<\/li>\n<li>\n<p align=\"JUSTIFY\">Una fecha de nacimiento (de algunos de sus hijos\/as o la suya propia)<\/p>\n<\/li>\n<li>Un n\u00famero de tel\u00e9fono m\u00f3vil donde recibir\u00e1 por SMS las credenciales.<\/li>\n<\/ul>    <\/div>\n<\/div>\n<!-- \/module text -->        <\/div>\n                    <\/div>\n                <\/div>\n                        <\/div>\n        <\/div>\n        <\/div>\n<!--\/themify_builder_content-->&nbsp;<\/p>","protected":false},"excerpt":{"rendered":"<p>Proceso de Autologin Est\u00e1 disponible un procedimiento de \u00abautologin\u00bb para usuarios con perfiles tutor\/a legal y alumnado (tanto emancipado como no), mediante el cual cualquier padre\/madre o alumno\/a podr\u00e1 realizar un proceso de \u00abautologin\u00bb para obtener las credenciales de acceso a PASEN. \u00bfC\u00d3MO HACERLO? Para realizar el \u00abautologin\u00bb a trav\u00e9s de la aplicaci\u00f3n web o [&hellip;]<\/p>\n","protected":false},"author":2391,"featured_media":0,"parent":238,"menu_order":0,"comment_status":"closed","ping_status":"closed","template":"","meta":{"ngg_post_thumbnail":0,"footnotes":""},"aioseo_notices":[],"_links":{"self":[{"href":"https:\/\/blogsaverroes.juntadeandalucia.es\/prodigiesramonycajal\/wp-json\/wp\/v2\/pages\/249"}],"collection":[{"href":"https:\/\/blogsaverroes.juntadeandalucia.es\/prodigiesramonycajal\/wp-json\/wp\/v2\/pages"}],"about":[{"href":"https:\/\/blogsaverroes.juntadeandalucia.es\/prodigiesramonycajal\/wp-json\/wp\/v2\/types\/page"}],"author":[{"embeddable":true,"href":"https:\/\/blogsaverroes.juntadeandalucia.es\/prodigiesramonycajal\/wp-json\/wp\/v2\/users\/2391"}],"replies":[{"embeddable":true,"href":"https:\/\/blogsaverroes.juntadeandalucia.es\/prodigiesramonycajal\/wp-json\/wp\/v2\/comments?post=249"}],"version-history":[{"count":5,"href":"https:\/\/blogsaverroes.juntadeandalucia.es\/prodigiesramonycajal\/wp-json\/wp\/v2\/pages\/249\/revisions"}],"predecessor-version":[{"id":528,"href":"https:\/\/blogsaverroes.juntadeandalucia.es\/prodigiesramonycajal\/wp-json\/wp\/v2\/pages\/249\/revisions\/528"}],"up":[{"embeddable":true,"href":"https:\/\/blogsaverroes.juntadeandalucia.es\/prodigiesramonycajal\/wp-json\/wp\/v2\/pages\/238"}],"wp:attachment":[{"href":"https:\/\/blogsaverroes.juntadeandalucia.es\/prodigiesramonycajal\/wp-json\/wp\/v2\/media?parent=249"}],"curies":[{"name":"wp","href":"https:\/\/api.w.org\/{rel}","templated":true}]}}