{"id":333,"date":"2022-11-24T10:31:08","date_gmt":"2022-11-24T09:31:08","guid":{"rendered":"https:\/\/blogsaverroes.juntadeandalucia.es\/prodigiesramonycajal\/?page_id=333"},"modified":"2025-11-02T12:57:45","modified_gmt":"2025-11-02T11:57:45","slug":"materiales-rea","status":"publish","type":"page","link":"https:\/\/blogsaverroes.juntadeandalucia.es\/prodigiesramonycajal\/manuales-2\/materiales-rea\/","title":{"rendered":"Materiales REA"},"content":{"rendered":"<!--themify_builder_content-->\n<div id=\"themify_builder_content-333\" data-postid=\"333\" class=\"themify_builder_content themify_builder_content-333 themify_builder tf_clear\">\n                    <div  data-css_id=\"ixna661\" data-lazy=\"1\" class=\"module_row themify_builder_row fullwidth tb_ixna661 tb_first tf_w\">\n                        <div class=\"row_inner col_align_top tb_col_count_1 tf_box tf_rel\">\n                        <div  data-lazy=\"1\" class=\"module_column tb-column col-full tb_3jfy662 first\">\n                            <div  data-lazy=\"1\" class=\"module_subrow themify_builder_sub_row tf_w col_align_middle gutter-none tb_col_count_3 tb_705l663\">\n                <div  data-lazy=\"1\" class=\"module_column sub_column col3-1 tb_k75w665 first\">\n                    <!-- module image -->\n<div  class=\"module module-image tb_ms1m666 image-left rounded drop-shadow  auto_fullwidth tf_mw\" data-lazy=\"1\">\n        <div class=\"image-wrap tf_rel tf_mw\">\n            <a href=\"http:\/\/descargas.educalab.es\/cedec\/exe_learning\/Manuales\/manual_exe25\/\" rel=\"noopener\" target=\"_blank\">\n                   <img loading=\"lazy\" decoding=\"async\" width=\"321\" height=\"291\" src=\"https:\/\/blogsaverroes.juntadeandalucia.es\/prodigiesramonycajal\/files\/2020\/11\/exelearning-e1605041879349.png\" class=\"wp-post-image wp-image-84\" title=\"exelearning\" alt=\"exelearning\">        <\/a>\n    \n        <\/div>\n    <!-- \/image-wrap -->\n    \n        <\/div>\n<!-- \/module image --><!-- module text -->\n<div  class=\"module module-text tb_sdgk670   \" data-lazy=\"1\">\n        <div  class=\"tb_text_wrap\">\n        <h3>Tutoriales completos<\/h3>\n<p>Curso completo de uso de la aplicaci\u00f3n Exelearning<\/p>    <\/div>\n<\/div>\n<!-- \/module text -->        <\/div>\n                    <div  data-lazy=\"1\" class=\"module_column sub_column col3-1 tb_5ljf668\">\n                    <!-- module image -->\n<div  class=\"module module-image tb_o3mv672 image-right rounded drop-shadow  auto_fullwidth tf_mw\" data-lazy=\"1\">\n        <div class=\"image-wrap tf_rel tf_mw\">\n            <a href=\"https:\/\/blogsaverroes.juntadeandalucia.es\/prodigiesramonycajal\/manuales-2\/recursos-libres-2\/\" rel=\"noopener\" target=\"_blank\">\n                   <img loading=\"lazy\" decoding=\"async\" width=\"1920\" height=\"1114\" src=\"https:\/\/blogsaverroes.juntadeandalucia.es\/prodigiesramonycajal\/files\/2022\/11\/web-3967926_1920.jpg\" class=\"wp-post-image wp-image-335\" title=\"web-3967926_1920\" alt=\"web-3967926_1920\" srcset=\"https:\/\/blogsaverroes.juntadeandalucia.es\/prodigiesramonycajal\/files\/2022\/11\/web-3967926_1920.jpg 1920w, https:\/\/blogsaverroes.juntadeandalucia.es\/prodigiesramonycajal\/files\/2022\/11\/web-3967926_1920-300x174.jpg 300w, https:\/\/blogsaverroes.juntadeandalucia.es\/prodigiesramonycajal\/files\/2022\/11\/web-3967926_1920-1024x594.jpg 1024w, https:\/\/blogsaverroes.juntadeandalucia.es\/prodigiesramonycajal\/files\/2022\/11\/web-3967926_1920-768x446.jpg 768w, https:\/\/blogsaverroes.juntadeandalucia.es\/prodigiesramonycajal\/files\/2022\/11\/web-3967926_1920-1536x891.jpg 1536w\" sizes=\"(max-width: 1920px) 100vw, 1920px\" \/>        <\/a>\n    \n        <\/div>\n    <!-- \/image-wrap -->\n    \n        <\/div>\n<!-- \/module image --><!-- module text -->\n<div  class=\"module module-text tb_5oqu673   \" data-lazy=\"1\">\n        <div  class=\"tb_text_wrap\">\n        <h3>Recursos Libres<\/h3>\n<p>Recursos libres para uso en preparaci\u00f3n de materiales REA:\u00a0Im\u00e1genes, iconos, sonido, v\u00eddeos, etc<\/p>    <\/div>\n<\/div>\n<!-- \/module text -->        <\/div>\n                    <div  data-lazy=\"1\" class=\"module_column sub_column col3-1 tb_vjfk671 last\">\n                    <!-- module image -->\n<div  class=\"module module-image tb_s368676 image-top rounded drop-shadow  auto_fullwidth tf_mw\" data-lazy=\"1\">\n        <div class=\"image-wrap tf_rel tf_mw\">\n            <img loading=\"lazy\" decoding=\"async\" src=\"https:\/\/blogsaverroes.juntadeandalucia.es\/prodigiesramonycajal\/files\/2022\/12\/1-325x204.png\" width=\"325\" height=\"204\" class=\"wp-post-image wp-image-341\" title=\"1\" alt=\"1\">    \n        <\/div>\n    <!-- \/image-wrap -->\n    \n        <\/div>\n<!-- \/module image --><!-- module text -->\n<div  class=\"module module-text tb_q6dj675   \" data-lazy=\"1\">\n        <div  class=\"tb_text_wrap\">\n        <h2>Materiales REA<\/h2>\n<p>Acceso a materiales REA:<\/p>\n<p><a href=\"https:\/\/www.juntadeandalucia.es\/educacion\/permanente\/materiales\/\" target=\"_blank\" rel=\"noopener\">CREA<\/a><\/p>\n<p>AGREGA<\/p>\n<p>ENSE\u00d1ANZA A DISTANCIA<\/p>    <\/div>\n<\/div>\n<!-- \/module text -->        <\/div>\n                    <\/div>\n                <\/div>\n                        <\/div>\n        <\/div>\n        <\/div>\n<!--\/themify_builder_content-->","protected":false},"excerpt":{"rendered":"<p>Tutoriales completos Curso completo de uso de la aplicaci\u00f3n Exelearning Recursos Libres Recursos libres para uso en preparaci\u00f3n de materiales REA:\u00a0Im\u00e1genes, iconos, sonido, v\u00eddeos, etc Materiales REA Acceso a materiales REA: CREA AGREGA ENSE\u00d1ANZA A DISTANCIA<\/p>\n","protected":false},"author":2391,"featured_media":0,"parent":35,"menu_order":0,"comment_status":"closed","ping_status":"closed","template":"","meta":{"ngg_post_thumbnail":0,"footnotes":""},"aioseo_notices":[],"_links":{"self":[{"href":"https:\/\/blogsaverroes.juntadeandalucia.es\/prodigiesramonycajal\/wp-json\/wp\/v2\/pages\/333"}],"collection":[{"href":"https:\/\/blogsaverroes.juntadeandalucia.es\/prodigiesramonycajal\/wp-json\/wp\/v2\/pages"}],"about":[{"href":"https:\/\/blogsaverroes.juntadeandalucia.es\/prodigiesramonycajal\/wp-json\/wp\/v2\/types\/page"}],"author":[{"embeddable":true,"href":"https:\/\/blogsaverroes.juntadeandalucia.es\/prodigiesramonycajal\/wp-json\/wp\/v2\/users\/2391"}],"replies":[{"embeddable":true,"href":"https:\/\/blogsaverroes.juntadeandalucia.es\/prodigiesramonycajal\/wp-json\/wp\/v2\/comments?post=333"}],"version-history":[{"count":12,"href":"https:\/\/blogsaverroes.juntadeandalucia.es\/prodigiesramonycajal\/wp-json\/wp\/v2\/pages\/333\/revisions"}],"predecessor-version":[{"id":582,"href":"https:\/\/blogsaverroes.juntadeandalucia.es\/prodigiesramonycajal\/wp-json\/wp\/v2\/pages\/333\/revisions\/582"}],"up":[{"embeddable":true,"href":"https:\/\/blogsaverroes.juntadeandalucia.es\/prodigiesramonycajal\/wp-json\/wp\/v2\/pages\/35"}],"wp:attachment":[{"href":"https:\/\/blogsaverroes.juntadeandalucia.es\/prodigiesramonycajal\/wp-json\/wp\/v2\/media?parent=333"}],"curies":[{"name":"wp","href":"https:\/\/api.w.org\/{rel}","templated":true}]}}