{"id":348,"date":"2023-03-07T19:04:31","date_gmt":"2023-03-07T18:04:31","guid":{"rendered":"https:\/\/blogsaverroes.juntadeandalucia.es\/prodigiesramonycajal\/ipasen-2\/clave-alumnado-copy\/"},"modified":"2025-11-02T10:25:31","modified_gmt":"2025-11-02T09:25:31","slug":"clave-alumnado-2","status":"publish","type":"page","link":"https:\/\/blogsaverroes.juntadeandalucia.es\/prodigiesramonycajal\/clave-alumnado-2\/","title":{"rendered":"Clave iANDE"},"content":{"rendered":"<!--themify_builder_content-->\n<div id=\"themify_builder_content-348\" data-postid=\"348\" class=\"themify_builder_content themify_builder_content-348 themify_builder tf_clear\">\n                    <div  data-lazy=\"1\" class=\"module_row themify_builder_row tb_gw9p330 tb_first tf_w\">\n                        <div class=\"row_inner col_align_top tb_col_count_2 tf_box tf_rel\">\n                        <div  data-lazy=\"1\" class=\"module_column tb-column col4-2 tb_f1k3333 first\">\n                    <!-- module box -->\n<div  class=\"module module-box tb_88kn889 \" data-lazy=\"1\">\n    <div class=\"module-box-content ui  tb_default_color\">\n                <div class=\"tb_text_wrap\"><div>\n<p><strong>Identificador Andaluz Educativo (iANDE)<img loading=\"lazy\" decoding=\"async\" class=\"size-full wp-image-362 alignright\" src=\"https:\/\/blogsaverroes.juntadeandalucia.es\/prodigiesramonycajal\/files\/2023\/03\/icono_iande.png\" alt=\"\" width=\"216\" height=\"158\" \/><\/strong><\/p>\n<\/div>\n<div>\n<p>Para facilitar telem\u00e1ticamente los procedimientos relacionados con el centro (admisi\u00f3n, matriculaci\u00f3n y otros tr\u00e1mites) y as\u00ed evitar que las familias tengan que desplazarse a las instalaciones de los mismos, se ha habilitado el<strong> Identificador Andaluz Educativo (iANDE)<\/strong>, una clave que les permitir\u00e1 autenticarse en la Secretar\u00eda Virtual de forma \u00e1gil y r\u00e1pida.<\/p>\n<\/div>\n<div>\n<p><strong>Obtenci\u00f3n de la clave iANDE<\/strong><\/p>\n<p><strong>iANDE<\/strong> es una nueva contrase\u00f1a que permite acceder de forma muy sencilla, puede obtener su clave iANDE de dos formas:\u00a0<\/p>\n<\/div><\/div>\n    <\/div>\n<\/div>\n<!-- \/module box -->\n        <\/div>\n                    <div  data-lazy=\"1\" class=\"module_column tb-column col4-2 tb_irtr765 last\">\n                    <!-- module menu -->\n<div  class=\"module module-menu tb_zwh5522  mobile-menu-slide\" data-menu-style=\"mobile-menu-slide\" data-menu-breakpoint=\"0\" data-element-id=\"tb_zwh5522\" data-lazy=\"1\">\n        \n    <div class=\"module-menu-container\"><ul id=\"menu-familias\" class=\"ui tf_clearfix nav tf_rel tf_scrollbar vertical tb_default_color\"><li id=\"menu-item-489\" class=\"menu-item-page-122 menu-item menu-item-type-post_type menu-item-object-page menu-item-home menu-item-489\"><a href=\"https:\/\/blogsaverroes.juntadeandalucia.es\/prodigiesramonycajal\/\">Home<\/a><\/li>\n<li id=\"menu-item-501\" class=\"menu-item-page-227 menu-item menu-item-type-post_type menu-item-object-page current-menu-item page_item page-item-227 current_page_item menu-item-501\"><a href=\"https:\/\/blogsaverroes.juntadeandalucia.es\/prodigiesramonycajal\/familias\/\" aria-current=\"page\">Familias<\/a><\/li>\n<li id=\"menu-item-492\" class=\"menu-item-page-238 menu-item menu-item-type-post_type menu-item-object-page menu-item-492\"><a href=\"https:\/\/blogsaverroes.juntadeandalucia.es\/prodigiesramonycajal\/ipasen-2\/\">iPASEN<\/a><\/li>\n<li id=\"menu-item-488\" class=\"menu-item-page-224 menu-item menu-item-type-post_type menu-item-object-page menu-item-488\"><a href=\"https:\/\/blogsaverroes.juntadeandalucia.es\/prodigiesramonycajal\/workspace\/\">workspace<\/a><\/li>\n<li id=\"menu-item-494\" class=\"menu-item-page-348 menu-item menu-item-type-post_type menu-item-object-page menu-item-494\"><a href=\"https:\/\/blogsaverroes.juntadeandalucia.es\/prodigiesramonycajal\/clave-alumnado-2\/\">Clave iANDE<\/a><\/li>\n<\/ul><\/div>        <style>\n            .mobile-menu-module[data-module=\"tb_zwh5522\"]{\n                right:-300px            }\n        <\/style>\n    <\/div>\n<!-- \/module menu -->\n        <\/div>\n                        <\/div>\n        <\/div>\n                        <div  data-lazy=\"1\" class=\"module_row themify_builder_row tb_zm1o887 tf_w\">\n                        <div class=\"row_inner col_align_middle tb_col_count_2 tf_box tf_rel\">\n                        <div  data-lazy=\"1\" class=\"module_column tb-column col4-2 tb_b9n7889 first\">\n                    <!-- module text -->\n<div  class=\"module module-text tb_la4f890   \" data-lazy=\"1\">\n        <div  class=\"tb_text_wrap\">\n        <p><strong>1.-\u00a0 Consulta de la clave iANDE<\/strong><\/p>\n<p>Las claves iANDE se han difundido a las familias a trav\u00e9s de la app iPasen, en un mensaje anclado en la bandeja de entrada de Comunicaciones. En este mensaje los tutores legales tienen las claves iANDE de cada uno de sus hijos o hijas as\u00ed como para ellos mismos si fueran a su vez alumnos. Este mensaje permanece fijo y no se puede borrar.<\/p>\n<p>Cuando entre en iPASEN, busque su clave iANDE en <em>Comunicaciones &gt; Recibidos &gt; Primer mensajes (Administrador PASEN identificador Andaluz Educativo (iANDE)<\/em>.<\/p>    <\/div>\n<\/div>\n<!-- \/module text -->        <\/div>\n                    <div  data-lazy=\"1\" class=\"module_column tb-column col4-2 tb_2ukj892 last\">\n                    <!-- module image -->\n<div  class=\"module module-image tb_wmm2893 image-top   tf_mw\" data-lazy=\"1\">\n        <div class=\"image-wrap tf_rel tf_mw\">\n            <a href=\"https:\/\/blogsaverroes.juntadeandalucia.es\/prodigiesramonycajal\/files\/2023\/03\/iANDE.pdf\" rel=\"noopener\" target=\"_blank\">\n                   <img loading=\"lazy\" decoding=\"async\" src=\"https:\/\/blogsaverroes.juntadeandalucia.es\/prodigiesramonycajal\/files\/2023\/03\/iande-500x589.jpg\" width=\"500\" height=\"589\" class=\"wp-post-image wp-image-360\" title=\"iande\" alt=\"iande\" srcset=\"https:\/\/blogsaverroes.juntadeandalucia.es\/prodigiesramonycajal\/files\/2023\/03\/iande-500x589.jpg 500w, https:\/\/blogsaverroes.juntadeandalucia.es\/prodigiesramonycajal\/files\/2023\/03\/iande-254x300.jpg 254w, https:\/\/blogsaverroes.juntadeandalucia.es\/prodigiesramonycajal\/files\/2023\/03\/iande.jpg 682w\" sizes=\"(max-width: 500px) 100vw, 500px\" \/>        <\/a>\n    \n        <\/div>\n    <!-- \/image-wrap -->\n    \n        <\/div>\n<!-- \/module image -->        <\/div>\n                        <\/div>\n        <\/div>\n                        <div  data-lazy=\"1\" class=\"module_row themify_builder_row tb_4lak442 tf_w\">\n                        <div class=\"row_inner col_align_top tb_col_count_1 tf_box tf_rel\">\n                        <div  data-lazy=\"1\" class=\"module_column tb-column col-full tb_uruj443 first\">\n                    <!-- module fancy heading -->\n<div  class=\"module module-fancy-heading tb_lutl889 \" data-lazy=\"1\">\n        <h2 class=\"fancy-heading\">\n    <span class=\"main-head tf_block\">\n                    Manual de c\u00f3mo consultar  la clave en iPASEN            <\/span>\n\n    \n    <span class=\"sub-head tf_block tf_rel\">\n                                <\/span>\n    <\/h2>\n<\/div>\n<!-- \/module fancy heading -->\n        <\/div>\n                        <\/div>\n        <\/div>\n                        <div  data-css_id=\"y92c265\" data-lazy=\"1\" class=\"module_row themify_builder_row fullwidth_row_container tb_y92c265 tf_w\">\n                        <div class=\"row_inner col_align_top tb_col_count_3 tf_box tf_rel\">\n                        <div  data-lazy=\"1\" class=\"module_column tb-column col3-1 tb_ibs1265 first\">\n                    <!-- module image -->\n<div  class=\"module module-image tb_dsgr266 image-top   auto_fullwidth tf_mw tb_gs30155d0\" data-lazy=\"1\">\n        <div class=\"image-wrap tf_rel tf_mw\">\n            <img loading=\"lazy\" decoding=\"async\" width=\"1414\" height=\"2000\" src=\"https:\/\/blogsaverroes.juntadeandalucia.es\/prodigiesramonycajal\/files\/2023\/03\/Dise\u00f1o-sin-t\u00edtulo6.png\" class=\"wp-post-image wp-image-357\" title=\"Dise\u00f1o sin t\u00edtulo(6)\" alt=\"1\u00ba Entrar en la aplicaci\u00f3n iPASEN de padre\/madre\/tutor legal.\" srcset=\"https:\/\/blogsaverroes.juntadeandalucia.es\/prodigiesramonycajal\/files\/2023\/03\/Dise\u00f1o-sin-t\u00edtulo6.png 1414w, https:\/\/blogsaverroes.juntadeandalucia.es\/prodigiesramonycajal\/files\/2023\/03\/Dise\u00f1o-sin-t\u00edtulo6-212x300.png 212w, https:\/\/blogsaverroes.juntadeandalucia.es\/prodigiesramonycajal\/files\/2023\/03\/Dise\u00f1o-sin-t\u00edtulo6-724x1024.png 724w, https:\/\/blogsaverroes.juntadeandalucia.es\/prodigiesramonycajal\/files\/2023\/03\/Dise\u00f1o-sin-t\u00edtulo6-768x1086.png 768w, https:\/\/blogsaverroes.juntadeandalucia.es\/prodigiesramonycajal\/files\/2023\/03\/Dise\u00f1o-sin-t\u00edtulo6-1086x1536.png 1086w\" sizes=\"(max-width: 1414px) 100vw, 1414px\" \/>    \n        <\/div>\n    <!-- \/image-wrap -->\n    \n        <div class=\"image-content\">\n                        <div class=\"image-caption tb_text_wrap\">\n            1\u00ba Entrar en la aplicaci\u00f3n iPASEN de padre\/madre\/tutor legal.        <\/div>\n        <!-- \/image-caption -->\n            <\/div>\n    <!-- \/image-content -->\n        <\/div>\n<!-- \/module image -->        <\/div>\n                    <div  data-lazy=\"1\" class=\"module_column tb-column col3-1 tb_w0eo266\">\n                    <!-- module image -->\n<div  class=\"module module-image tb_eapr266 image-top   auto_fullwidth tf_mw tb_gs30155d0\" data-lazy=\"1\">\n        <div class=\"image-wrap tf_rel tf_mw\">\n            <img loading=\"lazy\" decoding=\"async\" width=\"1414\" height=\"2000\" src=\"https:\/\/blogsaverroes.juntadeandalucia.es\/prodigiesramonycajal\/files\/2023\/03\/Dise\u00f1o-sin-t\u00edtulo5.png\" class=\"wp-post-image wp-image-358\" title=\"Dise\u00f1o sin t\u00edtulo(5)\" alt=\"2\u00ba Ir a comunicaciones. \n\n3\u00ba Abrir el primer mensaje anclado.\" srcset=\"https:\/\/blogsaverroes.juntadeandalucia.es\/prodigiesramonycajal\/files\/2023\/03\/Dise\u00f1o-sin-t\u00edtulo5.png 1414w, https:\/\/blogsaverroes.juntadeandalucia.es\/prodigiesramonycajal\/files\/2023\/03\/Dise\u00f1o-sin-t\u00edtulo5-212x300.png 212w, https:\/\/blogsaverroes.juntadeandalucia.es\/prodigiesramonycajal\/files\/2023\/03\/Dise\u00f1o-sin-t\u00edtulo5-724x1024.png 724w, https:\/\/blogsaverroes.juntadeandalucia.es\/prodigiesramonycajal\/files\/2023\/03\/Dise\u00f1o-sin-t\u00edtulo5-768x1086.png 768w, https:\/\/blogsaverroes.juntadeandalucia.es\/prodigiesramonycajal\/files\/2023\/03\/Dise\u00f1o-sin-t\u00edtulo5-1086x1536.png 1086w\" sizes=\"(max-width: 1414px) 100vw, 1414px\" \/>    \n        <\/div>\n    <!-- \/image-wrap -->\n    \n        <div class=\"image-content\">\n                        <div class=\"image-caption tb_text_wrap\">\n            2\u00ba Ir a comunicaciones. <br>\n\n3\u00ba Abrir el primer mensaje anclado.        <\/div>\n        <!-- \/image-caption -->\n            <\/div>\n    <!-- \/image-content -->\n        <\/div>\n<!-- \/module image -->        <\/div>\n                    <div  data-lazy=\"1\" class=\"module_column tb-column col3-1 tb_9t2a267 last\">\n                    <!-- module image -->\n<div  class=\"module module-image tb_ffo0267 image-center   auto_fullwidth tf_mw tb_gs30155d0\" data-lazy=\"1\">\n        <div class=\"image-wrap tf_rel tf_mw\">\n            <img loading=\"lazy\" decoding=\"async\" width=\"1414\" height=\"2000\" src=\"https:\/\/blogsaverroes.juntadeandalucia.es\/prodigiesramonycajal\/files\/2023\/03\/Dise\u00f1o-sin-t\u00edtulo7.png\" class=\"wp-post-image wp-image-356\" title=\"Dise\u00f1o sin t\u00edtulo(7)\" alt=\"4\u00ba En ese mensaje aparece el nombre del hijo\/hija, fecha de nacimiento y clave iANDE.\" srcset=\"https:\/\/blogsaverroes.juntadeandalucia.es\/prodigiesramonycajal\/files\/2023\/03\/Dise\u00f1o-sin-t\u00edtulo7.png 1414w, https:\/\/blogsaverroes.juntadeandalucia.es\/prodigiesramonycajal\/files\/2023\/03\/Dise\u00f1o-sin-t\u00edtulo7-212x300.png 212w, https:\/\/blogsaverroes.juntadeandalucia.es\/prodigiesramonycajal\/files\/2023\/03\/Dise\u00f1o-sin-t\u00edtulo7-724x1024.png 724w, https:\/\/blogsaverroes.juntadeandalucia.es\/prodigiesramonycajal\/files\/2023\/03\/Dise\u00f1o-sin-t\u00edtulo7-768x1086.png 768w, https:\/\/blogsaverroes.juntadeandalucia.es\/prodigiesramonycajal\/files\/2023\/03\/Dise\u00f1o-sin-t\u00edtulo7-1086x1536.png 1086w\" sizes=\"(max-width: 1414px) 100vw, 1414px\" \/>    \n        <\/div>\n    <!-- \/image-wrap -->\n    \n        <div class=\"image-content\">\n                        <div class=\"image-caption tb_text_wrap\">\n            4\u00ba En ese mensaje aparece el nombre del hijo\/hija, fecha de nacimiento y clave iANDE.        <\/div>\n        <!-- \/image-caption -->\n            <\/div>\n    <!-- \/image-content -->\n        <\/div>\n<!-- \/module image -->        <\/div>\n                        <\/div>\n        <\/div>\n                        <div  data-lazy=\"1\" class=\"module_row themify_builder_row tb_hatl942 tf_w\">\n                        <div class=\"row_inner col_align_top tb_col_count_1 tf_box tf_rel\">\n                        <div  data-lazy=\"1\" class=\"module_column tb-column col-full tb_ysm2946 first\">\n                    <!-- module text -->\n<div  class=\"module module-text tb_crzv426   \" data-lazy=\"1\">\n        <div  class=\"tb_text_wrap\">\n        <div dir=\"ltr\">\n<div><strong>2.- Solicitud de la clave iANDE\u00a0<\/strong><\/div>\n<p>Tambi\u00e9n est\u00e1 disponible en la Secretar\u00eda Virtual un auto servicio de iANDE para aquellas personas que no son alumnado de ning\u00fan centro y deseen realizar tr\u00e1mites de admisi\u00f3n y matr\u00edcula en aquellos procedimientos que permitan la participaci\u00f3n de este tipo de personas (Admsi\u00f3n de FP, Conservatorios, EOIs, y Educaci\u00f3n Permanente).<\/p>\n<p><a href=\"https:\/\/www.juntadeandalucia.es\/educacion\/secretariavirtual\/autenticacion\/registroUsuarioIANDE\/\" target=\"_blank\" rel=\"nofollow noopener noreferrer\" data-saferedirecturl=\"https:\/\/www.google.com\/url?q=https:\/\/www.juntadeandalucia.es\/educacion\/secretariavirtual\/autenticacion\/registroUsuarioIANDE\/&amp;source=gmail&amp;ust=1655303887006000&amp;usg=AOvVaw0_iTA14mzYfLqPcpwkEb8f\">Registro Usuario clave iAnde<\/a><\/p>\n<\/div>\n<div dir=\"ltr\"><strong>3- Solicitud de la clave iANDE en cualquier instituto<\/strong><\/div>\n<div dir=\"ltr\">Si eres mayor de edad, ac\u00e9rcate a cualquier instituto para que te la faciliten tras identificarte con tu DNI.<\/div>\n<div class=\"\">\n<div id=\":oo\" class=\"ii gt\">\n<div id=\":op\" class=\"a3s aiL \">\n<div>\n<div>\n<div dir=\"ltr\">\n<div>\n<div><strong>\u00a0<\/strong><\/div>\n<p>\u00a0<\/p>\n<div>\u00a0<\/div>\n<\/div>\n<\/div>\n<\/div>\n<\/div>\n<\/div>\n<\/div>\n<\/div>    <\/div>\n<\/div>\n<!-- \/module text -->        <\/div>\n                        <\/div>\n        <\/div>\n        <\/div>\n<!--\/themify_builder_content-->","protected":false},"excerpt":{"rendered":"<p>Identificador Andaluz Educativo (iANDE) Para facilitar telem\u00e1ticamente los procedimientos relacionados con el centro (admisi\u00f3n, matriculaci\u00f3n y otros tr\u00e1mites) y as\u00ed evitar que las familias tengan que desplazarse a las instalaciones de los mismos, se ha habilitado el Identificador Andaluz Educativo (iANDE), una clave que les permitir\u00e1 autenticarse en la Secretar\u00eda Virtual de forma \u00e1gil y [&hellip;]<\/p>\n","protected":false},"author":2391,"featured_media":0,"parent":0,"menu_order":0,"comment_status":"closed","ping_status":"closed","template":"","meta":{"ngg_post_thumbnail":0,"footnotes":""},"aioseo_notices":[],"_links":{"self":[{"href":"https:\/\/blogsaverroes.juntadeandalucia.es\/prodigiesramonycajal\/wp-json\/wp\/v2\/pages\/348"}],"collection":[{"href":"https:\/\/blogsaverroes.juntadeandalucia.es\/prodigiesramonycajal\/wp-json\/wp\/v2\/pages"}],"about":[{"href":"https:\/\/blogsaverroes.juntadeandalucia.es\/prodigiesramonycajal\/wp-json\/wp\/v2\/types\/page"}],"author":[{"embeddable":true,"href":"https:\/\/blogsaverroes.juntadeandalucia.es\/prodigiesramonycajal\/wp-json\/wp\/v2\/users\/2391"}],"replies":[{"embeddable":true,"href":"https:\/\/blogsaverroes.juntadeandalucia.es\/prodigiesramonycajal\/wp-json\/wp\/v2\/comments?post=348"}],"version-history":[{"count":13,"href":"https:\/\/blogsaverroes.juntadeandalucia.es\/prodigiesramonycajal\/wp-json\/wp\/v2\/pages\/348\/revisions"}],"predecessor-version":[{"id":526,"href":"https:\/\/blogsaverroes.juntadeandalucia.es\/prodigiesramonycajal\/wp-json\/wp\/v2\/pages\/348\/revisions\/526"}],"wp:attachment":[{"href":"https:\/\/blogsaverroes.juntadeandalucia.es\/prodigiesramonycajal\/wp-json\/wp\/v2\/media?parent=348"}],"curies":[{"name":"wp","href":"https:\/\/api.w.org\/{rel}","templated":true}]}}