{"id":378,"date":"2023-09-01T08:48:56","date_gmt":"2023-09-01T06:48:56","guid":{"rendered":"https:\/\/blogsaverroes.juntadeandalucia.es\/prodigiesramonycajal\/?page_id=378"},"modified":"2023-09-01T08:59:07","modified_gmt":"2023-09-01T06:59:07","slug":"migrar-a-workspace","status":"publish","type":"page","link":"https:\/\/blogsaverroes.juntadeandalucia.es\/prodigiesramonycajal\/migrar-a-workspace\/","title":{"rendered":"Migrar a WORKSPACE"},"content":{"rendered":"<!--themify_builder_content-->\n<div id=\"themify_builder_content-378\" data-postid=\"378\" class=\"themify_builder_content themify_builder_content-378 themify_builder tf_clear\">\n                    <div  data-lazy=\"1\" class=\"module_row themify_builder_row tb_6agr442 tb_first tf_w\">\n                        <div class=\"row_inner col_align_top tb_col_count_1 tf_box tf_rel\">\n                        <div  data-lazy=\"1\" class=\"module_column tb-column col-full tb_twz7442 first\">\n                    <!-- module box -->\n<div  class=\"module module-box tb_wq5i992 \" data-lazy=\"1\">\n    <div class=\"module-box-content ui rounded embossed shadow tb_default_color\">\n                <div class=\"tb_text_wrap\"><h2 style=\"text-align: center;\"><span style=\"color: #62719e;\">Migraci\u00f3n a GSUITE Junta de Andaluc\u00eda<\/span><\/h2><\/div>\n    <\/div>\n<\/div>\n<!-- \/module box -->\n        <\/div>\n                        <\/div>\n        <\/div>\n                        <div  data-lazy=\"1\" class=\"module_row themify_builder_row tb_z7xl645 tf_w\">\n                        <div class=\"row_inner col_align_top tb_col_count_1 tf_box tf_rel\">\n                        <div  data-lazy=\"1\" class=\"module_column tb-column col-full tb_aaxk646 first\">\n                            <div  data-lazy=\"1\" class=\"module_subrow themify_builder_sub_row tf_w col_align_top tb_col_count_4 tb_3boz555\">\n                <div  data-lazy=\"1\" class=\"module_column sub_column col4-1 tb_f51m152 first\">\n                    <!-- module image -->\n<div  class=\"module module-image tb_qimk152 image-top rounded  auto_fullwidth tf_mw\" data-lazy=\"1\">\n        <div class=\"image-wrap tf_rel tf_mw\">\n            <a href=\"https:\/\/blogsaverroes.juntadeandalucia.es\/prodigiesramonycajal\/traspasar-documentos-y-carpetas\/\">\n                   <img loading=\"lazy\" decoding=\"async\" width=\"1280\" height=\"1280\" src=\"https:\/\/blogsaverroes.juntadeandalucia.es\/prodigiesramonycajal\/files\/2022\/05\/folder-5000783_1280.png\" class=\"wp-post-image wp-image-169\" title=\"Migrar carpetas y documentos\" alt=\"C\u00f3mo pasar las carpetas y documentos desde el dominio del instituto al dominio g.educaand.es\" srcset=\"https:\/\/blogsaverroes.juntadeandalucia.es\/prodigiesramonycajal\/files\/2022\/05\/folder-5000783_1280.png 1280w, https:\/\/blogsaverroes.juntadeandalucia.es\/prodigiesramonycajal\/files\/2022\/05\/folder-5000783_1280-300x300.png 300w, https:\/\/blogsaverroes.juntadeandalucia.es\/prodigiesramonycajal\/files\/2022\/05\/folder-5000783_1280-1024x1024.png 1024w, https:\/\/blogsaverroes.juntadeandalucia.es\/prodigiesramonycajal\/files\/2022\/05\/folder-5000783_1280-150x150.png 150w, https:\/\/blogsaverroes.juntadeandalucia.es\/prodigiesramonycajal\/files\/2022\/05\/folder-5000783_1280-768x768.png 768w\" sizes=\"(max-width: 1280px) 100vw, 1280px\" \/>        <\/a>\n    \n        <\/div>\n    <!-- \/image-wrap -->\n    \n        <div class=\"image-content\">\n                    <h3 class=\"image-title\">\n                                    <a href=\"https:\/\/blogsaverroes.juntadeandalucia.es\/prodigiesramonycajal\/traspasar-documentos-y-carpetas\/\">\n                        Migrar carpetas y documentos                    <\/a>\n                            <\/h3>\n                        <div class=\"image-caption tb_text_wrap\">\n            \n<br>C\u00f3mo pasar las carpetas y documentos desde el dominio del instituto al dominio g.educaand.es        <\/div>\n        <!-- \/image-caption -->\n            <\/div>\n    <!-- \/image-content -->\n        <\/div>\n<!-- \/module image -->        <\/div>\n                    <div  data-lazy=\"1\" class=\"module_column sub_column col4-1 tb_gpke334\">\n                    <!-- module image -->\n<div  class=\"module module-image tb_vo2n334 image-top rounded  auto_fullwidth tf_mw tb_gs30155d0\" data-lazy=\"1\">\n        <div class=\"image-wrap tf_rel tf_mw\">\n            <a href=\"https:\/\/blogsaverroes.juntadeandalucia.es\/prodigiesramonycajal\/traspasar-clases-de-classroom\/\">\n                   <img loading=\"lazy\" decoding=\"async\" width=\"2560\" height=\"1600\" src=\"https:\/\/blogsaverroes.juntadeandalucia.es\/prodigiesramonycajal\/files\/2022\/05\/sketch-1652180950691.png\" class=\"wp-post-image wp-image-170\" title=\"Migrar clases de Classroom\" alt=\"Migrar clases de Classroom desde el dominio del instituto al dominio g.educaand.es\" srcset=\"https:\/\/blogsaverroes.juntadeandalucia.es\/prodigiesramonycajal\/files\/2022\/05\/sketch-1652180950691.png 2560w, https:\/\/blogsaverroes.juntadeandalucia.es\/prodigiesramonycajal\/files\/2022\/05\/sketch-1652180950691-300x188.png 300w, https:\/\/blogsaverroes.juntadeandalucia.es\/prodigiesramonycajal\/files\/2022\/05\/sketch-1652180950691-1024x640.png 1024w, https:\/\/blogsaverroes.juntadeandalucia.es\/prodigiesramonycajal\/files\/2022\/05\/sketch-1652180950691-768x480.png 768w, https:\/\/blogsaverroes.juntadeandalucia.es\/prodigiesramonycajal\/files\/2022\/05\/sketch-1652180950691-1536x960.png 1536w, https:\/\/blogsaverroes.juntadeandalucia.es\/prodigiesramonycajal\/files\/2022\/05\/sketch-1652180950691-2048x1280.png 2048w\" sizes=\"(max-width: 2560px) 100vw, 2560px\" \/>        <\/a>\n    \n        <\/div>\n    <!-- \/image-wrap -->\n    \n        <div class=\"image-content\">\n                    <h3 class=\"image-title\">\n                                    <a href=\"https:\/\/blogsaverroes.juntadeandalucia.es\/prodigiesramonycajal\/traspasar-clases-de-classroom\/\">\n                        Migrar clases de Classroom                    <\/a>\n                            <\/h3>\n                        <div class=\"image-caption tb_text_wrap\">\n            <br>Migrar clases de Classroom desde el dominio del instituto al dominio g.educaand.es\n        <\/div>\n        <!-- \/image-caption -->\n            <\/div>\n    <!-- \/image-content -->\n        <\/div>\n<!-- \/module image -->        <\/div>\n                    <div  data-lazy=\"1\" class=\"module_column sub_column col4-1 tb_gdvm156\">\n                    <!-- module image -->\n<div  class=\"module module-image tb_reop156 image-center rounded  auto_fullwidth tf_mw tb_gs30155d0\" data-lazy=\"1\">\n        <div class=\"image-wrap tf_rel tf_mw\">\n            <a href=\"https:\/\/blogsaverroes.juntadeandalucia.es\/prodigiesramonycajal\/crear-clases-desde-seneca\/\">\n                   <img loading=\"lazy\" decoding=\"async\" width=\"2560\" height=\"1600\" src=\"https:\/\/blogsaverroes.juntadeandalucia.es\/prodigiesramonycajal\/files\/2022\/05\/sketch-1652181453155.png\" class=\"wp-post-image wp-image-171\" title=\"Crear clases desde S\u00e9neca\" alt=\"Crear nuevas clases desde s\u00e9neca\" srcset=\"https:\/\/blogsaverroes.juntadeandalucia.es\/prodigiesramonycajal\/files\/2022\/05\/sketch-1652181453155.png 2560w, https:\/\/blogsaverroes.juntadeandalucia.es\/prodigiesramonycajal\/files\/2022\/05\/sketch-1652181453155-300x188.png 300w, https:\/\/blogsaverroes.juntadeandalucia.es\/prodigiesramonycajal\/files\/2022\/05\/sketch-1652181453155-1024x640.png 1024w, https:\/\/blogsaverroes.juntadeandalucia.es\/prodigiesramonycajal\/files\/2022\/05\/sketch-1652181453155-768x480.png 768w, https:\/\/blogsaverroes.juntadeandalucia.es\/prodigiesramonycajal\/files\/2022\/05\/sketch-1652181453155-1536x960.png 1536w, https:\/\/blogsaverroes.juntadeandalucia.es\/prodigiesramonycajal\/files\/2022\/05\/sketch-1652181453155-2048x1280.png 2048w\" sizes=\"(max-width: 2560px) 100vw, 2560px\" \/>        <\/a>\n    \n        <\/div>\n    <!-- \/image-wrap -->\n    \n        <div class=\"image-content\">\n                    <h3 class=\"image-title\">\n                                    <a href=\"https:\/\/blogsaverroes.juntadeandalucia.es\/prodigiesramonycajal\/crear-clases-desde-seneca\/\">\n                        Crear clases desde S\u00e9neca                    <\/a>\n                            <\/h3>\n                        <div class=\"image-caption tb_text_wrap\">\n            <br>\nCrear nuevas clases desde s\u00e9neca        <\/div>\n        <!-- \/image-caption -->\n            <\/div>\n    <!-- \/image-content -->\n        <\/div>\n<!-- \/module image -->        <\/div>\n                    <div  data-lazy=\"1\" class=\"module_column sub_column col4-1 tb_5nfi207 last\">\n                    <!-- module image -->\n<div  class=\"module module-image tb_apto208 image-top rounded drop-shadow bordered  tf_mw\" data-lazy=\"1\">\n        <div class=\"image-wrap tf_rel tf_mw\">\n            <a href=\"https:\/\/blogsaverroes.juntadeandalucia.es\/prodigiesramonycajal\/migracion-de-correos\/\">\n                   <img loading=\"lazy\" decoding=\"async\" width=\"1920\" height=\"1920\" src=\"https:\/\/blogsaverroes.juntadeandalucia.es\/prodigiesramonycajal\/files\/2022\/06\/at-1020116_1920.jpg\" class=\"wp-post-image wp-image-197\" title=\"Migraci\u00f3n de mensajes\" alt=\"C\u00f3mo migrar los mensajes desde el dominio del instituto al dominio de g.educaand.es\" srcset=\"https:\/\/blogsaverroes.juntadeandalucia.es\/prodigiesramonycajal\/files\/2022\/06\/at-1020116_1920.jpg 1920w, https:\/\/blogsaverroes.juntadeandalucia.es\/prodigiesramonycajal\/files\/2022\/06\/at-1020116_1920-300x300.jpg 300w, https:\/\/blogsaverroes.juntadeandalucia.es\/prodigiesramonycajal\/files\/2022\/06\/at-1020116_1920-1024x1024.jpg 1024w, https:\/\/blogsaverroes.juntadeandalucia.es\/prodigiesramonycajal\/files\/2022\/06\/at-1020116_1920-150x150.jpg 150w, https:\/\/blogsaverroes.juntadeandalucia.es\/prodigiesramonycajal\/files\/2022\/06\/at-1020116_1920-768x768.jpg 768w, https:\/\/blogsaverroes.juntadeandalucia.es\/prodigiesramonycajal\/files\/2022\/06\/at-1020116_1920-1536x1536.jpg 1536w\" sizes=\"(max-width: 1920px) 100vw, 1920px\" \/>        <\/a>\n    \n        <\/div>\n    <!-- \/image-wrap -->\n    \n        <div class=\"image-content\">\n                    <h3 class=\"image-title\">\n                                    <a href=\"https:\/\/blogsaverroes.juntadeandalucia.es\/prodigiesramonycajal\/migracion-de-correos\/\">\n                        Migraci\u00f3n de mensajes                    <\/a>\n                            <\/h3>\n                        <div class=\"image-caption tb_text_wrap\">\n            C\u00f3mo migrar los mensajes desde el dominio del instituto al dominio de g.educaand.es        <\/div>\n        <!-- \/image-caption -->\n            <\/div>\n    <!-- \/image-content -->\n        <\/div>\n<!-- \/module image -->        <\/div>\n                    <\/div>\n                <\/div>\n                        <\/div>\n        <\/div>\n                        <div  data-lazy=\"1\" class=\"module_row themify_builder_row tb_omxa656 tf_w\">\n                        <div class=\"row_inner col_align_top tb_col_count_1 tf_box tf_rel\">\n                        <div  data-lazy=\"1\" class=\"module_column tb-column col-full tb_igs2680 first\">\n                    <!-- module buttons -->\n<div  class=\"module module-buttons tb_o3fq680 buttons-horizontal solid  xlarge circle buttons-fullwidth wow\" data-tf-animation=\"bounceInUp\" data-lazy=\"1\">\n        <div class=\"module-buttons-item tf_in_flx\">\n                        <a href=\"https:\/\/sites.google.com\/g.educaand.es\/iniciandogeducaand\/migrar-g-suite-a-g-educaand-es\" class=\"ui builder_button tf_in_flx blue\" target=\"_blank\" rel=\"noopener\">\n                                                M\u00e1s Informaci\u00f3n Sobre Migraci\u00f3n de Cuenta                                         <\/a>\n                <\/div>\n            <\/div>\n<!-- \/module buttons -->\n        <\/div>\n                        <\/div>\n        <\/div>\n        <\/div>\n<!--\/themify_builder_content-->","protected":false},"excerpt":{"rendered":"<p>Migraci\u00f3n a GSUITE Junta de Andaluc\u00eda Migrar carpetas y documentos C\u00f3mo pasar las carpetas y documentos desde el dominio del instituto al dominio g.educaand.es Migrar clases de Classroom Migrar clases de Classroom desde el dominio del instituto al dominio g.educaand.es Crear clases desde S\u00e9neca Crear nuevas clases desde s\u00e9neca Migraci\u00f3n de mensajes C\u00f3mo migrar los [&hellip;]<\/p>\n","protected":false},"author":2391,"featured_media":0,"parent":0,"menu_order":0,"comment_status":"closed","ping_status":"closed","template":"","meta":{"ngg_post_thumbnail":0,"footnotes":""},"aioseo_notices":[],"_links":{"self":[{"href":"https:\/\/blogsaverroes.juntadeandalucia.es\/prodigiesramonycajal\/wp-json\/wp\/v2\/pages\/378"}],"collection":[{"href":"https:\/\/blogsaverroes.juntadeandalucia.es\/prodigiesramonycajal\/wp-json\/wp\/v2\/pages"}],"about":[{"href":"https:\/\/blogsaverroes.juntadeandalucia.es\/prodigiesramonycajal\/wp-json\/wp\/v2\/types\/page"}],"author":[{"embeddable":true,"href":"https:\/\/blogsaverroes.juntadeandalucia.es\/prodigiesramonycajal\/wp-json\/wp\/v2\/users\/2391"}],"replies":[{"embeddable":true,"href":"https:\/\/blogsaverroes.juntadeandalucia.es\/prodigiesramonycajal\/wp-json\/wp\/v2\/comments?post=378"}],"version-history":[{"count":3,"href":"https:\/\/blogsaverroes.juntadeandalucia.es\/prodigiesramonycajal\/wp-json\/wp\/v2\/pages\/378\/revisions"}],"predecessor-version":[{"id":381,"href":"https:\/\/blogsaverroes.juntadeandalucia.es\/prodigiesramonycajal\/wp-json\/wp\/v2\/pages\/378\/revisions\/381"}],"wp:attachment":[{"href":"https:\/\/blogsaverroes.juntadeandalucia.es\/prodigiesramonycajal\/wp-json\/wp\/v2\/media?parent=378"}],"curies":[{"name":"wp","href":"https:\/\/api.w.org\/{rel}","templated":true}]}}

<!--themify_builder_content-->
<div id="themify_builder_content-378" data-postid="378" class="themify_builder_content themify_builder_content-378 themify_builder tf_clear">
                    <div  data-lazy="1" class="module_row themify_builder_row tb_6agr442 tb_first tf_w">
                        <div class="row_inner col_align_top tb_col_count_1 tf_box tf_rel">
                        <div  data-lazy="1" class="module_column tb-column col-full tb_twz7442 first">
                    <!-- module box -->
<div  class="module module-box tb_wq5i992 " data-lazy="1">
    <div class="module-box-content ui rounded embossed shadow tb_default_color">
                <div class="tb_text_wrap"><h2 style="text-align: center;"><span style="color: #62719e;">Migración a GSUITE Junta de Andalucía</span></h2></div>
    </div>
</div>
<!-- /module box -->
        </div>
                        </div>
        </div>
                        <div  data-lazy="1" class="module_row themify_builder_row tb_z7xl645 tf_w">
                        <div class="row_inner col_align_top tb_col_count_1 tf_box tf_rel">
                        <div  data-lazy="1" class="module_column tb-column col-full tb_aaxk646 first">
                            <div  data-lazy="1" class="module_subrow themify_builder_sub_row tf_w col_align_top tb_col_count_4 tb_3boz555">
                <div  data-lazy="1" class="module_column sub_column col4-1 tb_f51m152 first">
                    <!-- module image -->
<div  class="module module-image tb_qimk152 image-top rounded  auto_fullwidth tf_mw" data-lazy="1">
        <div class="image-wrap tf_rel tf_mw">
            <a href="https://blogsaverroes.juntadeandalucia.es/prodigiesramonycajal/traspasar-documentos-y-carpetas/">
                   <img loading="lazy" decoding="async" width="1280" height="1280" src="https://blogsaverroes.juntadeandalucia.es/prodigiesramonycajal/files/2022/05/folder-5000783_1280.png" class="wp-post-image wp-image-169" title="Migrar carpetas y documentos" alt="Cómo pasar las carpetas y documentos desde el dominio del instituto al dominio g.educaand.es" srcset="https://blogsaverroes.juntadeandalucia.es/prodigiesramonycajal/files/2022/05/folder-5000783_1280.png 1280w, https://blogsaverroes.juntadeandalucia.es/prodigiesramonycajal/files/2022/05/folder-5000783_1280-300x300.png 300w, https://blogsaverroes.juntadeandalucia.es/prodigiesramonycajal/files/2022/05/folder-5000783_1280-1024x1024.png 1024w, https://blogsaverroes.juntadeandalucia.es/prodigiesramonycajal/files/2022/05/folder-5000783_1280-150x150.png 150w, https://blogsaverroes.juntadeandalucia.es/prodigiesramonycajal/files/2022/05/folder-5000783_1280-768x768.png 768w" sizes="(max-width: 1280px) 100vw, 1280px" />        </a>
    
        </div>
    <!-- /image-wrap -->
    
        <div class="image-content">
                    <h3 class="image-title">
                                    <a href="https://blogsaverroes.juntadeandalucia.es/prodigiesramonycajal/traspasar-documentos-y-carpetas/">
                        Migrar carpetas y documentos                    </a>
                            </h3>
                        <div class="image-caption tb_text_wrap">
            
<br>Cómo pasar las carpetas y documentos desde el dominio del instituto al dominio g.educaand.es        </div>
        <!-- /image-caption -->
            </div>
    <!-- /image-content -->
        </div>
<!-- /module image -->        </div>
                    <div  data-lazy="1" class="module_column sub_column col4-1 tb_gpke334">
                    <!-- module image -->
<div  class="module module-image tb_vo2n334 image-top rounded  auto_fullwidth tf_mw tb_gs30155d0" data-lazy="1">
        <div class="image-wrap tf_rel tf_mw">
            <a href="https://blogsaverroes.juntadeandalucia.es/prodigiesramonycajal/traspasar-clases-de-classroom/">
                   <img loading="lazy" decoding="async" width="2560" height="1600" src="https://blogsaverroes.juntadeandalucia.es/prodigiesramonycajal/files/2022/05/sketch-1652180950691.png" class="wp-post-image wp-image-170" title="Migrar clases de Classroom" alt="Migrar clases de Classroom desde el dominio del instituto al dominio g.educaand.es" srcset="https://blogsaverroes.juntadeandalucia.es/prodigiesramonycajal/files/2022/05/sketch-1652180950691.png 2560w, https://blogsaverroes.juntadeandalucia.es/prodigiesramonycajal/files/2022/05/sketch-1652180950691-300x188.png 300w, https://blogsaverroes.juntadeandalucia.es/prodigiesramonycajal/files/2022/05/sketch-1652180950691-1024x640.png 1024w, https://blogsaverroes.juntadeandalucia.es/prodigiesramonycajal/files/2022/05/sketch-1652180950691-768x480.png 768w, https://blogsaverroes.juntadeandalucia.es/prodigiesramonycajal/files/2022/05/sketch-1652180950691-1536x960.png 1536w, https://blogsaverroes.juntadeandalucia.es/prodigiesramonycajal/files/2022/05/sketch-1652180950691-2048x1280.png 2048w" sizes="(max-width: 2560px) 100vw, 2560px" />        </a>
    
        </div>
    <!-- /image-wrap -->
    
        <div class="image-content">
                    <h3 class="image-title">
                                    <a href="https://blogsaverroes.juntadeandalucia.es/prodigiesramonycajal/traspasar-clases-de-classroom/">
                        Migrar clases de Classroom                    </a>
                            </h3>
                        <div class="image-caption tb_text_wrap">
            <br>Migrar clases de Classroom desde el dominio del instituto al dominio g.educaand.es
        </div>
        <!-- /image-caption -->
            </div>
    <!-- /image-content -->
        </div>
<!-- /module image -->        </div>
                    <div  data-lazy="1" class="module_column sub_column col4-1 tb_gdvm156">
                    <!-- module image -->
<div  class="module module-image tb_reop156 image-center rounded  auto_fullwidth tf_mw tb_gs30155d0" data-lazy="1">
        <div class="image-wrap tf_rel tf_mw">
            <a href="https://blogsaverroes.juntadeandalucia.es/prodigiesramonycajal/crear-clases-desde-seneca/">
                   <img loading="lazy" decoding="async" width="2560" height="1600" src="https://blogsaverroes.juntadeandalucia.es/prodigiesramonycajal/files/2022/05/sketch-1652181453155.png" class="wp-post-image wp-image-171" title="Crear clases desde Séneca" alt="Crear nuevas clases desde séneca" srcset="https://blogsaverroes.juntadeandalucia.es/prodigiesramonycajal/files/2022/05/sketch-1652181453155.png 2560w, https://blogsaverroes.juntadeandalucia.es/prodigiesramonycajal/files/2022/05/sketch-1652181453155-300x188.png 300w, https://blogsaverroes.juntadeandalucia.es/prodigiesramonycajal/files/2022/05/sketch-1652181453155-1024x640.png 1024w, https://blogsaverroes.juntadeandalucia.es/prodigiesramonycajal/files/2022/05/sketch-1652181453155-768x480.png 768w, https://blogsaverroes.juntadeandalucia.es/prodigiesramonycajal/files/2022/05/sketch-1652181453155-1536x960.png 1536w, https://blogsaverroes.juntadeandalucia.es/prodigiesramonycajal/files/2022/05/sketch-1652181453155-2048x1280.png 2048w" sizes="(max-width: 2560px) 100vw, 2560px" />        </a>
    
        </div>
    <!-- /image-wrap -->
    
        <div class="image-content">
                    <h3 class="image-title">
                                    <a href="https://blogsaverroes.juntadeandalucia.es/prodigiesramonycajal/crear-clases-desde-seneca/">
                        Crear clases desde Séneca                    </a>
                            </h3>
                        <div class="image-caption tb_text_wrap">
            <br>
Crear nuevas clases desde séneca        </div>
        <!-- /image-caption -->
            </div>
    <!-- /image-content -->
        </div>
<!-- /module image -->        </div>
                    <div  data-lazy="1" class="module_column sub_column col4-1 tb_5nfi207 last">
                    <!-- module image -->
<div  class="module module-image tb_apto208 image-top rounded drop-shadow bordered  tf_mw" data-lazy="1">
        <div class="image-wrap tf_rel tf_mw">
            <a href="https://blogsaverroes.juntadeandalucia.es/prodigiesramonycajal/migracion-de-correos/">
                   <img loading="lazy" decoding="async" width="1920" height="1920" src="https://blogsaverroes.juntadeandalucia.es/prodigiesramonycajal/files/2022/06/at-1020116_1920.jpg" class="wp-post-image wp-image-197" title="Migración de mensajes" alt="Cómo migrar los mensajes desde el dominio del instituto al dominio de g.educaand.es" srcset="https://blogsaverroes.juntadeandalucia.es/prodigiesramonycajal/files/2022/06/at-1020116_1920.jpg 1920w, https://blogsaverroes.juntadeandalucia.es/prodigiesramonycajal/files/2022/06/at-1020116_1920-300x300.jpg 300w, https://blogsaverroes.juntadeandalucia.es/prodigiesramonycajal/files/2022/06/at-1020116_1920-1024x1024.jpg 1024w, https://blogsaverroes.juntadeandalucia.es/prodigiesramonycajal/files/2022/06/at-1020116_1920-150x150.jpg 150w, https://blogsaverroes.juntadeandalucia.es/prodigiesramonycajal/files/2022/06/at-1020116_1920-768x768.jpg 768w, https://blogsaverroes.juntadeandalucia.es/prodigiesramonycajal/files/2022/06/at-1020116_1920-1536x1536.jpg 1536w" sizes="(max-width: 1920px) 100vw, 1920px" />        </a>
    
        </div>
    <!-- /image-wrap -->
    
        <div class="image-content">
                    <h3 class="image-title">
                                    <a href="https://blogsaverroes.juntadeandalucia.es/prodigiesramonycajal/migracion-de-correos/">
                        Migración de mensajes                    </a>
                            </h3>
                        <div class="image-caption tb_text_wrap">
            Cómo migrar los mensajes desde el dominio del instituto al dominio de g.educaand.es        </div>
        <!-- /image-caption -->
            </div>
    <!-- /image-content -->
        </div>
<!-- /module image -->        </div>
                    </div>
                </div>
                        </div>
        </div>
                        <div  data-lazy="1" class="module_row themify_builder_row tb_omxa656 tf_w">
                        <div class="row_inner col_align_top tb_col_count_1 tf_box tf_rel">
                        <div  data-lazy="1" class="module_column tb-column col-full tb_igs2680 first">
                    <!-- module buttons -->
<div  class="module module-buttons tb_o3fq680 buttons-horizontal solid  xlarge circle buttons-fullwidth wow" data-tf-animation="bounceInUp" data-lazy="1">
        <div class="module-buttons-item tf_in_flx">
                        <a href="https://sites.google.com/g.educaand.es/iniciandogeducaand/migrar-g-suite-a-g-educaand-es" class="ui builder_button tf_in_flx blue" target="_blank" rel="noopener">
                                                Más Información Sobre Migración de Cuenta                                         </a>
                </div>
            </div>
<!-- /module buttons -->
        </div>
                        </div>
        </div>
        </div>
<!--/themify_builder_content-->

<p>Migración a GSUITE Junta de Andalucía Migrar carpetas y documentos Cómo pasar las carpetas y documentos desde el dominio del instituto al dominio g.educaand.es Migrar clases de Classroom Migrar clases de Classroom desde el dominio del instituto al dominio g.educaand.es Crear clases desde Séneca Crear nuevas clases desde séneca Migración de mensajes Cómo migrar los [&hellip;]</p>
