{"id":308,"date":"2023-07-10T09:20:02","date_gmt":"2023-07-10T09:20:02","guid":{"rendered":"https:\/\/blogsaverroes.juntadeandalucia.es\/profefcesar\/?page_id=308"},"modified":"2023-07-10T09:22:59","modified_gmt":"2023-07-10T09:22:59","slug":"actividad-fisica-salud","status":"publish","type":"page","link":"https:\/\/blogsaverroes.juntadeandalucia.es\/profefcesar\/actividad-fisica-salud\/","title":{"rendered":"Actividad F\u00edsica &amp; Salud"},"content":{"rendered":"<p style=\"text-align: center\"><span style=\"color: #ff0000;font-size: 18pt\"><strong>D\u00cdA DE LA ACTIVIDAD F\u00cdSICA (6 ABRIL) Y D\u00cdA DE LA SALUD (7 DE ABRIL)<\/strong><\/span><\/p>\n<div class=\"xdj266r x11i5rnm xat24cr x1mh8g0r x1vvkbs x126k92a\">\n<div dir=\"auto\" style=\"text-align: justify\"><span style=\"color: #000000\"><strong><span style=\"font-size: 14pt\">Aprovechando la celebraci\u00f3n del D\u00eda Internacional de la Actividad F\u00edsica (6 abril) y el D\u00eda Internacional de la Salud (7 abril)&#8230;<\/span><\/strong><\/span><\/div>\n<div dir=\"auto\" style=\"text-align: justify\">&nbsp;<\/div>\n<\/div>\n<div class=\"x11i5rnm xat24cr x1mh8g0r x1vvkbs xtlvy1s x126k92a\" style=\"text-align: justify\">\n<div dir=\"auto\"><span style=\"color: #000000\"><strong><span style=\"font-size: 14pt\">1. \u00bfQu\u00e9 relaci\u00f3n tienen Actividad F\u00edsica\/Salud?<\/span><\/strong><\/span><\/div>\n<div dir=\"auto\"><span style=\"color: #000000\"><strong><span style=\"font-size: 14pt\">2. \u00bfQu\u00e9 cantidad de Actividad F\u00edsica m\u00ednima es la recomendada?<\/span><\/strong><\/span><\/div>\n<div dir=\"auto\">&nbsp;<\/div>\n<\/div>\n<div class=\"x11i5rnm xat24cr x1mh8g0r x1vvkbs xtlvy1s x126k92a\">\n<div dir=\"auto\" style=\"text-align: justify\"><a href=\"https:\/\/view.genial.ly\/5e822dd47fd6910db48d7af1\/horizontal-infographic-timeline-recomendaciones-oms-actividad-fisica?fbclid=IwAR2SR9uL0Y6bpHcx8IsIKAZiIW9TJzjXFMpiPm97Dd52Os6eduM5U-kfDGg\"><span style=\"color: #000000\"><strong><span style=\"font-size: 14pt\">Puedes verlo y aprenderlo en este Genially + Kahoot <span style=\"color: #0000ff\">(haga clic aqu\u00ed).&nbsp;<\/span><\/span><\/strong><\/span><\/a><\/div>\n<\/div>\n<div dir=\"auto\">&nbsp;<\/div>\n<div dir=\"auto\"><img loading=\"lazy\" decoding=\"async\" class=\"alignnone wp-image-309 size-large\" src=\"https:\/\/blogsaverroes.juntadeandalucia.es\/profefcesar\/files\/2023\/07\/Captura-de-pantalla-2023-07-10-a-las-11.17.56-1024x532.png\" alt=\"\" width=\"1024\" height=\"532\" srcset=\"https:\/\/blogsaverroes.juntadeandalucia.es\/profefcesar\/files\/2023\/07\/Captura-de-pantalla-2023-07-10-a-las-11.17.56-1024x532.png 1024w, https:\/\/blogsaverroes.juntadeandalucia.es\/profefcesar\/files\/2023\/07\/Captura-de-pantalla-2023-07-10-a-las-11.17.56-300x156.png 300w, https:\/\/blogsaverroes.juntadeandalucia.es\/profefcesar\/files\/2023\/07\/Captura-de-pantalla-2023-07-10-a-las-11.17.56-768x399.png 768w, https:\/\/blogsaverroes.juntadeandalucia.es\/profefcesar\/files\/2023\/07\/Captura-de-pantalla-2023-07-10-a-las-11.17.56-1536x798.png 1536w, https:\/\/blogsaverroes.juntadeandalucia.es\/profefcesar\/files\/2023\/07\/Captura-de-pantalla-2023-07-10-a-las-11.17.56-2048x1064.png 2048w\" sizes=\"(max-width: 1024px) 100vw, 1024px\" \/><\/div>\n","protected":false},"excerpt":{"rendered":"<p>D\u00cdA DE LA ACTIVIDAD F\u00cdSICA (6 ABRIL) Y D\u00cdA DE LA SALUD (7 DE ABRIL) Aprovechando la celebraci\u00f3n del D\u00eda Internacional de la Actividad F\u00edsica (6 abril) y el D\u00eda Internacional de la Salud&#46;&#46;&#46;<\/p>\n","protected":false},"author":8399,"featured_media":0,"parent":0,"menu_order":0,"comment_status":"closed","ping_status":"closed","template":"","meta":{"ngg_post_thumbnail":0,"footnotes":""},"aioseo_notices":[],"_links":{"self":[{"href":"https:\/\/blogsaverroes.juntadeandalucia.es\/profefcesar\/wp-json\/wp\/v2\/pages\/308"}],"collection":[{"href":"https:\/\/blogsaverroes.juntadeandalucia.es\/profefcesar\/wp-json\/wp\/v2\/pages"}],"about":[{"href":"https:\/\/blogsaverroes.juntadeandalucia.es\/profefcesar\/wp-json\/wp\/v2\/types\/page"}],"author":[{"embeddable":true,"href":"https:\/\/blogsaverroes.juntadeandalucia.es\/profefcesar\/wp-json\/wp\/v2\/users\/8399"}],"replies":[{"embeddable":true,"href":"https:\/\/blogsaverroes.juntadeandalucia.es\/profefcesar\/wp-json\/wp\/v2\/comments?post=308"}],"version-history":[{"count":2,"href":"https:\/\/blogsaverroes.juntadeandalucia.es\/profefcesar\/wp-json\/wp\/v2\/pages\/308\/revisions"}],"predecessor-version":[{"id":311,"href":"https:\/\/blogsaverroes.juntadeandalucia.es\/profefcesar\/wp-json\/wp\/v2\/pages\/308\/revisions\/311"}],"wp:attachment":[{"href":"https:\/\/blogsaverroes.juntadeandalucia.es\/profefcesar\/wp-json\/wp\/v2\/media?parent=308"}],"curies":[{"name":"wp","href":"https:\/\/api.w.org\/{rel}","templated":true}]}}

Actividad Física &amp; Salud

<p style="text-align: center"><span style="color: #ff0000;font-size: 18pt"><strong>DÍA DE LA ACTIVIDAD FÍSICA (6 ABRIL) Y DÍA DE LA SALUD (7 DE ABRIL)</strong></span></p>
<div class="xdj266r x11i5rnm xat24cr x1mh8g0r x1vvkbs x126k92a">
<div dir="auto" style="text-align: justify"><span style="color: #000000"><strong><span style="font-size: 14pt">Aprovechando la celebración del Día Internacional de la Actividad Física (6 abril) y el Día Internacional de la Salud (7 abril)&#8230;</span></strong></span></div>
<div dir="auto" style="text-align: justify">&nbsp;</div>
</div>
<div class="x11i5rnm xat24cr x1mh8g0r x1vvkbs xtlvy1s x126k92a" style="text-align: justify">
<div dir="auto"><span style="color: #000000"><strong><span style="font-size: 14pt">1. ¿Qué relación tienen Actividad Física/Salud?</span></strong></span></div>
<div dir="auto"><span style="color: #000000"><strong><span style="font-size: 14pt">2. ¿Qué cantidad de Actividad Física mínima es la recomendada?</span></strong></span></div>
<div dir="auto">&nbsp;</div>
</div>
<div class="x11i5rnm xat24cr x1mh8g0r x1vvkbs xtlvy1s x126k92a">
<div dir="auto" style="text-align: justify"><a href="https://view.genial.ly/5e822dd47fd6910db48d7af1/horizontal-infographic-timeline-recomendaciones-oms-actividad-fisica?fbclid=IwAR2SR9uL0Y6bpHcx8IsIKAZiIW9TJzjXFMpiPm97Dd52Os6eduM5U-kfDGg"><span style="color: #000000"><strong><span style="font-size: 14pt">Puedes verlo y aprenderlo en este Genially + Kahoot <span style="color: #0000ff">(haga clic aquí).&nbsp;</span></span></strong></span></a></div>
</div>
<div dir="auto">&nbsp;</div>
<div dir="auto"><img loading="lazy" decoding="async" class="alignnone wp-image-309 size-large" src="https://blogsaverroes.juntadeandalucia.es/profefcesar/files/2023/07/Captura-de-pantalla-2023-07-10-a-las-11.17.56-1024x532.png" alt="" width="1024" height="532" srcset="https://blogsaverroes.juntadeandalucia.es/profefcesar/files/2023/07/Captura-de-pantalla-2023-07-10-a-las-11.17.56-1024x532.png 1024w, https://blogsaverroes.juntadeandalucia.es/profefcesar/files/2023/07/Captura-de-pantalla-2023-07-10-a-las-11.17.56-300x156.png 300w, https://blogsaverroes.juntadeandalucia.es/profefcesar/files/2023/07/Captura-de-pantalla-2023-07-10-a-las-11.17.56-768x399.png 768w, https://blogsaverroes.juntadeandalucia.es/profefcesar/files/2023/07/Captura-de-pantalla-2023-07-10-a-las-11.17.56-1536x798.png 1536w, https://blogsaverroes.juntadeandalucia.es/profefcesar/files/2023/07/Captura-de-pantalla-2023-07-10-a-las-11.17.56-2048x1064.png 2048w" sizes="(max-width: 1024px) 100vw, 1024px" /></div>

<p>DÍA DE LA ACTIVIDAD FÍSICA (6 ABRIL) Y DÍA DE LA SALUD (7 DE ABRIL) Aprovechando la celebración del Día Internacional de la Actividad Física (6 abril) y el Día Internacional de la Salud&#46;&#46;&#46;</p>
