{"id":559,"date":"2021-11-18T15:41:07","date_gmt":"2021-11-18T14:41:07","guid":{"rendered":"https:\/\/blogsaverroes.juntadeandalucia.es\/profesortiernogalvan\/?page_id=559"},"modified":"2023-10-17T15:53:07","modified_gmt":"2023-10-17T14:53:07","slug":"equipo-directivo","status":"publish","type":"page","link":"https:\/\/blogsaverroes.juntadeandalucia.es\/profesortiernogalvan\/el-centro\/equipo-directivo\/","title":{"rendered":"Equipo directivo"},"content":{"rendered":"<p>[et_pb_section fb_built=&#8221;1&#8243; _builder_version=&#8221;3.22&#8243; global_colors_info=&#8221;{}&#8221;][et_pb_row _builder_version=&#8221;3.25&#8243; background_size=&#8221;initial&#8221; background_position=&#8221;top_left&#8221; background_repeat=&#8221;repeat&#8221; global_colors_info=&#8221;{}&#8221;][et_pb_column type=&#8221;4_4&#8243; _builder_version=&#8221;3.25&#8243; custom_padding=&#8221;|||&#8221; global_colors_info=&#8221;{}&#8221; custom_padding__hover=&#8221;|||&#8221;][et_pb_text _builder_version=&#8221;3.27.4&#8243; background_size=&#8221;initial&#8221; background_position=&#8221;top_left&#8221; background_repeat=&#8221;repeat&#8221; global_colors_info=&#8221;{}&#8221;]<\/p>\n<ul style=\"list-style-type: circle\">\n<li>\n<h3><span style=\"font-size: 14pt;font-family: verdana, geneva, sans-serif\">Mar\u00eda Teresa Rodr\u00edguez Garc\u00eda\u00a0<strong>(Directora)<\/strong><\/span><\/h3>\n<\/li>\n<li>\n<h3><span style=\"font-size: 14pt;font-family: verdana, geneva, sans-serif\"><span>Jos\u00e9 Antonio Jim\u00e9nez Mart\u00ednez<\/span>\u00a0<strong>(Jefe de Estudios)<\/strong><\/span><\/h3>\n<\/li>\n<li>\n<h3><span style=\"font-size: 14pt;font-family: verdana, geneva, sans-serif\">Ra\u00fal Ruiz Arribas\u00a0<strong>(Secretario)<\/strong><\/span><\/h3>\n<\/li>\n<\/ul>\n<p>[\/et_pb_text][\/et_pb_column][\/et_pb_row][\/et_pb_section]<\/p>\n","protected":false},"excerpt":{"rendered":"<p>Mar\u00eda Teresa Rodr\u00edguez Garc\u00eda\u00a0(Directora) Jos\u00e9 Antonio Jim\u00e9nez Mart\u00ednez\u00a0(Jefe de Estudios) Ra\u00fal Ruiz Arribas\u00a0(Secretario)<\/p>\n","protected":false},"author":7828,"featured_media":0,"parent":41,"menu_order":2,"comment_status":"closed","ping_status":"closed","template":"","meta":{"_et_pb_use_builder":"on","_et_pb_old_content":"<ul style=\"list-style-type: circle\">\r\n \t<li>\r\n<h3><span style=\"font-size: 14pt;font-family: verdana, geneva, sans-serif\">Mar\u00eda Teresa Rodr\u00edguez Garc\u00eda\u00a0<strong>(Directora)<\/strong><\/span><\/h3>\r\n<\/li>\r\n \t<li>\r\n<h3><span style=\"font-size: 14pt;font-family: verdana, geneva, sans-serif\">Rafael Jabalquinto Pedregosa\u00a0<strong>(Jefe de Estudios)<\/strong><\/span><\/h3>\r\n<\/li>\r\n \t<li>\r\n<h3><span style=\"font-size: 14pt;font-family: verdana, geneva, sans-serif\">Ra\u00fal Ruiz Arribas\u00a0<strong>(Secretario)<\/strong><\/span><\/h3>\r\n<\/li>\r\n<\/ul>","_et_gb_content_width":"","ngg_post_thumbnail":0,"footnotes":""},"aioseo_notices":[],"_links":{"self":[{"href":"https:\/\/blogsaverroes.juntadeandalucia.es\/profesortiernogalvan\/wp-json\/wp\/v2\/pages\/559"}],"collection":[{"href":"https:\/\/blogsaverroes.juntadeandalucia.es\/profesortiernogalvan\/wp-json\/wp\/v2\/pages"}],"about":[{"href":"https:\/\/blogsaverroes.juntadeandalucia.es\/profesortiernogalvan\/wp-json\/wp\/v2\/types\/page"}],"author":[{"embeddable":true,"href":"https:\/\/blogsaverroes.juntadeandalucia.es\/profesortiernogalvan\/wp-json\/wp\/v2\/users\/7828"}],"replies":[{"embeddable":true,"href":"https:\/\/blogsaverroes.juntadeandalucia.es\/profesortiernogalvan\/wp-json\/wp\/v2\/comments?post=559"}],"version-history":[{"count":12,"href":"https:\/\/blogsaverroes.juntadeandalucia.es\/profesortiernogalvan\/wp-json\/wp\/v2\/pages\/559\/revisions"}],"predecessor-version":[{"id":1017,"href":"https:\/\/blogsaverroes.juntadeandalucia.es\/profesortiernogalvan\/wp-json\/wp\/v2\/pages\/559\/revisions\/1017"}],"up":[{"embeddable":true,"href":"https:\/\/blogsaverroes.juntadeandalucia.es\/profesortiernogalvan\/wp-json\/wp\/v2\/pages\/41"}],"wp:attachment":[{"href":"https:\/\/blogsaverroes.juntadeandalucia.es\/profesortiernogalvan\/wp-json\/wp\/v2\/media?parent=559"}],"curies":[{"name":"wp","href":"https:\/\/api.w.org\/{rel}","templated":true}]}}

<p>[et_pb_section fb_built=&#8221;1&#8243; _builder_version=&#8221;3.22&#8243; global_colors_info=&#8221;{}&#8221;][et_pb_row _builder_version=&#8221;3.25&#8243; background_size=&#8221;initial&#8221; background_position=&#8221;top_left&#8221; background_repeat=&#8221;repeat&#8221; global_colors_info=&#8221;{}&#8221;][et_pb_column type=&#8221;4_4&#8243; _builder_version=&#8221;3.25&#8243; custom_padding=&#8221;|||&#8221; global_colors_info=&#8221;{}&#8221; custom_padding__hover=&#8221;|||&#8221;][et_pb_text _builder_version=&#8221;3.27.4&#8243; background_size=&#8221;initial&#8221; background_position=&#8221;top_left&#8221; background_repeat=&#8221;repeat&#8221; global_colors_info=&#8221;{}&#8221;]</p>
<ul style="list-style-type: circle">
<li>
<h3><span style="font-size: 14pt;font-family: verdana, geneva, sans-serif">María Teresa Rodríguez García <strong>(Directora)</strong></span></h3>
</li>
<li>
<h3><span style="font-size: 14pt;font-family: verdana, geneva, sans-serif"><span>José Antonio Jiménez Martínez</span> <strong>(Jefe de Estudios)</strong></span></h3>
</li>
<li>
<h3><span style="font-size: 14pt;font-family: verdana, geneva, sans-serif">Raúl Ruiz Arribas <strong>(Secretario)</strong></span></h3>
</li>
</ul>
<p>[/et_pb_text][/et_pb_column][/et_pb_row][/et_pb_section]</p>

<p>María Teresa Rodríguez García (Directora) José Antonio Jiménez Martínez (Jefe de Estudios) Raúl Ruiz Arribas (Secretario)</p>

<ul style="list-style-type: circle">
 	<li>
<h3><span style="font-size: 14pt;font-family: verdana, geneva, sans-serif">María Teresa Rodríguez García <strong>(Directora)</strong></span></h3>
</li>
 	<li>
<h3><span style="font-size: 14pt;font-family: verdana, geneva, sans-serif">Rafael Jabalquinto Pedregosa <strong>(Jefe de Estudios)</strong></span></h3>
</li>
 	<li>
<h3><span style="font-size: 14pt;font-family: verdana, geneva, sans-serif">Raúl Ruiz Arribas <strong>(Secretario)</strong></span></h3>
</li>
</ul>
