{"id":579,"date":"2021-11-18T16:01:55","date_gmt":"2021-11-18T15:01:55","guid":{"rendered":"https:\/\/blogsaverroes.juntadeandalucia.es\/profesortiernogalvan\/?page_id=579"},"modified":"2024-09-26T08:44:56","modified_gmt":"2024-09-26T07:44:56","slug":"profesorado","status":"publish","type":"page","link":"https:\/\/blogsaverroes.juntadeandalucia.es\/profesortiernogalvan\/profesorado\/","title":{"rendered":"Profesorado"},"content":{"rendered":"<p>[et_pb_section fb_built=&#8221;1&#8243; _builder_version=&#8221;4.16&#8243; global_colors_info=&#8221;{}&#8221;][et_pb_row _builder_version=&#8221;4.16&#8243; background_size=&#8221;initial&#8221; background_position=&#8221;top_left&#8221; background_repeat=&#8221;repeat&#8221; global_colors_info=&#8221;{}&#8221;][et_pb_column type=&#8221;4_4&#8243; _builder_version=&#8221;4.16&#8243; custom_padding=&#8221;|||&#8221; global_colors_info=&#8221;{}&#8221; custom_padding__hover=&#8221;|||&#8221;][et_pb_text _builder_version=&#8221;4.16&#8243; background_size=&#8221;initial&#8221; background_position=&#8221;top_left&#8221; background_repeat=&#8221;repeat&#8221; global_colors_info=&#8221;{}&#8221;]<\/p>\n<h2><\/h2>\n<h3><span style=\"text-decoration: underline;font-family: verdana, geneva, sans-serif\"><span style=\"color: #0000ff;text-decoration: underline\"><strong>TUTORES\/AS\u00a0 CURSO 2024-25<\/strong><\/span><\/span><\/h3>\n<h2><span style=\"font-size: 12pt;font-family: verdana, geneva, sans-serif\"><strong>INFANTIL 3 A\u00d1OS<\/strong>: <\/span><span style=\"font-size: 12pt;font-family: verdana, geneva, sans-serif\">JUANA P\u00c9REZ LUNA<\/span><\/h2>\n<h2><span style=\"font-size: 12pt;font-family: verdana, geneva, sans-serif\"><strong>INFANTIL 4 A\u00d1OS<\/strong>: <\/span><span style=\"font-size: 12pt;font-family: verdana, geneva, sans-serif\">MARI CARMEN ECHEVARR\u00cdA CUESTA<\/span><\/h2>\n<h2><span style=\"font-size: 12pt;font-family: verdana, geneva, sans-serif\"><\/span><\/h2>\n<h2><span style=\"font-size: 12pt;font-family: verdana, geneva, sans-serif\"><strong>INFANTIL 5 A\u00d1OS<\/strong>: IN\u00c9S DEL ARCO-CALDER\u00d3N ORT\u00cdZ<\/span><\/h2>\n<h2><span style=\"font-size: 12pt;font-family: verdana, geneva, sans-serif\"><strong>1\u00ba EPO<\/strong>: <\/span><span style=\"font-family: verdana, geneva, sans-serif;font-size: 12pt\">CATALINA ROLD\u00c1N TORRES<\/span><\/h2>\n<h2><span style=\"font-size: 12pt;font-family: verdana, geneva, sans-serif\"><strong>2\u00ba EPO<\/strong>: ANA M\u00aa MONTES DELGADO<\/span><\/h2>\n<h2><span style=\"font-size: 12pt;font-family: verdana, geneva, sans-serif\"><strong>3\u00ba EPO<\/strong>: LUISA GARC\u00cdA MAR\u00cdN<\/span><\/h2>\n<p><span style=\"font-size: 12pt;font-family: verdana, geneva, sans-serif\"><\/span><\/p>\n<h2><strong style=\"font-family: verdana, geneva, sans-serif;font-size: 12pt\">4\u00ba EPO<\/strong><span style=\"font-family: verdana, geneva, sans-serif;font-size: 12pt\">: <\/span><span style=\"font-size: 12pt;font-family: verdana, geneva, sans-serif\">RAFAEL JABALQUINTO PEDREGOSA<\/span><\/h2>\n<h2 style=\"text-align: left\"><span style=\"font-size: 12pt;font-family: verdana, geneva, sans-serif\"><strong>5\u00ba EPO<\/strong>: MAR\u00cdA LUNA MU\u00d1OZ C\u00c1MARA<\/span><\/h2>\n<h2 style=\"text-align: left\"><span style=\"font-size: 12pt;font-family: verdana, geneva, sans-serif\"><strong>6\u00ba EPO<\/strong>: INMACULADA MAQUEDA TORRES<\/span><\/h2>\n<h2 style=\"text-align: left\"><span style=\"font-size: 12pt;font-family: verdana, geneva, sans-serif\"><strong>1\u00ba ESO<\/strong>: JUAN PEDRO CABRERA CECILIA<\/span><\/h2>\n<h2 style=\"text-align: left\"><span style=\"font-size: 12pt;font-family: verdana, geneva, sans-serif\"><strong>2\u00ba ESO<\/strong>: CLARA ARCE GARRIDO<\/span><\/h2>\n<h3><span style=\"font-family: verdana, geneva, sans-serif\"><strong>\u00a0 \u00a0 \u00a0 \u00a0<span style=\"color: #0000ff\"> \u00a0 \u00a0<\/span><\/strong><\/span><\/h3>\n<h3><span style=\"font-family: verdana, geneva, sans-serif\"><strong><span style=\"color: #0000ff\">\u00a0<span style=\"text-decoration: underline\">ESPECIALISTAS<\/span><\/span><\/strong><\/span><strong style=\"font-family: verdana, geneva, sans-serif;font-size: 12pt;color: #666666\"><\/strong><\/h3>\n<ul style=\"list-style-type: square\">\n<li><span style=\"font-size: 12pt;font-family: verdana, geneva, sans-serif\"><strong>Ingl\u00e9s<\/strong>: M\u00aa JOS\u00c9 COBOS (Primaria y Secundaria)<\/span><\/li>\n<li><span style=\"font-size: 12pt;font-family: verdana, geneva, sans-serif\"><strong>Educaci\u00f3n F\u00edsica<\/strong>: RAFAEL JABALQUINTO PEDREGOSA y JUAN PEDRO CABRERA CECILIA<\/span><\/li>\n<li><span style=\"font-size: 12pt;font-family: verdana, geneva, sans-serif\"><strong>Pedagog\u00eda Terap\u00e9utica<\/strong>: ESPERANZA ZAMORANO SERRANO<\/span><\/li>\n<li><span style=\"font-size: 12pt;font-family: verdana, geneva, sans-serif\"><strong>Apoyo<\/strong>: GLORIA \u00c1VILA ALGABA<\/span><\/li>\n<li><span style=\"font-size: 12pt;font-family: verdana, geneva, sans-serif\"><strong>Art\u00edstica, Computaci\u00f3n y rob\u00f3tica<\/strong>: SARA MONTERO P\u00c9REZ<\/span><\/li>\n<li><span style=\"font-size: 12pt;font-family: verdana, geneva, sans-serif\"><strong>Franc\u00e9s<\/strong>: JOS\u00c9 ANTONIO JIM\u00c9NEZ MART\u00cdNEZ<\/span><\/li>\n<li><span style=\"font-size: 12pt;font-family: verdana, geneva, sans-serif\"><strong>Religi\u00f3n<\/strong>\u00a0<strong>(Primaria)<\/strong>: INMACULADA POSADAS DE LA GALA<\/span><\/li>\n<li><span style=\"font-size: 12pt;font-family: verdana, geneva, sans-serif\"><strong>Religi\u00f3n (Secundaria)<\/strong>: M\u00aa FERNANDA G\u00d3MEZ MU\u00d1OZ<\/span><\/li>\n<\/ul>\n<p>[\/et_pb_text][\/et_pb_column][\/et_pb_row][\/et_pb_section]<\/p>\n","protected":false},"excerpt":{"rendered":"<p>TUTORES\/AS\u00a0 CURSO 2024-25 INFANTIL 3 A\u00d1OS: JUANA P\u00c9REZ LUNA INFANTIL 4 A\u00d1OS: MARI CARMEN ECHEVARR\u00cdA CUESTA INFANTIL 5 A\u00d1OS: IN\u00c9S DEL ARCO-CALDER\u00d3N ORT\u00cdZ 1\u00ba EPO: CATALINA ROLD\u00c1N TORRES 2\u00ba EPO: ANA M\u00aa MONTES DELGADO 3\u00ba EPO: LUISA GARC\u00cdA MAR\u00cdN 4\u00ba EPO: RAFAEL JABALQUINTO PEDREGOSA 5\u00ba EPO: MAR\u00cdA LUNA MU\u00d1OZ C\u00c1MARA 6\u00ba EPO: INMACULADA MAQUEDA TORRES [&hellip;]<\/p>\n","protected":false},"author":7828,"featured_media":0,"parent":0,"menu_order":0,"comment_status":"closed","ping_status":"closed","template":"","meta":{"_et_pb_use_builder":"on","_et_pb_old_content":"<h3><span style=\"text-decoration: underline;font-family: verdana, geneva, sans-serif\"><span style=\"color: #0000ff;text-decoration: underline\"><strong>TUTORES\/AS<\/strong><\/span><\/span><\/h3>\r\n<h2><span style=\"font-size: 12pt;font-family: verdana, geneva, sans-serif\"><strong>INFANTIL 3 A\u00d1OS<\/strong>: JUANA LUNA P\u00c9REZ<\/span>\r\n<span style=\"font-size: 12pt;font-family: verdana, geneva, sans-serif\"><strong>INFANTIL 4 A\u00d1OS<\/strong>: MARI CARMEN ECHEVARR\u00cdA CUESTA<\/span>\r\n<span style=\"font-size: 12pt;font-family: verdana, geneva, sans-serif\"><strong>INFANTIL 5 A\u00d1OS<\/strong>: TERESA HERZOG CRESPO<\/span><\/h2>\r\n<h2><span style=\"font-size: 12pt;font-family: verdana, geneva, sans-serif\"><strong>1\u00ba EPO<\/strong>: CARMEN LUQUE S\u00c1NCHEZ<\/span>\r\n<span style=\"font-size: 12pt;font-family: verdana, geneva, sans-serif\"><strong>2\u00ba EPO<\/strong>: ANA MAR\u00cdA MONTES DELGAD<\/span>\r\n<span style=\"font-size: 12pt;font-family: verdana, geneva, sans-serif\"><strong>3\u00ba EPO<\/strong>: RA\u00daL RODR\u00cdGUEZ HIDALGO<\/span>\r\n<span style=\"font-size: 12pt;font-family: verdana, geneva, sans-serif\"><strong>4\u00ba EPO<\/strong>: M\u00aa JOS\u00c9 GONZ\u00c1LEZ GONZ\u00c1LEZ<\/span>\r\n<span style=\"font-size: 12pt;font-family: verdana, geneva, sans-serif\"><strong>5\u00ba EPO<\/strong>: RAFAEL JABALQUINTO PEDREGOSA<\/span>\r\n<span style=\"font-size: 12pt;font-family: verdana, geneva, sans-serif\"><strong>6\u00ba EPO<\/strong>: RA\u00daL RUIZ ARRIBAS\u00a0<\/span><\/h2>\r\n<h2><span style=\"font-size: 12pt;font-family: verdana, geneva, sans-serif\"><strong>1\u00ba ESO<\/strong>: MAR\u00cdA CONCEPCI\u00d3N CABRERA FERN\u00c1NDEZ HENESTROSA<\/span>\r\n<span style=\"font-size: 12pt;font-family: verdana, geneva, sans-serif\"><strong>2\u00ba ESO<\/strong>: JES\u00daS MU\u00d1OZ GARC\u00cdA<\/span><\/h2>\r\n<h3><span style=\"font-family: verdana, geneva, sans-serif\"><strong>\u00a0 \u00a0 \u00a0 \u00a0<span style=\"color: #0000ff\"> \u00a0 \u00a0<\/span><\/strong><\/span><\/h3>\r\n<h3><span style=\"font-family: verdana, geneva, sans-serif\"><strong><span style=\"color: #0000ff\">\u00a0<span style=\"text-decoration: underline\">ESPECIALISTAS<\/span><\/span><\/strong><\/span><\/h3>\r\n<ul style=\"list-style-type: square\">\r\n \t<li><span style=\"font-size: 12pt;font-family: verdana, geneva, sans-serif\"><strong>Geograf\u00eda e Historia<\/strong>: MAR\u00cdA CONCEPCI\u00d3N CABRERA FERN\u00c1NDEZ HENESTROSA<\/span><\/li>\r\n \t<li><span style=\"font-size: 12pt;font-family: verdana, geneva, sans-serif\"><strong>Ingl\u00e9s<\/strong>: M\u00aa JOS\u00c9 COBOS (Primaria y Secundaria) \/ M\u00aa JOS\u00c9 GONZ\u00c1LEZ GONZ\u00c1LEZ (Primaria e infantil)<\/span><\/li>\r\n \t<li><span style=\"font-size: 12pt;font-family: verdana, geneva, sans-serif\"><strong>Educaci\u00f3n F\u00edsica<\/strong>: RAFAEL JABALQUINTO PEDREGOSA (Primaria) \/ JES\u00daS MU\u00d1OZ GARC\u00cdA (Secundaria)<\/span><\/li>\r\n \t<li><span style=\"font-size: 12pt;font-family: verdana, geneva, sans-serif\"><strong>Pedagog\u00eda Terape\u00fatica<\/strong>: INMACULADA BLANCO S\u00c1NCHEZ<\/span><\/li>\r\n \t<li><span style=\"font-size: 12pt;font-family: verdana, geneva, sans-serif\"><strong>Apoyo<\/strong>: CATI ROLD\u00c1N TORRES<\/span><\/li>\r\n \t<li><span style=\"font-size: 12pt;font-family: verdana, geneva, sans-serif\"><strong>Art\u00edstica y Tecnolog\u00eda<\/strong>: SARA MONTERO P\u00c9REZ<\/span><\/li>\r\n \t<li><span style=\"font-size: 12pt;font-family: verdana, geneva, sans-serif\"><strong>Franc\u00e9s<\/strong>: JOSE JIM\u00c9NEZ MART\u00cdNEZ<\/span><\/li>\r\n \t<li><span style=\"font-size: 12pt;font-family: verdana, geneva, sans-serif\"><strong>Religi\u00f3n<\/strong>\u00a0<strong>(Primaria)<\/strong>: INMACULADA POSADAS \/ CHARO MOYANO<\/span><\/li>\r\n \t<li><span style=\"font-size: 12pt;font-family: verdana, geneva, sans-serif\"><strong>Religi\u00f3n (Secundaria)<\/strong>: INMACULADA MONTES<\/span><\/li>\r\n<\/ul>","_et_gb_content_width":"","ngg_post_thumbnail":0,"footnotes":""},"aioseo_notices":[],"_links":{"self":[{"href":"https:\/\/blogsaverroes.juntadeandalucia.es\/profesortiernogalvan\/wp-json\/wp\/v2\/pages\/579"}],"collection":[{"href":"https:\/\/blogsaverroes.juntadeandalucia.es\/profesortiernogalvan\/wp-json\/wp\/v2\/pages"}],"about":[{"href":"https:\/\/blogsaverroes.juntadeandalucia.es\/profesortiernogalvan\/wp-json\/wp\/v2\/types\/page"}],"author":[{"embeddable":true,"href":"https:\/\/blogsaverroes.juntadeandalucia.es\/profesortiernogalvan\/wp-json\/wp\/v2\/users\/7828"}],"replies":[{"embeddable":true,"href":"https:\/\/blogsaverroes.juntadeandalucia.es\/profesortiernogalvan\/wp-json\/wp\/v2\/comments?post=579"}],"version-history":[{"count":10,"href":"https:\/\/blogsaverroes.juntadeandalucia.es\/profesortiernogalvan\/wp-json\/wp\/v2\/pages\/579\/revisions"}],"predecessor-version":[{"id":1116,"href":"https:\/\/blogsaverroes.juntadeandalucia.es\/profesortiernogalvan\/wp-json\/wp\/v2\/pages\/579\/revisions\/1116"}],"wp:attachment":[{"href":"https:\/\/blogsaverroes.juntadeandalucia.es\/profesortiernogalvan\/wp-json\/wp\/v2\/media?parent=579"}],"curies":[{"name":"wp","href":"https:\/\/api.w.org\/{rel}","templated":true}]}}