{"id":12,"date":"2022-04-28T06:57:30","date_gmt":"2022-04-28T06:57:30","guid":{"rendered":"https:\/\/blogsaverroes.juntadeandalucia.es\/profundizapenia\/?page_id=12"},"modified":"2022-05-18T08:52:50","modified_gmt":"2022-05-18T08:52:50","slug":"nuestro-proyecto","status":"publish","type":"page","link":"https:\/\/blogsaverroes.juntadeandalucia.es\/profundizapenia\/nuestro-proyecto\/","title":{"rendered":"Nuestro Proyecto"},"content":{"rendered":"<p style=\"text-align: justify\">T\u00edtulo : VIAJE AL MUNDO EN 80 D\u00cdAS<\/p>\n<p style=\"text-align: justify\">Ambientamos la situaci\u00f3n de aprendizaje en la obra \u201cViaje al mundo en 80 d\u00edas\u201d de Julio Verne, ya que, la propia historia nos proporciona un hilo conductor que nos facilita el planteamiento del reto de viajar para investigar la realidad social.<\/p>\n<p style=\"text-align: justify\">Recordemos que \u201cViaje al mundo en 80 d\u00edas\u201d parte de una arriesgada&nbsp;apuesta&nbsp;en la que un caballero brit\u00e1nico, Phileas Fogg, compromete la mitad de su fortuna, convencido de poder dar la vuelta al mundo en solo ochenta d\u00edas usando los medios disponibles en la segunda mitad del&nbsp;siglo XIX&nbsp;y siguiendo el proyecto publicado en el&nbsp;<em>Morning Chronicle<\/em>, su&nbsp;peri\u00f3dico&nbsp;de lectura cotidiana.&nbsp;<\/p>\n<p style=\"text-align: justify\">Aprovechando esta historia, el alumnado podr\u00e1 replicar el viaje que hacen los protagonistas de la historia respetando las paradas del viaje desde dos perspectivas:<\/p>\n<ol style=\"text-align: justify\">\n<li>De desarrollo personal:<\/li>\n<\/ol>\n<p style=\"text-align: justify\">La met\u00e1fora del viaje no es solo un viaje de una ciudad a otra, sino un viaje m\u00e1s espiritual de autoconocimiento, sobre las inteligencias m\u00faltiples que tiene cada persona, y las competencias que le ayudan a resolver el reto de replicar el viaje f\u00edsico y geogr\u00e1fico.<\/p>\n<ol style=\"text-align: justify\" start=\"2\">\n<li>De conocimiento del mundo:<\/li>\n<\/ol>\n<p style=\"text-align: justify\">Recuperamos las paradas desarrolladas en el relato, partiendo de Espa\u00f1a &nbsp;durante 8 sesiones, el alumnado tendr\u00e1 la oportunidad de compartir una vivencia con un grupo social formado por personas que se unen con una intencionalidad o un inter\u00e9s com\u00fan, que ser\u00e1n sus propios compa\u00f1eros participantes en el Proyecto Profundiza y dise\u00f1ar\u00e1n el viaje haciendo las paradas para profundizar en esos lugares y culturas.<\/p>\n","protected":false},"excerpt":{"rendered":"<p>T\u00edtulo : VIAJE AL MUNDO EN 80 D\u00cdAS Ambientamos la situaci\u00f3n de aprendizaje en la obra \u201cViaje al mundo en 80 d\u00edas\u201d de Julio Verne, ya que, la propia historia nos proporciona un hilo&#46;&#46;&#46;<\/p>\n","protected":false},"author":14047,"featured_media":0,"parent":0,"menu_order":0,"comment_status":"closed","ping_status":"closed","template":"","meta":{"ngg_post_thumbnail":0,"footnotes":""},"aioseo_notices":[],"_links":{"self":[{"href":"https:\/\/blogsaverroes.juntadeandalucia.es\/profundizapenia\/wp-json\/wp\/v2\/pages\/12"}],"collection":[{"href":"https:\/\/blogsaverroes.juntadeandalucia.es\/profundizapenia\/wp-json\/wp\/v2\/pages"}],"about":[{"href":"https:\/\/blogsaverroes.juntadeandalucia.es\/profundizapenia\/wp-json\/wp\/v2\/types\/page"}],"author":[{"embeddable":true,"href":"https:\/\/blogsaverroes.juntadeandalucia.es\/profundizapenia\/wp-json\/wp\/v2\/users\/14047"}],"replies":[{"embeddable":true,"href":"https:\/\/blogsaverroes.juntadeandalucia.es\/profundizapenia\/wp-json\/wp\/v2\/comments?post=12"}],"version-history":[{"count":3,"href":"https:\/\/blogsaverroes.juntadeandalucia.es\/profundizapenia\/wp-json\/wp\/v2\/pages\/12\/revisions"}],"predecessor-version":[{"id":46,"href":"https:\/\/blogsaverroes.juntadeandalucia.es\/profundizapenia\/wp-json\/wp\/v2\/pages\/12\/revisions\/46"}],"wp:attachment":[{"href":"https:\/\/blogsaverroes.juntadeandalucia.es\/profundizapenia\/wp-json\/wp\/v2\/media?parent=12"}],"curies":[{"name":"wp","href":"https:\/\/api.w.org\/{rel}","templated":true}]}}