{"id":84,"date":"2022-05-19T06:47:01","date_gmt":"2022-05-19T06:47:01","guid":{"rendered":"https:\/\/blogsaverroes.juntadeandalucia.es\/programasccl\/?page_id=84"},"modified":"2023-06-15T11:44:07","modified_gmt":"2023-06-15T09:44:07","slug":"huelva","status":"publish","type":"page","link":"https:\/\/blogsaverroes.juntadeandalucia.es\/programasccl\/huelva\/","title":{"rendered":"Huelva"},"content":{"rendered":"<p style=\"text-align: center\"><img loading=\"lazy\" decoding=\"async\" class=\"alignnone size-large wp-image-85\" src=\"https:\/\/blogsaverroes.juntadeandalucia.es\/programasccl\/files\/2022\/05\/5-1024x576.jpg\" alt=\"\" width=\"1024\" height=\"576\" srcset=\"https:\/\/blogsaverroes.juntadeandalucia.es\/programasccl\/files\/2022\/05\/5-1024x576.jpg 1024w, https:\/\/blogsaverroes.juntadeandalucia.es\/programasccl\/files\/2022\/05\/5-300x169.jpg 300w, https:\/\/blogsaverroes.juntadeandalucia.es\/programasccl\/files\/2022\/05\/5-768x432.jpg 768w, https:\/\/blogsaverroes.juntadeandalucia.es\/programasccl\/files\/2022\/05\/5-1536x864.jpg 1536w, https:\/\/blogsaverroes.juntadeandalucia.es\/programasccl\/files\/2022\/05\/5.jpg 1920w\" sizes=\"(max-width: 1024px) 100vw, 1024px\" \/><\/p>\n<p>Curso 2022-2023<\/p>\n<ul>\n<li><a href=\"https:\/\/www.estuaria.es\/alumnado-de-3o-diversificacion-participa-en-el-taller-desenreda\/\" target=\"_blank\" rel=\"noopener noreferrer\">IES Estuaria (Huelva)<\/a><\/li>\n<li><a href=\"https:\/\/comunicaiesppg.blogspot.com\/2023\/05\/taller-desenreda-en-el-pintor-pedro.html\" target=\"_blank\" rel=\"noopener noreferrer\">IES Pintor Pedro G\u00f3mez (Huelva)<\/a><\/li>\n<li>IES Salt\u00e9s (Punta Umbr\u00eda)<\/li>\n<li><a href=\"https:\/\/blogsaverroes.juntadeandalucia.es\/praximanes\/2023\/05\/14\/las-noticias-de-los-y-las-periodistas-del-ies-jose-antonio-fernandez-muriel\/\" target=\"_blank\" rel=\"noopener noreferrer\">IES Jos\u00e9 Antonio Fern\u00e1ndez Muriel (Lepe)<\/a><\/li>\n<\/ul>\n<p>Curso 2021-2022<\/p>\n<ul>\n<li>IES V\u00e1zquez D\u00edaz de Nerva.<\/li>\n<li><a href=\"https:\/\/blogsaverroes.juntadeandalucia.es\/praximanes\/\" target=\"_blank\" rel=\"noopener noreferrer\">IES Jos\u00e9 Antonio Fern\u00e1ndez Muriel de Lepe<\/a>.<\/li>\n<li><a href=\"https:\/\/comunica-iesperezmercader.blogspot.com\/2022\/04\/taller-desenreda.html\" target=\"_blank\" rel=\"noopener noreferrer\">IES Juan Antonio P\u00e9rez Mercader de Corrales<\/a> (Aljaraque).<\/li>\n<\/ul>\n","protected":false},"excerpt":{"rendered":"<p>Curso 2022-2023 IES Estuaria (Huelva) IES Pintor Pedro G\u00f3mez (Huelva) IES Salt\u00e9s (Punta Umbr\u00eda) IES Jos\u00e9 Antonio Fern\u00e1ndez Muriel (Lepe) Curso 2021-2022 IES V\u00e1zquez D\u00edaz de Nerva. IES Jos\u00e9 Antonio Fern\u00e1ndez Muriel de Lepe.&#46;&#46;&#46;<\/p>\n","protected":false},"author":1051,"featured_media":0,"parent":0,"menu_order":0,"comment_status":"closed","ping_status":"closed","template":"","meta":{"ngg_post_thumbnail":0,"footnotes":""},"aioseo_notices":[],"_links":{"self":[{"href":"https:\/\/blogsaverroes.juntadeandalucia.es\/programasccl\/wp-json\/wp\/v2\/pages\/84"}],"collection":[{"href":"https:\/\/blogsaverroes.juntadeandalucia.es\/programasccl\/wp-json\/wp\/v2\/pages"}],"about":[{"href":"https:\/\/blogsaverroes.juntadeandalucia.es\/programasccl\/wp-json\/wp\/v2\/types\/page"}],"author":[{"embeddable":true,"href":"https:\/\/blogsaverroes.juntadeandalucia.es\/programasccl\/wp-json\/wp\/v2\/users\/1051"}],"replies":[{"embeddable":true,"href":"https:\/\/blogsaverroes.juntadeandalucia.es\/programasccl\/wp-json\/wp\/v2\/comments?post=84"}],"version-history":[{"count":10,"href":"https:\/\/blogsaverroes.juntadeandalucia.es\/programasccl\/wp-json\/wp\/v2\/pages\/84\/revisions"}],"predecessor-version":[{"id":329,"href":"https:\/\/blogsaverroes.juntadeandalucia.es\/programasccl\/wp-json\/wp\/v2\/pages\/84\/revisions\/329"}],"wp:attachment":[{"href":"https:\/\/blogsaverroes.juntadeandalucia.es\/programasccl\/wp-json\/wp\/v2\/media?parent=84"}],"curies":[{"name":"wp","href":"https:\/\/api.w.org\/{rel}","templated":true}]}}