{"id":88,"date":"2022-05-19T06:48:51","date_gmt":"2022-05-19T06:48:51","guid":{"rendered":"https:\/\/blogsaverroes.juntadeandalucia.es\/programasccl\/?page_id=88"},"modified":"2023-06-01T12:26:37","modified_gmt":"2023-06-01T10:26:37","slug":"jaen","status":"publish","type":"page","link":"https:\/\/blogsaverroes.juntadeandalucia.es\/programasccl\/jaen\/","title":{"rendered":"Ja\u00e9n"},"content":{"rendered":"<p style=\"text-align: center\"><img loading=\"lazy\" decoding=\"async\" class=\"alignnone size-large wp-image-89\" src=\"https:\/\/blogsaverroes.juntadeandalucia.es\/programasccl\/files\/2022\/05\/6-1024x576.jpg\" alt=\"\" width=\"1024\" height=\"576\" srcset=\"https:\/\/blogsaverroes.juntadeandalucia.es\/programasccl\/files\/2022\/05\/6-1024x576.jpg 1024w, https:\/\/blogsaverroes.juntadeandalucia.es\/programasccl\/files\/2022\/05\/6-300x169.jpg 300w, https:\/\/blogsaverroes.juntadeandalucia.es\/programasccl\/files\/2022\/05\/6-768x432.jpg 768w, https:\/\/blogsaverroes.juntadeandalucia.es\/programasccl\/files\/2022\/05\/6-1536x864.jpg 1536w, https:\/\/blogsaverroes.juntadeandalucia.es\/programasccl\/files\/2022\/05\/6.jpg 1920w\" sizes=\"(max-width: 1024px) 100vw, 1024px\" \/><\/p>\n<p>Curso 2022-2023<\/p>\n<ul>\n<li>IES Fernando III (Martos)<\/li>\n<li><a href=\"https:\/\/www.ivoox.com\/podcast-desenreda_sq_f11998082_1.html\" target=\"_blank\" rel=\"noopener noreferrer\">IES Ntra. Sra. de la Cabeza (And\u00fajar)<\/a><\/li>\n<\/ul>\n<p>Curso 2021-2022<\/p>\n<ul>\n<li><a href=\"https:\/\/blogsaverroes.juntadeandalucia.es\/comunicadesenredaiessantacatalinadealejandriajaen\/2022\/05\/31\/taller-de-alfabetizacion-mediatica-desenreda\/\" target=\"_blank\" rel=\"noopener noreferrer\">IES Santa Catalina de Alejandr\u00eda de Ja\u00e9n<\/a>.<\/li>\n<\/ul>\n","protected":false},"excerpt":{"rendered":"<p>Curso 2022-2023 IES Fernando III (Martos) IES Ntra. Sra. de la Cabeza (And\u00fajar) Curso 2021-2022 IES Santa Catalina de Alejandr\u00eda de Ja\u00e9n.<\/p>\n","protected":false},"author":1051,"featured_media":0,"parent":0,"menu_order":0,"comment_status":"closed","ping_status":"closed","template":"","meta":{"ngg_post_thumbnail":0,"footnotes":""},"aioseo_notices":[],"_links":{"self":[{"href":"https:\/\/blogsaverroes.juntadeandalucia.es\/programasccl\/wp-json\/wp\/v2\/pages\/88"}],"collection":[{"href":"https:\/\/blogsaverroes.juntadeandalucia.es\/programasccl\/wp-json\/wp\/v2\/pages"}],"about":[{"href":"https:\/\/blogsaverroes.juntadeandalucia.es\/programasccl\/wp-json\/wp\/v2\/types\/page"}],"author":[{"embeddable":true,"href":"https:\/\/blogsaverroes.juntadeandalucia.es\/programasccl\/wp-json\/wp\/v2\/users\/1051"}],"replies":[{"embeddable":true,"href":"https:\/\/blogsaverroes.juntadeandalucia.es\/programasccl\/wp-json\/wp\/v2\/comments?post=88"}],"version-history":[{"count":5,"href":"https:\/\/blogsaverroes.juntadeandalucia.es\/programasccl\/wp-json\/wp\/v2\/pages\/88\/revisions"}],"predecessor-version":[{"id":290,"href":"https:\/\/blogsaverroes.juntadeandalucia.es\/programasccl\/wp-json\/wp\/v2\/pages\/88\/revisions\/290"}],"wp:attachment":[{"href":"https:\/\/blogsaverroes.juntadeandalucia.es\/programasccl\/wp-json\/wp\/v2\/media?parent=88"}],"curies":[{"name":"wp","href":"https:\/\/api.w.org\/{rel}","templated":true}]}}