{"id":186,"date":"2016-06-15T16:54:06","date_gmt":"2016-06-15T16:54:06","guid":{"rendered":"http:\/\/blogsaverroes.juntadeandalucia.es\/programasinternacionales\/?page_id=186"},"modified":"2023-03-20T12:42:08","modified_gmt":"2023-03-20T12:42:08","slug":"introduccion","status":"publish","type":"page","link":"https:\/\/blogsaverroes.juntadeandalucia.es\/programasinternacionales\/","title":{"rendered":"INTRODUCCI\u00d3N"},"content":{"rendered":"<h5><a href=\"http:\/\/blogsaverroes.juntadeandalucia.es\/programasinternacionales\/files\/2016\/06\/EU-flag-Erasmus-.jpg\"><img loading=\"lazy\" decoding=\"async\" class=\" size-medium wp-image-181 aligncenter\" src=\"http:\/\/blogsaverroes.juntadeandalucia.es\/programasinternacionales\/files\/2016\/06\/EU-flag-Erasmus--300x86.jpg\" alt=\"EU flag-Erasmus+\" width=\"300\" height=\"86\" srcset=\"https:\/\/blogsaverroes.juntadeandalucia.es\/programasinternacionales\/files\/2016\/06\/EU-flag-Erasmus--300x86.jpg 300w, https:\/\/blogsaverroes.juntadeandalucia.es\/programasinternacionales\/files\/2016\/06\/EU-flag-Erasmus--1024x292.jpg 1024w, https:\/\/blogsaverroes.juntadeandalucia.es\/programasinternacionales\/files\/2016\/06\/EU-flag-Erasmus--700x200.jpg 700w, https:\/\/blogsaverroes.juntadeandalucia.es\/programasinternacionales\/files\/2016\/06\/EU-flag-Erasmus--332x95.jpg 332w, https:\/\/blogsaverroes.juntadeandalucia.es\/programasinternacionales\/files\/2016\/06\/EU-flag-Erasmus-.jpg 1600w\" sizes=\"(max-width: 300px) 100vw, 300px\" \/><\/a><\/h5>\n<h5 style=\"text-align: justify\">&nbsp; &nbsp; &nbsp; &nbsp; &nbsp; &nbsp;El desarrollo de los Programas Europeos ha pasado por diversas etapas que nos llevan al actual marco de Erasmus+.<\/h5>\n<h5 style=\"text-align: justify\">&nbsp; &nbsp; &nbsp; &nbsp; &nbsp; La Comisi\u00f3n Europea dio inicio a los programas europeos en 1993 con el Programa S\u00f3crates, que se desarrollar\u00eda hasta 1999, y al que seguir\u00edan S\u00f3crates II desde 2000 hasta 2006, y el Programa de Aprendizaje Permanente (PAP), que estuvo en vigor desde 2007 hasta 2013, y que ha sido sustituido por el actual Erasmus+.<\/h5>\n<p><a href=\"https:\/\/blogsaverroes.juntadeandalucia.es\/programasinternacionales\/files\/2023\/01\/Erasmus-evoluci\u00f3n.png\"><img loading=\"lazy\" decoding=\"async\" class=\"aligncenter size-large wp-image-921\" src=\"https:\/\/blogsaverroes.juntadeandalucia.es\/programasinternacionales\/files\/2023\/01\/Erasmus-evoluci\u00f3n-1024x395.png\" alt=\"\" width=\"1024\" height=\"395\" srcset=\"https:\/\/blogsaverroes.juntadeandalucia.es\/programasinternacionales\/files\/2023\/01\/Erasmus-evoluci\u00f3n-1024x395.png 1024w, https:\/\/blogsaverroes.juntadeandalucia.es\/programasinternacionales\/files\/2023\/01\/Erasmus-evoluci\u00f3n-300x116.png 300w, https:\/\/blogsaverroes.juntadeandalucia.es\/programasinternacionales\/files\/2023\/01\/Erasmus-evoluci\u00f3n-768x296.png 768w, https:\/\/blogsaverroes.juntadeandalucia.es\/programasinternacionales\/files\/2023\/01\/Erasmus-evoluci\u00f3n.png 1275w\" sizes=\"(max-width: 1024px) 100vw, 1024px\" \/><\/a><\/p>\n<p>&nbsp;<\/p>\n<h5 style=\"text-align: justify\">&nbsp; &nbsp; &nbsp; &nbsp; &nbsp; &nbsp; &nbsp; &nbsp; &nbsp; De entre todos los antecesores de Erasmus + nuestro contacto m\u00e1s cercano fue el establecido en el marco del PAP, en cuyo \u00e1mbito se desarrollaron acciones tan exitosas como Comenius en educaci\u00f3n escolar, Gruntdvig en educaci\u00f3n de adultos, Erasmus en ense\u00f1anzas universitarias o Leonardo da Vinci en el \u00e1mbito de la Formaci\u00f3n Profesional.<\/h5>\n<h5 style=\"text-align: justify\">&nbsp; &nbsp; &nbsp; &nbsp; &nbsp; &nbsp; &nbsp; &nbsp; &nbsp; &nbsp;No obstante, Erasmus+, cuya denominaci\u00f3n toma una de las Acciones del anterior PAP, Erasmus, y a\u00f1ade el + para significar \u201cm\u00e1s Erasmus\u201d para otras ense\u00f1anzas, ha supuesto una reformulaci\u00f3n y un cambio en relaci\u00f3n a sus antecesores, ofreciendo una nueva estructura que integra nuevas acciones en los \u00e1mbitos de la Educaci\u00f3n, la Juventud y el Deporte, potenciando una visi\u00f3n institucional en todos estos \u00e1mbitos.<\/h5>\n<h5 style=\"text-align: justify\">&nbsp; &nbsp; &nbsp; &nbsp; &nbsp; &nbsp; &nbsp; &nbsp;En este proceso de cambio tambi\u00e9n se ha producido un cambio en la Agencia Nacional Espa\u00f1ola, que dej\u00f3 de&nbsp;ser el Organismo Aut\u00f3nomo de Programas Educativos Europeos para convertirse en el Servicio Espa\u00f1ol para la Internacionalizaci\u00f3n de la Educaci\u00f3n en diciembre de 2014, al amparo de la<em>&nbsp;<a href=\"https:\/\/www.boe.es\/buscar\/act.php?id=BOE-A-2014-9467\">Ley 15\/2014, de 16 de septiembre, de racionalizaci\u00f3n del Sector P\u00fablico y otras medidas de reforma administrativa (BOE 227 de 17 de septiembre de 2014).<\/a><\/em><\/h5>\n<h5 style=\"text-align: justify\">&nbsp; &nbsp; &nbsp; &nbsp; &nbsp; &nbsp; &nbsp; Precisamente para poder entender mejor el marco de Erasmus + se hace imprescindible conocer la <a href=\"http:\/\/www.sepie.es\/\"><strong>web del SEPIE<\/strong><\/a> y aproximarse a toda la informaci\u00f3n que este organismo proporciona sobre Erasmus+.<\/h5>\n<h5 style=\"text-align: justify\">&nbsp; &nbsp; &nbsp; &nbsp; &nbsp; &nbsp; &nbsp; &nbsp; &nbsp;Para una primera aproximaci\u00f3n se hace imprescindible conocer la siguiente documentaci\u00f3n, que se publica anualmente (enlaces a la documentaci\u00f3n de la convocatoria m\u00e1s reciente, correspondiente a 2023):<\/h5>\n<section>\n<h3>&nbsp;<\/h3>\n<h3 style=\"text-align: center\">Convocatoria<\/h3>\n<ul class=\"nocircle\">\n<li><i class=\"fa fa-file-pdf-o pdf fa-lg\"><\/i><a href=\"http:\/\/sepie.es\/doc\/convocatoria\/2023\/celex_c2022_444_07_es_txt_convocatoria_propuestas.pdf\">Convocatoria de propuestas 2023<\/a> \u2014 EAC\/A10\/2022 (espa\u00f1ol): 23\/11\/2022 <a href=\"https:\/\/blogsaverroes.juntadeandalucia.es\/programasinternacionales\/files\/2023\/03\/ESPA\u00d1A.jpg\"><img loading=\"lazy\" decoding=\"async\" class=\" wp-image-940 alignnone\" src=\"https:\/\/blogsaverroes.juntadeandalucia.es\/programasinternacionales\/files\/2023\/03\/ESPA\u00d1A.jpg\" alt=\"\" width=\"30\" height=\"20\"><\/a><\/li>\n<li><a href=\"http:\/\/sepie.es\/doc\/convocatoria\/2023\/celex_c2022_444_07_en_txt_convocatoria_propuestas.pdf\">Convocatoria de propuestas 2023<\/a> \u2014 EAC\/A10\/2022 (ingl\u00e9s):&nbsp; &nbsp;23\/11\/2022 <a href=\"https:\/\/blogsaverroes.juntadeandalucia.es\/programasinternacionales\/files\/2023\/03\/GB.png\"><img loading=\"lazy\" decoding=\"async\" class=\"wp-image-939 alignnone\" src=\"https:\/\/blogsaverroes.juntadeandalucia.es\/programasinternacionales\/files\/2023\/03\/GB-300x150.png\" alt=\"\" width=\"28\" height=\"14\" srcset=\"https:\/\/blogsaverroes.juntadeandalucia.es\/programasinternacionales\/files\/2023\/03\/GB-300x150.png 300w, https:\/\/blogsaverroes.juntadeandalucia.es\/programasinternacionales\/files\/2023\/03\/GB.png 318w\" sizes=\"(max-width: 28px) 100vw, 28px\" \/><\/a><\/li>\n<\/ul>\n<h3 style=\"text-align: center\">Gu\u00eda del programa Erasmus+ 2023<\/h3>\n<ul class=\"nocircle\">\n<li><i class=\"fa fa-file-pdf-o pdf fa-lg\"><\/i> <a href=\"http:\/\/sepie.es\/doc\/convocatoria\/2023\/erasmus_programme_guide_2023_es.pdf\">Gu\u00eda del Programa en espa\u00f1ol<\/a> Versi\u00f3n 1 (2023): 23\/11\/2022. <a href=\"https:\/\/blogsaverroes.juntadeandalucia.es\/programasinternacionales\/files\/2023\/03\/ESPA\u00d1A.jpg\"><img loading=\"lazy\" decoding=\"async\" class=\" wp-image-940 alignnone\" src=\"https:\/\/blogsaverroes.juntadeandalucia.es\/programasinternacionales\/files\/2023\/03\/ESPA\u00d1A.jpg\" alt=\"\" width=\"35\" height=\"23\"><\/a><\/li>\n<li><i class=\"fa fa-file-pdf-o pdf fa-lg\"><\/i> <a href=\"http:\/\/sepie.es\/doc\/convocatoria\/2023\/erasmus_programme_guide_2023_en_v2.pdf\">Gu\u00eda del Programa en ingl\u00e9s<\/a> Versi\u00f3n 2 (2023): 21\/12\/2022. <a href=\"http:\/\/sepie.es\/doc\/convocatoria\/2023\/corrigendum_programme_guide_2023_en.pdf\">Corrigendum<\/a> 21\/12\/2022 <a href=\"https:\/\/blogsaverroes.juntadeandalucia.es\/programasinternacionales\/files\/2023\/03\/GB.png\"><img loading=\"lazy\" decoding=\"async\" class=\"wp-image-939 alignnone\" src=\"https:\/\/blogsaverroes.juntadeandalucia.es\/programasinternacionales\/files\/2023\/03\/GB-300x150.png\" alt=\"\" width=\"28\" height=\"14\" srcset=\"https:\/\/blogsaverroes.juntadeandalucia.es\/programasinternacionales\/files\/2023\/03\/GB-300x150.png 300w, https:\/\/blogsaverroes.juntadeandalucia.es\/programasinternacionales\/files\/2023\/03\/GB.png 318w\" sizes=\"(max-width: 28px) 100vw, 28px\" \/><\/a><\/li>\n<li><i class=\"fa fa-file-pdf-o pdf fa-lg\"><\/i> <a href=\"http:\/\/sepie.es\/doc\/convocatoria\/2023\/erasmus_programme_guide_2023_en.pdf\">Gu\u00eda del Programa en ingl\u00e9s<\/a> Version 1 (2023): 23\/11\/2022. <a href=\"https:\/\/blogsaverroes.juntadeandalucia.es\/programasinternacionales\/files\/2023\/03\/GB.png\"><img loading=\"lazy\" decoding=\"async\" class=\"wp-image-939 alignnone\" src=\"https:\/\/blogsaverroes.juntadeandalucia.es\/programasinternacionales\/files\/2023\/03\/GB-300x150.png\" alt=\"\" width=\"28\" height=\"14\" srcset=\"https:\/\/blogsaverroes.juntadeandalucia.es\/programasinternacionales\/files\/2023\/03\/GB-300x150.png 300w, https:\/\/blogsaverroes.juntadeandalucia.es\/programasinternacionales\/files\/2023\/03\/GB.png 318w\" sizes=\"(max-width: 28px) 100vw, 28px\" \/><\/a><\/li>\n<li><i class=\"fa fa-file-pdf-o pdf fa-lg\"><\/i> <a href=\"http:\/\/sepie.es\/doc\/convocatoria\/2023\/erasmus_programme_guide_2023_es.pdf\">Gu\u00eda del Programa en espa\u00f1ol<\/a> Versi\u00f3n 1 (2019): 23\/11\/2022. <a href=\"https:\/\/blogsaverroes.juntadeandalucia.es\/programasinternacionales\/files\/2023\/03\/ESPA\u00d1A.jpg\"><img loading=\"lazy\" decoding=\"async\" class=\" wp-image-940 alignnone\" src=\"https:\/\/blogsaverroes.juntadeandalucia.es\/programasinternacionales\/files\/2023\/03\/ESPA\u00d1A.jpg\" alt=\"\" width=\"30\" height=\"20\"><\/a><\/li>\n<\/ul>\n<\/section>\n","protected":false},"excerpt":{"rendered":"<p>&nbsp; &nbsp; &nbsp; &nbsp; &nbsp; &nbsp;El desarrollo de los Programas Europeos ha pasado por diversas etapas que nos llevan al actual marco de Erasmus+. &nbsp; &nbsp; &nbsp; &nbsp; &nbsp; La Comisi\u00f3n Europea dio inicio&#46;&#46;&#46;<\/p>\n","protected":false},"author":3720,"featured_media":0,"parent":0,"menu_order":0,"comment_status":"open","ping_status":"open","template":"","meta":{"ngg_post_thumbnail":0,"footnotes":""},"aioseo_notices":[],"_links":{"self":[{"href":"https:\/\/blogsaverroes.juntadeandalucia.es\/programasinternacionales\/wp-json\/wp\/v2\/pages\/186"}],"collection":[{"href":"https:\/\/blogsaverroes.juntadeandalucia.es\/programasinternacionales\/wp-json\/wp\/v2\/pages"}],"about":[{"href":"https:\/\/blogsaverroes.juntadeandalucia.es\/programasinternacionales\/wp-json\/wp\/v2\/types\/page"}],"author":[{"embeddable":true,"href":"https:\/\/blogsaverroes.juntadeandalucia.es\/programasinternacionales\/wp-json\/wp\/v2\/users\/3720"}],"replies":[{"embeddable":true,"href":"https:\/\/blogsaverroes.juntadeandalucia.es\/programasinternacionales\/wp-json\/wp\/v2\/comments?post=186"}],"version-history":[{"count":13,"href":"https:\/\/blogsaverroes.juntadeandalucia.es\/programasinternacionales\/wp-json\/wp\/v2\/pages\/186\/revisions"}],"predecessor-version":[{"id":941,"href":"https:\/\/blogsaverroes.juntadeandalucia.es\/programasinternacionales\/wp-json\/wp\/v2\/pages\/186\/revisions\/941"}],"wp:attachment":[{"href":"https:\/\/blogsaverroes.juntadeandalucia.es\/programasinternacionales\/wp-json\/wp\/v2\/media?parent=186"}],"curies":[{"name":"wp","href":"https:\/\/api.w.org\/{rel}","templated":true}]}}

INTRODUCCIÓN

<h5><a href="http://blogsaverroes.juntadeandalucia.es/programasinternacionales/files/2016/06/EU-flag-Erasmus-.jpg"><img loading="lazy" decoding="async" class=" size-medium wp-image-181 aligncenter" src="http://blogsaverroes.juntadeandalucia.es/programasinternacionales/files/2016/06/EU-flag-Erasmus--300x86.jpg" alt="EU flag-Erasmus+" width="300" height="86" srcset="https://blogsaverroes.juntadeandalucia.es/programasinternacionales/files/2016/06/EU-flag-Erasmus--300x86.jpg 300w, https://blogsaverroes.juntadeandalucia.es/programasinternacionales/files/2016/06/EU-flag-Erasmus--1024x292.jpg 1024w, https://blogsaverroes.juntadeandalucia.es/programasinternacionales/files/2016/06/EU-flag-Erasmus--700x200.jpg 700w, https://blogsaverroes.juntadeandalucia.es/programasinternacionales/files/2016/06/EU-flag-Erasmus--332x95.jpg 332w, https://blogsaverroes.juntadeandalucia.es/programasinternacionales/files/2016/06/EU-flag-Erasmus-.jpg 1600w" sizes="(max-width: 300px) 100vw, 300px" /></a></h5>
<h5 style="text-align: justify">&nbsp; &nbsp; &nbsp; &nbsp; &nbsp; &nbsp;El desarrollo de los Programas Europeos ha pasado por diversas etapas que nos llevan al actual marco de Erasmus+.</h5>
<h5 style="text-align: justify">&nbsp; &nbsp; &nbsp; &nbsp; &nbsp; La Comisión Europea dio inicio a los programas europeos en 1993 con el Programa Sócrates, que se desarrollaría hasta 1999, y al que seguirían Sócrates II desde 2000 hasta 2006, y el Programa de Aprendizaje Permanente (PAP), que estuvo en vigor desde 2007 hasta 2013, y que ha sido sustituido por el actual Erasmus+.</h5>
<p><a href="https://blogsaverroes.juntadeandalucia.es/programasinternacionales/files/2023/01/Erasmus-evolución.png"><img loading="lazy" decoding="async" class="aligncenter size-large wp-image-921" src="https://blogsaverroes.juntadeandalucia.es/programasinternacionales/files/2023/01/Erasmus-evolución-1024x395.png" alt="" width="1024" height="395" srcset="https://blogsaverroes.juntadeandalucia.es/programasinternacionales/files/2023/01/Erasmus-evolución-1024x395.png 1024w, https://blogsaverroes.juntadeandalucia.es/programasinternacionales/files/2023/01/Erasmus-evolución-300x116.png 300w, https://blogsaverroes.juntadeandalucia.es/programasinternacionales/files/2023/01/Erasmus-evolución-768x296.png 768w, https://blogsaverroes.juntadeandalucia.es/programasinternacionales/files/2023/01/Erasmus-evolución.png 1275w" sizes="(max-width: 1024px) 100vw, 1024px" /></a></p>
<p>&nbsp;</p>
<h5 style="text-align: justify">&nbsp; &nbsp; &nbsp; &nbsp; &nbsp; &nbsp; &nbsp; &nbsp; &nbsp; De entre todos los antecesores de Erasmus + nuestro contacto más cercano fue el establecido en el marco del PAP, en cuyo ámbito se desarrollaron acciones tan exitosas como Comenius en educación escolar, Gruntdvig en educación de adultos, Erasmus en enseñanzas universitarias o Leonardo da Vinci en el ámbito de la Formación Profesional.</h5>
<h5 style="text-align: justify">&nbsp; &nbsp; &nbsp; &nbsp; &nbsp; &nbsp; &nbsp; &nbsp; &nbsp; &nbsp;No obstante, Erasmus+, cuya denominación toma una de las Acciones del anterior PAP, Erasmus, y añade el + para significar “más Erasmus” para otras enseñanzas, ha supuesto una reformulación y un cambio en relación a sus antecesores, ofreciendo una nueva estructura que integra nuevas acciones en los ámbitos de la Educación, la Juventud y el Deporte, potenciando una visión institucional en todos estos ámbitos.</h5>
<h5 style="text-align: justify">&nbsp; &nbsp; &nbsp; &nbsp; &nbsp; &nbsp; &nbsp; &nbsp;En este proceso de cambio también se ha producido un cambio en la Agencia Nacional Española, que dejó de&nbsp;ser el Organismo Autónomo de Programas Educativos Europeos para convertirse en el Servicio Español para la Internacionalización de la Educación en diciembre de 2014, al amparo de la<em>&nbsp;<a href="https://www.boe.es/buscar/act.php?id=BOE-A-2014-9467">Ley 15/2014, de 16 de septiembre, de racionalización del Sector Público y otras medidas de reforma administrativa (BOE 227 de 17 de septiembre de 2014).</a></em></h5>
<h5 style="text-align: justify">&nbsp; &nbsp; &nbsp; &nbsp; &nbsp; &nbsp; &nbsp; Precisamente para poder entender mejor el marco de Erasmus + se hace imprescindible conocer la <a href="http://www.sepie.es/"><strong>web del SEPIE</strong></a> y aproximarse a toda la información que este organismo proporciona sobre Erasmus+.</h5>
<h5 style="text-align: justify">&nbsp; &nbsp; &nbsp; &nbsp; &nbsp; &nbsp; &nbsp; &nbsp; &nbsp;Para una primera aproximación se hace imprescindible conocer la siguiente documentación, que se publica anualmente (enlaces a la documentación de la convocatoria más reciente, correspondiente a 2023):</h5>
<section>
<h3>&nbsp;</h3>
<h3 style="text-align: center">Convocatoria</h3>
<ul class="nocircle">
<li><i class="fa fa-file-pdf-o pdf fa-lg"></i><a href="http://sepie.es/doc/convocatoria/2023/celex_c2022_444_07_es_txt_convocatoria_propuestas.pdf">Convocatoria de propuestas 2023</a> — EAC/A10/2022 (español): 23/11/2022 <a href="https://blogsaverroes.juntadeandalucia.es/programasinternacionales/files/2023/03/ESPAÑA.jpg"><img loading="lazy" decoding="async" class=" wp-image-940 alignnone" src="https://blogsaverroes.juntadeandalucia.es/programasinternacionales/files/2023/03/ESPAÑA.jpg" alt="" width="30" height="20"></a></li>
<li><a href="http://sepie.es/doc/convocatoria/2023/celex_c2022_444_07_en_txt_convocatoria_propuestas.pdf">Convocatoria de propuestas 2023</a> — EAC/A10/2022 (inglés):&nbsp; &nbsp;23/11/2022 <a href="https://blogsaverroes.juntadeandalucia.es/programasinternacionales/files/2023/03/GB.png"><img loading="lazy" decoding="async" class="wp-image-939 alignnone" src="https://blogsaverroes.juntadeandalucia.es/programasinternacionales/files/2023/03/GB-300x150.png" alt="" width="28" height="14" srcset="https://blogsaverroes.juntadeandalucia.es/programasinternacionales/files/2023/03/GB-300x150.png 300w, https://blogsaverroes.juntadeandalucia.es/programasinternacionales/files/2023/03/GB.png 318w" sizes="(max-width: 28px) 100vw, 28px" /></a></li>
</ul>
<h3 style="text-align: center">Guía del programa Erasmus+ 2023</h3>
<ul class="nocircle">
<li><i class="fa fa-file-pdf-o pdf fa-lg"></i> <a href="http://sepie.es/doc/convocatoria/2023/erasmus_programme_guide_2023_es.pdf">Guía del Programa en español</a> Versión 1 (2023): 23/11/2022. <a href="https://blogsaverroes.juntadeandalucia.es/programasinternacionales/files/2023/03/ESPAÑA.jpg"><img loading="lazy" decoding="async" class=" wp-image-940 alignnone" src="https://blogsaverroes.juntadeandalucia.es/programasinternacionales/files/2023/03/ESPAÑA.jpg" alt="" width="35" height="23"></a></li>
<li><i class="fa fa-file-pdf-o pdf fa-lg"></i> <a href="http://sepie.es/doc/convocatoria/2023/erasmus_programme_guide_2023_en_v2.pdf">Guía del Programa en inglés</a> Versión 2 (2023): 21/12/2022. <a href="http://sepie.es/doc/convocatoria/2023/corrigendum_programme_guide_2023_en.pdf">Corrigendum</a> 21/12/2022 <a href="https://blogsaverroes.juntadeandalucia.es/programasinternacionales/files/2023/03/GB.png"><img loading="lazy" decoding="async" class="wp-image-939 alignnone" src="https://blogsaverroes.juntadeandalucia.es/programasinternacionales/files/2023/03/GB-300x150.png" alt="" width="28" height="14" srcset="https://blogsaverroes.juntadeandalucia.es/programasinternacionales/files/2023/03/GB-300x150.png 300w, https://blogsaverroes.juntadeandalucia.es/programasinternacionales/files/2023/03/GB.png 318w" sizes="(max-width: 28px) 100vw, 28px" /></a></li>
<li><i class="fa fa-file-pdf-o pdf fa-lg"></i> <a href="http://sepie.es/doc/convocatoria/2023/erasmus_programme_guide_2023_en.pdf">Guía del Programa en inglés</a> Version 1 (2023): 23/11/2022. <a href="https://blogsaverroes.juntadeandalucia.es/programasinternacionales/files/2023/03/GB.png"><img loading="lazy" decoding="async" class="wp-image-939 alignnone" src="https://blogsaverroes.juntadeandalucia.es/programasinternacionales/files/2023/03/GB-300x150.png" alt="" width="28" height="14" srcset="https://blogsaverroes.juntadeandalucia.es/programasinternacionales/files/2023/03/GB-300x150.png 300w, https://blogsaverroes.juntadeandalucia.es/programasinternacionales/files/2023/03/GB.png 318w" sizes="(max-width: 28px) 100vw, 28px" /></a></li>
<li><i class="fa fa-file-pdf-o pdf fa-lg"></i> <a href="http://sepie.es/doc/convocatoria/2023/erasmus_programme_guide_2023_es.pdf">Guía del Programa en español</a> Versión 1 (2019): 23/11/2022. <a href="https://blogsaverroes.juntadeandalucia.es/programasinternacionales/files/2023/03/ESPAÑA.jpg"><img loading="lazy" decoding="async" class=" wp-image-940 alignnone" src="https://blogsaverroes.juntadeandalucia.es/programasinternacionales/files/2023/03/ESPAÑA.jpg" alt="" width="30" height="20"></a></li>
</ul>
</section>

<p>&nbsp; &nbsp; &nbsp; &nbsp; &nbsp; &nbsp;El desarrollo de los Programas Europeos ha pasado por diversas etapas que nos llevan al actual marco de Erasmus+. &nbsp; &nbsp; &nbsp; &nbsp; &nbsp; La Comisión Europea dio inicio&#46;&#46;&#46;</p>
