{"id":428,"date":"2018-01-31T10:54:24","date_gmt":"2018-01-31T10:54:24","guid":{"rendered":"http:\/\/blogsaverroes.juntadeandalucia.es\/programasinternacionales\/?page_id=428"},"modified":"2023-03-24T11:00:00","modified_gmt":"2023-03-24T11:00:00","slug":"personal-docente-en-el-exterior","status":"publish","type":"page","link":"https:\/\/blogsaverroes.juntadeandalucia.es\/programasinternacionales\/personal-docente-en-el-exterior\/","title":{"rendered":"PERSONAL DOCENTE EN EL EXTERIOR"},"content":{"rendered":"<p><a href=\"https:\/\/blogsaverroes.juntadeandalucia.es\/programasinternacionales\/files\/2023\/03\/frame-videoaee.jpg.jpg\"><img loading=\"lazy\" decoding=\"async\" class=\"aligncenter wp-image-956 size-large\" src=\"https:\/\/blogsaverroes.juntadeandalucia.es\/programasinternacionales\/files\/2023\/03\/frame-videoaee.jpg-1024x476.jpg\" alt=\"\" width=\"1024\" height=\"476\" srcset=\"https:\/\/blogsaverroes.juntadeandalucia.es\/programasinternacionales\/files\/2023\/03\/frame-videoaee.jpg-1024x476.jpg 1024w, https:\/\/blogsaverroes.juntadeandalucia.es\/programasinternacionales\/files\/2023\/03\/frame-videoaee.jpg-300x140.jpg 300w, https:\/\/blogsaverroes.juntadeandalucia.es\/programasinternacionales\/files\/2023\/03\/frame-videoaee.jpg-768x357.jpg 768w, https:\/\/blogsaverroes.juntadeandalucia.es\/programasinternacionales\/files\/2023\/03\/frame-videoaee.jpg.jpg 1200w\" sizes=\"(max-width: 1024px) 100vw, 1024px\" \/><\/a><\/p>\n<p style=\"text-align: justify\">&nbsp;&nbsp;&nbsp;&nbsp;&nbsp;&nbsp; Anualmente el Ministerio de Educaci\u00f3n y Formaci\u00f3n Profesional abre convocatoria de concurso de m\u00e9ritos para la provisi\u00f3n de puestos vacantes de personal docente en el exterior.<\/p>\n<p style=\"text-align: justify\">&nbsp;&nbsp;&nbsp;&nbsp;&nbsp; La \u00faltima convocatoria fue convocada en la <a href=\"https:\/\/www.boe.es\/diario_boe\/txt.php?id=BOE-A-2022-18381\"><em>Resoluci\u00f3n de 7 de noviembre de 2022, de la Subsecretar\u00eda, por la que se convoca concurso para la provisi\u00f3n de puestos de personal docente en el exterior<\/em><\/a>.<\/p>\n<p style=\"text-align: justify\">&nbsp;&nbsp;&nbsp;&nbsp;&nbsp;&nbsp;&nbsp;&nbsp;&nbsp; Se puede acceder a todos los detalles de la \u00faltima Convocatoria <a href=\"https:\/\/www.educacionyfp.gob.es\/servicios-al-ciudadano\/catalogo\/profesorado\/profesorado-no-universitario\/concursos-de-traslados\/concurso-profesores-exterior.html\">en esta p\u00e1gina web <\/a>del Ministerio de Educaci\u00f3n y Formaci\u00f3n Profesional.<\/p>\n<p style=\"text-align: justify\">&nbsp;&nbsp;&nbsp;&nbsp;&nbsp;&nbsp;&nbsp; Por tratarse de una Convocatoria del Ministerio, cualquier consulta debe ser formulada a este en los tel\u00e9fonos y correos electr\u00f3nicos de contacto que aparecen en esta misma web:<\/p>\n<div class=\"subseccion\">\n<h3 id=\"doi1\" style=\"text-align: justify\">Contacto<\/h3>\n<div class=\"cte\" style=\"text-align: justify\">Tel\u00e9fono: 91 701 83 60<\/div>\n<div>&nbsp;<\/div>\n<div class=\"cte\" style=\"text-align: justify\">Correo electr\u00f3nico: <a href=\"concursos.exterior@educacion.gob.es\">concursos.exterior@educacion.gob.es<\/a><a title=\"Enlace externo, se abre en ventana nueva.\" href=\"mailto:secret.personaldoc@educacion.gob.es\" target=\"_blank\" rel=\"external noopener noreferrer\">&nbsp;<\/a> <img decoding=\"async\" src=\"http:\/\/www.educacionyfp.gob.es\/docroot\/img\/iconos\/13\/ico-mail.gif\" alt=\"e-mail\"><\/div>\n<div>&nbsp;<\/div>\n<div class=\"cte\" style=\"text-align: justify\">Y adem\u00e1s: las consultas sobre el procedimiento pueden realizarse por cualquiera de los medios que se encuentran en la p\u00e1gina de <a href=\"https:\/\/www.educacionyfp.gob.es\/servicios-al-ciudadano\/catalogo\/profesorado\/profesorado-no-universitario\/concursos-de-traslados\/concurso-profesores-exterior.html\">Informaci\u00f3n administrativa<\/a><\/div>\n<\/div>\n","protected":false},"excerpt":{"rendered":"<p>&nbsp;&nbsp;&nbsp;&nbsp;&nbsp;&nbsp; Anualmente el Ministerio de Educaci\u00f3n y Formaci\u00f3n Profesional abre convocatoria de concurso de m\u00e9ritos para la provisi\u00f3n de puestos vacantes de personal docente en el exterior. &nbsp;&nbsp;&nbsp;&nbsp;&nbsp; La \u00faltima convocatoria fue convocada en&#46;&#46;&#46;<\/p>\n","protected":false},"author":3720,"featured_media":0,"parent":0,"menu_order":0,"comment_status":"closed","ping_status":"closed","template":"","meta":{"ngg_post_thumbnail":0,"footnotes":""},"aioseo_notices":[],"_links":{"self":[{"href":"https:\/\/blogsaverroes.juntadeandalucia.es\/programasinternacionales\/wp-json\/wp\/v2\/pages\/428"}],"collection":[{"href":"https:\/\/blogsaverroes.juntadeandalucia.es\/programasinternacionales\/wp-json\/wp\/v2\/pages"}],"about":[{"href":"https:\/\/blogsaverroes.juntadeandalucia.es\/programasinternacionales\/wp-json\/wp\/v2\/types\/page"}],"author":[{"embeddable":true,"href":"https:\/\/blogsaverroes.juntadeandalucia.es\/programasinternacionales\/wp-json\/wp\/v2\/users\/3720"}],"replies":[{"embeddable":true,"href":"https:\/\/blogsaverroes.juntadeandalucia.es\/programasinternacionales\/wp-json\/wp\/v2\/comments?post=428"}],"version-history":[{"count":6,"href":"https:\/\/blogsaverroes.juntadeandalucia.es\/programasinternacionales\/wp-json\/wp\/v2\/pages\/428\/revisions"}],"predecessor-version":[{"id":965,"href":"https:\/\/blogsaverroes.juntadeandalucia.es\/programasinternacionales\/wp-json\/wp\/v2\/pages\/428\/revisions\/965"}],"wp:attachment":[{"href":"https:\/\/blogsaverroes.juntadeandalucia.es\/programasinternacionales\/wp-json\/wp\/v2\/media?parent=428"}],"curies":[{"name":"wp","href":"https:\/\/api.w.org\/{rel}","templated":true}]}}

<p><a href="https://blogsaverroes.juntadeandalucia.es/programasinternacionales/files/2023/03/frame-videoaee.jpg.jpg"><img loading="lazy" decoding="async" class="aligncenter wp-image-956 size-large" src="https://blogsaverroes.juntadeandalucia.es/programasinternacionales/files/2023/03/frame-videoaee.jpg-1024x476.jpg" alt="" width="1024" height="476" srcset="https://blogsaverroes.juntadeandalucia.es/programasinternacionales/files/2023/03/frame-videoaee.jpg-1024x476.jpg 1024w, https://blogsaverroes.juntadeandalucia.es/programasinternacionales/files/2023/03/frame-videoaee.jpg-300x140.jpg 300w, https://blogsaverroes.juntadeandalucia.es/programasinternacionales/files/2023/03/frame-videoaee.jpg-768x357.jpg 768w, https://blogsaverroes.juntadeandalucia.es/programasinternacionales/files/2023/03/frame-videoaee.jpg.jpg 1200w" sizes="(max-width: 1024px) 100vw, 1024px" /></a></p>
<p style="text-align: justify">&nbsp;&nbsp;&nbsp;&nbsp;&nbsp;&nbsp; Anualmente el Ministerio de Educación y Formación Profesional abre convocatoria de concurso de méritos para la provisión de puestos vacantes de personal docente en el exterior.</p>
<p style="text-align: justify">&nbsp;&nbsp;&nbsp;&nbsp;&nbsp; La última convocatoria fue convocada en la <a href="https://www.boe.es/diario_boe/txt.php?id=BOE-A-2022-18381"><em>Resolución de 7 de noviembre de 2022, de la Subsecretaría, por la que se convoca concurso para la provisión de puestos de personal docente en el exterior</em></a>.</p>
<p style="text-align: justify">&nbsp;&nbsp;&nbsp;&nbsp;&nbsp;&nbsp;&nbsp;&nbsp;&nbsp; Se puede acceder a todos los detalles de la última Convocatoria <a href="https://www.educacionyfp.gob.es/servicios-al-ciudadano/catalogo/profesorado/profesorado-no-universitario/concursos-de-traslados/concurso-profesores-exterior.html">en esta página web </a>del Ministerio de Educación y Formación Profesional.</p>
<p style="text-align: justify">&nbsp;&nbsp;&nbsp;&nbsp;&nbsp;&nbsp;&nbsp; Por tratarse de una Convocatoria del Ministerio, cualquier consulta debe ser formulada a este en los teléfonos y correos electrónicos de contacto que aparecen en esta misma web:</p>
<div class="subseccion">
<h3 id="doi1" style="text-align: justify">Contacto</h3>
<div class="cte" style="text-align: justify">Teléfono: 91 701 83 60</div>
<div>&nbsp;</div>
<div class="cte" style="text-align: justify">Correo electrónico: <a href="concursos.exterior@educacion.gob.es">concursos.exterior@educacion.gob.es</a><a title="Enlace externo, se abre en ventana nueva." href="mailto:secret.personaldoc@educacion.gob.es" target="_blank" rel="external noopener noreferrer">&nbsp;</a> <img decoding="async" src="http://www.educacionyfp.gob.es/docroot/img/iconos/13/ico-mail.gif" alt="e-mail"></div>
<div>&nbsp;</div>
<div class="cte" style="text-align: justify">Y además: las consultas sobre el procedimiento pueden realizarse por cualquiera de los medios que se encuentran en la página de <a href="https://www.educacionyfp.gob.es/servicios-al-ciudadano/catalogo/profesorado/profesorado-no-universitario/concursos-de-traslados/concurso-profesores-exterior.html">Información administrativa</a></div>
</div>

<p>&nbsp;&nbsp;&nbsp;&nbsp;&nbsp;&nbsp; Anualmente el Ministerio de Educación y Formación Profesional abre convocatoria de concurso de méritos para la provisión de puestos vacantes de personal docente en el exterior. &nbsp;&nbsp;&nbsp;&nbsp;&nbsp; La última convocatoria fue convocada en&#46;&#46;&#46;</p>
