{"id":72,"date":"2016-06-13T21:14:06","date_gmt":"2016-06-13T21:14:06","guid":{"rendered":"http:\/\/blogsaverroes.juntadeandalucia.es\/programasinternacionales\/?page_id=72"},"modified":"2023-04-10T10:25:42","modified_gmt":"2023-04-10T10:25:42","slug":"grabacion-en-mobility-tool","status":"publish","type":"page","link":"https:\/\/blogsaverroes.juntadeandalucia.es\/programasinternacionales\/grabacion-en-mobility-tool\/","title":{"rendered":"Grabaci\u00f3n en Mobility Tool"},"content":{"rendered":"<h2 style=\"text-align: center\"><a href=\"https:\/\/blogsaverroes.juntadeandalucia.es\/programasinternacionales\/files\/2023\/04\/MT.jpg\"><img loading=\"lazy\" decoding=\"async\" class=\"aligncenter  wp-image-1087\" src=\"https:\/\/blogsaverroes.juntadeandalucia.es\/programasinternacionales\/files\/2023\/04\/MT-300x120.jpg\" alt=\"\" width=\"520\" height=\"208\" srcset=\"https:\/\/blogsaverroes.juntadeandalucia.es\/programasinternacionales\/files\/2023\/04\/MT-300x120.jpg 300w, https:\/\/blogsaverroes.juntadeandalucia.es\/programasinternacionales\/files\/2023\/04\/MT.jpg 354w\" sizes=\"(max-width: 520px) 100vw, 520px\" \/><\/a>Mobility Tool (MT+) &#8211; Erasmus+ 2014-2020<\/h2>\n<p>&nbsp;<\/p>\n<h2>Informaci\u00f3n<\/h2>\n<p style=\"text-align: justify\">Mobility Tool+ es una herramienta web, desarrollada por la Comisi\u00f3n Europea, para la colaboraci\u00f3n, gesti\u00f3n y realizaci\u00f3n de informes de los proyectos de Movilidad y Asociaciones Estrat\u00e9gicas dentro del programa Erasmus+\u201d.<\/p>\n<p style=\"text-align: justify\">Los usuarios de Mobility Tool+ encontrar\u00e1n toda la informaci\u00f3n sobre los proyectos que gestionan, incluida la que aparece en el convenio de subvenci\u00f3n firmado con su Agencia Nacional. Tambi\u00e9n podr\u00e1n actualizar la informaci\u00f3n de los proyectos identificando a los participantes en las movilidades, productos etc. y cumplimentar\u00e1n los datos del presupuesto.<\/p>\n<p style=\"text-align: justify\">La herramienta genera los informes individuales de los participantes y los informes intermedio y final del beneficiario de la ayuda; dichos informes se generan bas\u00e1ndose en los datos de movilidad introducidos por los usuarios de Mobility Tool+.<\/p>\n<h2>Enlaces<\/h2>\n<ul>\n<li style=\"text-align: justify\">El acceso a Mobility Tool+ debe realizarse a trav\u00e9s de la siguiente p\u00e1gina de internet:&nbsp;<a href=\"https:\/\/webgate.ec.europa.eu\/eac\/mobility\">https:\/\/webgate.ec.europa.eu\/eac\/mobility<\/a><\/li>\n<li style=\"text-align: justify\">A efectos del c\u00e1lculo de la ayuda de viaje, cuando proceda, la Comisi\u00f3n Europea facilita una calculadora de obligada utilizaci\u00f3n, disponible en enlace siguiente:&nbsp;<a href=\"http:\/\/ec.europa.eu\/programmes\/erasmus-plus\/tools\/distance_en.htm\">http:\/\/ec.europa.eu\/programmes\/erasmus-plus\/tools\/distance_en.htm<\/a><\/li>\n<\/ul>\n<h2>Manuales<\/h2>\n<ul class=\"nocircle\">\n<li><i class=\"fa fa-file-pdf-o pdf fa-lg \"><\/i>&nbsp;<a href=\"http:\/\/sepie.es\/doc\/GuiaBeneficiarioMT+2.0.pdf\">Gu\u00eda Beneficiario MT+ 2.0<\/a>&nbsp;19\/04\/2016<\/li>\n<li><i class=\"fa fa-file-pdf-o pdf fa-lg \"><\/i>&nbsp;<a href=\"http:\/\/sepie.es\/doc\/mobility-toolmanual-usuario-es-13022015.pdf\">Gu\u00eda de la Mobility Tool para beneficiarios del Programa Erasmus+<\/a><\/li>\n<li><i class=\"fa fa-file-pdf-o pdf fa-lg \"><\/i>&nbsp;<a href=\"http:\/\/sepie.es\/doc\/manual-usuario-ecas.pdf\">Manual ECAS<\/a><\/li>\n<\/ul>\n","protected":false},"excerpt":{"rendered":"<p>Mobility Tool (MT+) &#8211; Erasmus+ 2014-2020 &nbsp; Informaci\u00f3n Mobility Tool+ es una herramienta web, desarrollada por la Comisi\u00f3n Europea, para la colaboraci\u00f3n, gesti\u00f3n y realizaci\u00f3n de informes de los proyectos de Movilidad y Asociaciones&#46;&#46;&#46;<\/p>\n","protected":false},"author":3720,"featured_media":0,"parent":0,"menu_order":0,"comment_status":"open","ping_status":"open","template":"","meta":{"ngg_post_thumbnail":0,"footnotes":""},"aioseo_notices":[],"_links":{"self":[{"href":"https:\/\/blogsaverroes.juntadeandalucia.es\/programasinternacionales\/wp-json\/wp\/v2\/pages\/72"}],"collection":[{"href":"https:\/\/blogsaverroes.juntadeandalucia.es\/programasinternacionales\/wp-json\/wp\/v2\/pages"}],"about":[{"href":"https:\/\/blogsaverroes.juntadeandalucia.es\/programasinternacionales\/wp-json\/wp\/v2\/types\/page"}],"author":[{"embeddable":true,"href":"https:\/\/blogsaverroes.juntadeandalucia.es\/programasinternacionales\/wp-json\/wp\/v2\/users\/3720"}],"replies":[{"embeddable":true,"href":"https:\/\/blogsaverroes.juntadeandalucia.es\/programasinternacionales\/wp-json\/wp\/v2\/comments?post=72"}],"version-history":[{"count":4,"href":"https:\/\/blogsaverroes.juntadeandalucia.es\/programasinternacionales\/wp-json\/wp\/v2\/pages\/72\/revisions"}],"predecessor-version":[{"id":1085,"href":"https:\/\/blogsaverroes.juntadeandalucia.es\/programasinternacionales\/wp-json\/wp\/v2\/pages\/72\/revisions\/1085"}],"wp:attachment":[{"href":"https:\/\/blogsaverroes.juntadeandalucia.es\/programasinternacionales\/wp-json\/wp\/v2\/media?parent=72"}],"curies":[{"name":"wp","href":"https:\/\/api.w.org\/{rel}","templated":true}]}}