{"id":851,"date":"2022-03-21T10:19:54","date_gmt":"2022-03-21T10:19:54","guid":{"rendered":"https:\/\/blogsaverroes.juntadeandalucia.es\/programasinternacionales\/?page_id=851"},"modified":"2023-04-10T10:49:23","modified_gmt":"2023-04-10T10:49:23","slug":"experiencias-erasmus-de-la-provincia-de-granada","status":"publish","type":"page","link":"https:\/\/blogsaverroes.juntadeandalucia.es\/programasinternacionales\/experiencias-erasmus-de-la-provincia-de-granada\/","title":{"rendered":"EXPERIENCIAS ERASMUS+"},"content":{"rendered":"<p>Este espacio re\u00fane experiencias y actividades que van desarrollando los centros biling\u00fces y pluriling\u00fces de la provincia:<\/p>\n<h3 style=\"text-align: center\"><span style=\"color: #0000ff\"><strong>&#8211; IES MIGUEL DE CERVANTES &#8211; <\/strong><\/span><br \/>\n<span style=\"color: #0000ff\"><em>JUSTINA CASTILLO NARRA SU EXPERIENCIA EN IRLANDA<\/em><\/span><a href=\"https:\/\/andaluciatravelsireland.blogspot.com\/\"><br \/>\n<img loading=\"lazy\" decoding=\"async\" class=\"wp-image-853 aligncenter\" src=\"https:\/\/blogsaverroes.juntadeandalucia.es\/programasinternacionales\/files\/2022\/03\/Andalusia-travel-300x62.png\" alt=\"\" width=\"847\" height=\"175\" srcset=\"https:\/\/blogsaverroes.juntadeandalucia.es\/programasinternacionales\/files\/2022\/03\/Andalusia-travel-300x62.png 300w, https:\/\/blogsaverroes.juntadeandalucia.es\/programasinternacionales\/files\/2022\/03\/Andalusia-travel-1024x213.png 1024w, https:\/\/blogsaverroes.juntadeandalucia.es\/programasinternacionales\/files\/2022\/03\/Andalusia-travel-768x160.png 768w, https:\/\/blogsaverroes.juntadeandalucia.es\/programasinternacionales\/files\/2022\/03\/Andalusia-travel-1536x320.png 1536w, https:\/\/blogsaverroes.juntadeandalucia.es\/programasinternacionales\/files\/2022\/03\/Andalusia-travel.png 1600w\" sizes=\"(max-width: 847px) 100vw, 847px\" \/><\/a><\/h3>\n","protected":false},"excerpt":{"rendered":"<p>Este espacio re\u00fane experiencias y actividades que van desarrollando los centros biling\u00fces y pluriling\u00fces de la provincia: &#8211; IES MIGUEL DE CERVANTES &#8211; JUSTINA CASTILLO NARRA SU EXPERIENCIA EN IRLANDA<\/p>\n","protected":false},"author":3720,"featured_media":0,"parent":0,"menu_order":0,"comment_status":"closed","ping_status":"closed","template":"","meta":{"ngg_post_thumbnail":0,"footnotes":""},"aioseo_notices":[],"_links":{"self":[{"href":"https:\/\/blogsaverroes.juntadeandalucia.es\/programasinternacionales\/wp-json\/wp\/v2\/pages\/851"}],"collection":[{"href":"https:\/\/blogsaverroes.juntadeandalucia.es\/programasinternacionales\/wp-json\/wp\/v2\/pages"}],"about":[{"href":"https:\/\/blogsaverroes.juntadeandalucia.es\/programasinternacionales\/wp-json\/wp\/v2\/types\/page"}],"author":[{"embeddable":true,"href":"https:\/\/blogsaverroes.juntadeandalucia.es\/programasinternacionales\/wp-json\/wp\/v2\/users\/3720"}],"replies":[{"embeddable":true,"href":"https:\/\/blogsaverroes.juntadeandalucia.es\/programasinternacionales\/wp-json\/wp\/v2\/comments?post=851"}],"version-history":[{"count":5,"href":"https:\/\/blogsaverroes.juntadeandalucia.es\/programasinternacionales\/wp-json\/wp\/v2\/pages\/851\/revisions"}],"predecessor-version":[{"id":1098,"href":"https:\/\/blogsaverroes.juntadeandalucia.es\/programasinternacionales\/wp-json\/wp\/v2\/pages\/851\/revisions\/1098"}],"wp:attachment":[{"href":"https:\/\/blogsaverroes.juntadeandalucia.es\/programasinternacionales\/wp-json\/wp\/v2\/media?parent=851"}],"curies":[{"name":"wp","href":"https:\/\/api.w.org\/{rel}","templated":true}]}}

<p>Este espacio reúne experiencias y actividades que van desarrollando los centros bilingües y plurilingües de la provincia:</p>
<h3 style="text-align: center"><span style="color: #0000ff"><strong>&#8211; IES MIGUEL DE CERVANTES &#8211; </strong></span><br />
<span style="color: #0000ff"><em>JUSTINA CASTILLO NARRA SU EXPERIENCIA EN IRLANDA</em></span><a href="https://andaluciatravelsireland.blogspot.com/"><br />
<img loading="lazy" decoding="async" class="wp-image-853 aligncenter" src="https://blogsaverroes.juntadeandalucia.es/programasinternacionales/files/2022/03/Andalusia-travel-300x62.png" alt="" width="847" height="175" srcset="https://blogsaverroes.juntadeandalucia.es/programasinternacionales/files/2022/03/Andalusia-travel-300x62.png 300w, https://blogsaverroes.juntadeandalucia.es/programasinternacionales/files/2022/03/Andalusia-travel-1024x213.png 1024w, https://blogsaverroes.juntadeandalucia.es/programasinternacionales/files/2022/03/Andalusia-travel-768x160.png 768w, https://blogsaverroes.juntadeandalucia.es/programasinternacionales/files/2022/03/Andalusia-travel-1536x320.png 1536w, https://blogsaverroes.juntadeandalucia.es/programasinternacionales/files/2022/03/Andalusia-travel.png 1600w" sizes="(max-width: 847px) 100vw, 847px" /></a></h3>

<p>Este espacio reúne experiencias y actividades que van desarrollando los centros bilingües y plurilingües de la provincia: &#8211; IES MIGUEL DE CERVANTES &#8211; JUSTINA CASTILLO NARRA SU EXPERIENCIA EN IRLANDA</p>
