{"id":1026,"date":"2022-03-05T16:24:24","date_gmt":"2022-03-05T16:24:24","guid":{"rendered":"https:\/\/blogsaverroes.juntadeandalucia.es\/proyectomeraky\/?page_id=1026"},"modified":"2022-09-17T18:32:39","modified_gmt":"2022-09-17T18:32:39","slug":"medios-de-comunicacion","status":"publish","type":"page","link":"https:\/\/blogsaverroes.juntadeandalucia.es\/proyectomeraky\/medios-de-comunicacion\/","title":{"rendered":"MEDIOS DE COMUNICACI\u00d3N"},"content":{"rendered":"<p style=\"text-align: justify\">Con el objeto de compartir y visibilizar proyectos, aprendizajes y opiniones personales sobre educaci\u00f3n he podido participar en diferentes medios de comunicaci\u00f3n.<\/p>\n<p style=\"text-align: justify\">Colaboro con una secci\u00f3n de educaci\u00f3n en 101TV M\u00e1laga, en el programa \u00abLleg\u00f3 la Hora\u00bb dirigido por Roberto L\u00f3pez.<\/p>\n<p style=\"text-align: center\"><span style=\"color: #008000\"><a style=\"color: #008000\" title=\"Temporada 2021-2022 en Lleg\u00f3 la Hora.\" href=\"https:\/\/blogsaverroes.juntadeandalucia.es\/proyectomeraky\/2022\/03\/05\/nueva-temporada-en-llego-la-hora\/\">Temporada 2021-2022 en Lleg\u00f3 la Hora.<\/a><\/span><\/p>\n<p style=\"text-align: justify\">Tambi\u00e9n participo en el programa radiof\u00f3nico \u00ab<em>El rinc\u00f3n docente\u00bb<\/em> de Radio Alfaguara en el que dirijo junto a Alberto Romero una secci\u00f3n denominada \u00abFP visible FP de calidad\u00bb donde compartimos entrevistas a docentes y al alumnado de diferentes ciclos formativos, pretendemos visibilizar buenas pr\u00e1cticas y ofrecer informaci\u00f3n sobre la oferta de formaci\u00f3n profesional, proyectos erasmus en formaci\u00f3n profesional o FP dual entre otras tem\u00e1ticas.<\/p>\n<p style=\"text-align: justify\">Adem\u00e1s de estas colaboraciones habituales, en ocasiones tengo la oportunidad de participar en prensa, radio o televisi\u00f3n.&nbsp;<\/p>\n<p><a title=\"Resumen de apariciones y colaboraciones en medios de comunicaci\u00f3n en los cursos 2017\/2018 hasta el 2020\/2021\" href=\"https:\/\/blogsaverroes.juntadeandalucia.es\/proyectomeraky\/2021\/08\/14\/medios-de-comunicacion-visibilizar-la-fp\/\">Resumen de apariciones y colaboraciones en medios de comunicaci\u00f3n en los cursos 2017\/2018 hasta el 2020\/2021<\/a>.&nbsp;<\/p>\n<p style=\"text-align: justify\">Participaci\u00f3n en los medios de comunicaci\u00f3n durante el <em><strong>curso 21\/22<\/strong><\/em>.&nbsp;<\/p>\n<ul>\n<li>Intervenci\u00f3n en <em><strong>Espejo P\u00fablico, Antena 3,<\/strong><\/em> el 28 de diciembre de 2021.<\/li>\n<\/ul>\n<p><iframe loading=\"lazy\" title=\"Intervenci\u00f3n en Espejo P\u00fablico 28 de diciembre\" width=\"525\" height=\"295\" src=\"https:\/\/www.youtube.com\/embed\/QZF39SBGwNI?feature=oembed\" frameborder=\"0\" allow=\"accelerometer; autoplay; clipboard-write; encrypted-media; gyroscope; picture-in-picture\" allowfullscreen><\/iframe><\/p>\n<ul>\n<li>Intervenci\u00f3n en <em><strong>Espejo P\u00fablico, Antena 3, <\/strong><\/em>\u00abEn la FP hay empleo\u00bb.&nbsp; (3\/mayo\/22)<\/li>\n<\/ul>\n<p><iframe loading=\"lazy\" title=\"Hay empleo en la FP. Espejo P\u00fablico Antena 3\" width=\"525\" height=\"295\" src=\"https:\/\/www.youtube.com\/embed\/HsebAy_J__g?feature=oembed\" frameborder=\"0\" allow=\"accelerometer; autoplay; clipboard-write; encrypted-media; gyroscope; picture-in-picture\" allowfullscreen><\/iframe><\/p>\n<ul>\n<li>Intervenci\u00f3n en <em><strong>Espejo P\u00fablico de Antena 3 TV<\/strong><\/em>. \u00abFP gana Terreno\u00bb (07\/junio\/2022)<\/li>\n<\/ul>\n<p><iframe loading=\"lazy\" title=\"La FP gana terreno #espejop\u00fablico  de #antena3\" width=\"525\" height=\"295\" src=\"https:\/\/www.youtube.com\/embed\/GoeAwohMQ5o?feature=oembed\" frameborder=\"0\" allow=\"accelerometer; autoplay; clipboard-write; encrypted-media; gyroscope; picture-in-picture\" allowfullscreen><\/iframe><\/p>\n<ul>\n<li>Entrevista en el programa \u00ab<em><strong>C\u00f3digo 84<\/strong>\u00ab<\/em> de PTV M\u00e1laga.&nbsp;<\/li>\n<\/ul>\n<p><iframe loading=\"lazy\" title=\"Entrevista en &quot;Codigo 84&quot; de PTV M\u00e1laga Patry Santos\" width=\"525\" height=\"295\" src=\"https:\/\/www.youtube.com\/embed\/xPwHJ73aPLY?feature=oembed\" frameborder=\"0\" allow=\"accelerometer; autoplay; clipboard-write; encrypted-media; gyroscope; picture-in-picture\" allowfullscreen title=\"Entrevista en \"Codigo 84\" de PTV M\u00e1laga Patry Santos\"><\/iframe><\/p>\n<ul>\n<li><em><strong>Noticias TVE1.<\/strong><\/em> La FP un itinerario para el talento.<\/li>\n<\/ul>\n<p><iframe loading=\"lazy\" title=\"Soy de FP. Noticias auton\u00f3micas TVE 1.\" width=\"525\" height=\"295\" src=\"https:\/\/www.youtube.com\/embed\/t0YOI_oEU1k?feature=oembed\" frameborder=\"0\" allow=\"accelerometer; autoplay; clipboard-write; encrypted-media; gyroscope; picture-in-picture\" allowfullscreen><\/iframe><\/p>\n<ul>\n<li>Premios Educa a Mejor Docente de Espa\u00f1a 2021:<\/li>\n<\/ul>\n<p><a title=\"La voz de Galicia\" href=\"https:\/\/www.lavozdegalicia.es\/noticia\/santiago\/santiago\/2022\/02\/26\/cien-docentes-comparten-experiencias-exito-alumnado\/0003_202202S26C6991.htm\">La voz de Galicia 26 de febrero 2022<\/a><\/p>\n<p><a href=\"https:\/\/www.diariosur.es\/malaga-capital\/patricia-santos-mejor-profesora-espana-20211220194637-nt.html#vca=eng-leidas&amp;vmc=amp&amp;vso=diariosur&amp;vli=leidas-3\">Diario Sur de M\u00e1laga 3 marzo 2021<\/a><\/p>\n<p><a href=\"https:\/\/www.google.com\/amp\/s\/sevilla.abc.es\/andalucia\/sevi-profesores-andaluces-para-nueva-educativa-202112080824_noticia_amp.html\">ABC. Profesores andaluces<\/a><\/p>\n<ul>\n<li><a href=\"https:\/\/www.diariosur.es\/temas\/generales\/100-malaguenos-de-2021_amp.html\">Los 100 malague\u00f1os del a\u00f1o 2021. Diario Sur<\/a><\/li>\n<li><a href=\"https:\/\/saposyprincesas.elmundo.es\/consejos\/educacion-colegio\/formacion-steam-aulas-mejores-profes-espana\/\">Sapos y Princesas. El Mundo. Potenciar el STEAM<\/a><\/li>\n<\/ul>\n<p>&nbsp;<\/p>\n<p>&nbsp;<\/p>\n","protected":false},"excerpt":{"rendered":"<p>Con el objeto de compartir y visibilizar proyectos, aprendizajes y opiniones personales sobre educaci\u00f3n he podido participar en diferentes medios de comunicaci\u00f3n. Colaboro con una secci\u00f3n de educaci\u00f3n en 101TV M\u00e1laga, en el programa \u00abLleg\u00f3 la Hora\u00bb dirigido por Roberto L\u00f3pez. Temporada 2021-2022 en Lleg\u00f3 la Hora. Tambi\u00e9n participo en el programa radiof\u00f3nico \u00abEl rinc\u00f3n &hellip; <\/p>\n<p class=\"link-more\"><a href=\"https:\/\/blogsaverroes.juntadeandalucia.es\/proyectomeraky\/medios-de-comunicacion\/\" class=\"more-link\">Continuar leyendo<span class=\"screen-reader-text\"> \u00abMEDIOS DE COMUNICACI\u00d3N\u00bb<\/span><\/a><\/p>\n","protected":false},"author":1631,"featured_media":970,"parent":0,"menu_order":0,"comment_status":"closed","ping_status":"closed","template":"","meta":{"ngg_post_thumbnail":0,"footnotes":""},"aioseo_notices":[],"_links":{"self":[{"href":"https:\/\/blogsaverroes.juntadeandalucia.es\/proyectomeraky\/wp-json\/wp\/v2\/pages\/1026"}],"collection":[{"href":"https:\/\/blogsaverroes.juntadeandalucia.es\/proyectomeraky\/wp-json\/wp\/v2\/pages"}],"about":[{"href":"https:\/\/blogsaverroes.juntadeandalucia.es\/proyectomeraky\/wp-json\/wp\/v2\/types\/page"}],"author":[{"embeddable":true,"href":"https:\/\/blogsaverroes.juntadeandalucia.es\/proyectomeraky\/wp-json\/wp\/v2\/users\/1631"}],"replies":[{"embeddable":true,"href":"https:\/\/blogsaverroes.juntadeandalucia.es\/proyectomeraky\/wp-json\/wp\/v2\/comments?post=1026"}],"version-history":[{"count":6,"href":"https:\/\/blogsaverroes.juntadeandalucia.es\/proyectomeraky\/wp-json\/wp\/v2\/pages\/1026\/revisions"}],"predecessor-version":[{"id":1056,"href":"https:\/\/blogsaverroes.juntadeandalucia.es\/proyectomeraky\/wp-json\/wp\/v2\/pages\/1026\/revisions\/1056"}],"wp:featuredmedia":[{"embeddable":true,"href":"https:\/\/blogsaverroes.juntadeandalucia.es\/proyectomeraky\/wp-json\/wp\/v2\/media\/970"}],"wp:attachment":[{"href":"https:\/\/blogsaverroes.juntadeandalucia.es\/proyectomeraky\/wp-json\/wp\/v2\/media?parent=1026"}],"curies":[{"name":"wp","href":"https:\/\/api.w.org\/{rel}","templated":true}]}}