{"id":573,"date":"2020-05-30T15:01:39","date_gmt":"2020-05-30T15:01:39","guid":{"rendered":"https:\/\/blogsaverroes.juntadeandalucia.es\/proyectomeraky\/?page_id=573"},"modified":"2020-10-26T11:47:53","modified_gmt":"2020-10-26T11:47:53","slug":"evaluacion-competencial","status":"publish","type":"page","link":"https:\/\/blogsaverroes.juntadeandalucia.es\/proyectomeraky\/evaluacion-competencial\/","title":{"rendered":"EVALUACI\u00d3N COMPETENCIAL"},"content":{"rendered":"<p style=\"text-align: center\"><span style=\"font-family: impact, sans-serif;font-size: 24pt\"><span style=\"color: #808000\">EVALUACI\u00d3N<\/span> Y <span style=\"color: #800000\">CALIFICACI\u00d3N<\/span> EN EDUCACI\u00d3N<\/span><\/p>\n<p style=\"text-align: justify\">El concepto de evaluaci\u00f3n se viene confundiendo con el de calificaci\u00f3n, pero son dos nociones distintas. Cuando hablamos de <span style=\"color: #808000\"><strong>evaluaci\u00f3n<\/strong> <\/span>nos referimos a un <span style=\"color: #808000\"><strong>proceso<\/strong><\/span> sistem\u00e1tico y planificado de recogida de informaci\u00f3n del proceso de ense\u00f1anza-aprendizaje. Un proceso que nos permite contrastar los resultados que obtenemos y los objetivos que nos hab\u00edamos propuesto.<\/p>\n<p style=\"text-align: justify\">En cambio, la <span style=\"color: #800000\"><strong>calificaci\u00f3n<\/strong><\/span> supone un <span style=\"color: #800000\"><strong>juicio de valor<\/strong><\/span> que emitimos de la actividad y logros, en este caso, del alumnado. Se trata de una \u00ab<em>foto finish<\/em>\u00bb que cuantifica el cumplimiento de los diferentes objetivos de aprendizaje.<\/p>\n<p><span style=\"font-family: impact, sans-serif;font-size: 18pt\">\u00bfQu\u00e9 evaluamos?<\/span><\/p>\n<p style=\"text-align: justify\">Debemos tener claro que en educaci\u00f3n no s\u00f3lo es importante evaluar al alumnado, tambi\u00e9n debemos evaluar la propuesta educativa y el modo de desarrollarla.<\/p>\n<ul>\n<li><strong>EVALUACI\u00d3N <span style=\"color: #800080\">DEL ALUMNADO<\/span><\/strong><\/li>\n<\/ul>\n<p style=\"text-align: justify\">La evaluaci\u00f3n del alumnado ha de ser <strong>formativa<\/strong>, debe generar oportunidades de aprendizaje (Vegara y Hernando, 2015) as\u00ed como permitir al estudiante ser consciente de su progreso permiti\u00e9ndole identificar los logros y los objetivos a alcanzar.<\/p>\n<ul>\n<li><strong>EVALUACI\u00d3N <span style=\"color: #993300\">DE LA PROPUESTA EDUCATIVA<\/span><\/strong><\/li>\n<\/ul>\n<p style=\"text-align: justify\">La evaluaci\u00f3n es esencial para el progreso y el crecimiento. Por ello, no evaluar la propuesta educativa ser\u00eda un error. Nos va a permitir tomar decisiones informadas, reformular estrategias y afianzar otras.<\/p>\n<p><span style=\"font-family: impact, sans-serif;font-size: 18pt\">\u00bfPara qu\u00e9 evaluamos?<\/span><\/p>\n<p style=\"text-align: justify\">La evaluaci\u00f3n nos ofrece un feedback sobre los diferentes niveles de desempe\u00f1o alcanzados y el \u00e9xito de las estrategias que hemos seguido. Es importante que permita obtener una informaci\u00f3n v\u00e1lida y confiable que nos ayude a tomar decisiones sobre los posibles cambios en las estrategias implementadas y que permita reforzar y generar autoconciencia.<\/p>\n<p><span style=\"font-family: impact, sans-serif;font-size: 18pt\">Dise\u00f1ar una evaluaci\u00f3n transformadora..<\/span><\/p>\n<p style=\"text-align: justify\">En la b\u00fasqueda de una evaluaci\u00f3n aut\u00e9ntica debemos tener en cuenta que debe ser una evaluaci\u00f3n formativa, realista, funcional, constructiva y socializadora.<\/p>\n<p>Tenemos que <span style=\"font-size: 14pt\"><strong>tener en cuenta<\/strong><\/span> que:<\/p>\n<ul>\n<li style=\"list-style-type: none\">\n<ul>\n<li style=\"list-style-type: none\">\n<ul>\n<li style=\"text-align: justify\">Los procesos de ense\u00f1anza, aprendizaje y evaluaci\u00f3n son inseparables y deben <strong>ser coherentes.<\/strong><\/li>\n<li style=\"text-align: justify\">Nuestro alumnado va a presentar <strong>diferentes estilos y ritmos<\/strong> de aprendizaje, es por ello necesario ofrecer un dise\u00f1o universal, no s\u00f3lo en la propuesta de ense\u00f1anza aprendizaje sino tambi\u00e9n en la propuesta del modelo, tipos y estrategias de evaluaci\u00f3n.<\/li>\n<li style=\"text-align: justify\">Es importante crear una <strong>l\u00ednea del tiempo<\/strong> que procure el <span style=\"color: #3366ff\">\u201c<strong><span style=\"color: #3366ff\">e<\/span>fecto washback\u201d,<\/strong><\/span> es decir, que nos permita determinar las debilidades y necesidades e identificar las fortalezas para poder incorporar nuevas estrategias.<\/li>\n<li style=\"text-align: justify\">Tambi\u00e9n ser\u00e1 necesario que promueva el aprendizaje dial\u00f3gico y reflexivo que proporcione una <strong>oportunidad para aprender<\/strong>.<\/li>\n<\/ul>\n<\/li>\n<\/ul>\n<\/li>\n<\/ul>\n<p><span style=\"font-family: impact, sans-serif;font-size: 24pt\">PARA SABER M\u00c1S&#8230;<\/span><\/p>\n<p style=\"text-align: justify\">En esta p\u00e1gina pretendo compartir entradas y recursos relacionados con la evaluaci\u00f3n competencial, calificaci\u00f3n y las herramientas e instrumentos que nos permitan la las mismas.<\/p>\n<p><span style=\"color: #666699\"><strong>ENTRADAS:<\/strong><\/span><\/p>\n<p><span style=\"font-family: trebuchet ms, geneva, sans-serif\">PORTAFOLIOS. <\/span><a href=\"https:\/\/blogsaverroes.juntadeandalucia.es\/proyectomeraky\/2020\/06\/06\/elaborar-mi-portafolio\/\" target=\"_blank\" rel=\"noopener noreferrer\"><span style=\"color: #3366ff;font-family: trebuchet ms, geneva, sans-serif\">Elaborar mi portafolio. Instrucciones para el alumnado.<\/span><\/a><\/p>\n<p><span style=\"font-family: tahoma, arial, helvetica, sans-serif\">REFLEXIONES METACOGNITIVAS:&nbsp;<span style=\"color: #0000ff\"><a style=\"color: #0000ff\" href=\"https:\/\/blogsaverroes.juntadeandalucia.es\/proyectomeraky\/2020\/10\/26\/reflexiones-metacognitivas\/\">Reflexiones de aprendizaje<\/a><\/span><\/span><\/p>\n<p style=\"text-align: left\"><strong><span style=\"color: #666699\">OTROS RECURSOS:<\/span><\/strong><\/p>\n<p style=\"text-align: justify\"><strong>Evaluaci\u00f3n competencial online en FP y protecci\u00f3n de datos<\/strong>. Webinar donde tratamos c\u00f3mo dise\u00f1ar actividades evaluables competenciales, repasamos las diferentes aplicaiones y plataformas educactivas con las que podemos evaluar y calificar y por \u00faltimo analizamos qu\u00e9 podemos hacer y qu\u00e9 no seg\u00fan la normativa actual de Protecci\u00f3n de Datos en educaci\u00f3n.<\/p>\n<p><iframe loading=\"lazy\" title=\"Evaluaci\u00f3n competencial online en FP y protecci\u00f3n de datos\" width=\"525\" height=\"295\" src=\"https:\/\/www.youtube.com\/embed\/IcIyQ9jFjTQ?feature=oembed\" frameborder=\"0\" allow=\"accelerometer; autoplay; clipboard-write; encrypted-media; gyroscope; picture-in-picture\" allowfullscreen><\/iframe><\/p>\n","protected":false},"excerpt":{"rendered":"<p>EVALUACI\u00d3N Y CALIFICACI\u00d3N EN EDUCACI\u00d3N El concepto de evaluaci\u00f3n se viene confundiendo con el de calificaci\u00f3n, pero son dos nociones distintas. Cuando hablamos de evaluaci\u00f3n nos referimos a un proceso sistem\u00e1tico y planificado de recogida de informaci\u00f3n del proceso de ense\u00f1anza-aprendizaje. Un proceso que nos permite contrastar los resultados que obtenemos y los objetivos que &hellip; <\/p>\n<p class=\"link-more\"><a href=\"https:\/\/blogsaverroes.juntadeandalucia.es\/proyectomeraky\/evaluacion-competencial\/\" class=\"more-link\">Continuar leyendo<span class=\"screen-reader-text\"> \u00abEVALUACI\u00d3N COMPETENCIAL\u00bb<\/span><\/a><\/p>\n","protected":false},"author":1631,"featured_media":742,"parent":0,"menu_order":0,"comment_status":"closed","ping_status":"closed","template":"","meta":{"ngg_post_thumbnail":0,"footnotes":""},"aioseo_notices":[],"_links":{"self":[{"href":"https:\/\/blogsaverroes.juntadeandalucia.es\/proyectomeraky\/wp-json\/wp\/v2\/pages\/573"}],"collection":[{"href":"https:\/\/blogsaverroes.juntadeandalucia.es\/proyectomeraky\/wp-json\/wp\/v2\/pages"}],"about":[{"href":"https:\/\/blogsaverroes.juntadeandalucia.es\/proyectomeraky\/wp-json\/wp\/v2\/types\/page"}],"author":[{"embeddable":true,"href":"https:\/\/blogsaverroes.juntadeandalucia.es\/proyectomeraky\/wp-json\/wp\/v2\/users\/1631"}],"replies":[{"embeddable":true,"href":"https:\/\/blogsaverroes.juntadeandalucia.es\/proyectomeraky\/wp-json\/wp\/v2\/comments?post=573"}],"version-history":[{"count":15,"href":"https:\/\/blogsaverroes.juntadeandalucia.es\/proyectomeraky\/wp-json\/wp\/v2\/pages\/573\/revisions"}],"predecessor-version":[{"id":873,"href":"https:\/\/blogsaverroes.juntadeandalucia.es\/proyectomeraky\/wp-json\/wp\/v2\/pages\/573\/revisions\/873"}],"wp:featuredmedia":[{"embeddable":true,"href":"https:\/\/blogsaverroes.juntadeandalucia.es\/proyectomeraky\/wp-json\/wp\/v2\/media\/742"}],"wp:attachment":[{"href":"https:\/\/blogsaverroes.juntadeandalucia.es\/proyectomeraky\/wp-json\/wp\/v2\/media?parent=573"}],"curies":[{"name":"wp","href":"https:\/\/api.w.org\/{rel}","templated":true}]}}

EVALUACIÓN COMPETENCIAL

<p style="text-align: center"><span style="font-family: impact, sans-serif;font-size: 24pt"><span style="color: #808000">EVALUACIÓN</span> Y <span style="color: #800000">CALIFICACIÓN</span> EN EDUCACIÓN</span></p>
<p style="text-align: justify">El concepto de evaluación se viene confundiendo con el de calificación, pero son dos nociones distintas. Cuando hablamos de <span style="color: #808000"><strong>evaluación</strong> </span>nos referimos a un <span style="color: #808000"><strong>proceso</strong></span> sistemático y planificado de recogida de información del proceso de enseñanza-aprendizaje. Un proceso que nos permite contrastar los resultados que obtenemos y los objetivos que nos habíamos propuesto.</p>
<p style="text-align: justify">En cambio, la <span style="color: #800000"><strong>calificación</strong></span> supone un <span style="color: #800000"><strong>juicio de valor</strong></span> que emitimos de la actividad y logros, en este caso, del alumnado. Se trata de una «<em>foto finish</em>» que cuantifica el cumplimiento de los diferentes objetivos de aprendizaje.</p>
<p><span style="font-family: impact, sans-serif;font-size: 18pt">¿Qué evaluamos?</span></p>
<p style="text-align: justify">Debemos tener claro que en educación no sólo es importante evaluar al alumnado, también debemos evaluar la propuesta educativa y el modo de desarrollarla.</p>
<ul>
<li><strong>EVALUACIÓN <span style="color: #800080">DEL ALUMNADO</span></strong></li>
</ul>
<p style="text-align: justify">La evaluación del alumnado ha de ser <strong>formativa</strong>, debe generar oportunidades de aprendizaje (Vegara y Hernando, 2015) así como permitir al estudiante ser consciente de su progreso permitiéndole identificar los logros y los objetivos a alcanzar.</p>
<ul>
<li><strong>EVALUACIÓN <span style="color: #993300">DE LA PROPUESTA EDUCATIVA</span></strong></li>
</ul>
<p style="text-align: justify">La evaluación es esencial para el progreso y el crecimiento. Por ello, no evaluar la propuesta educativa sería un error. Nos va a permitir tomar decisiones informadas, reformular estrategias y afianzar otras.</p>
<p><span style="font-family: impact, sans-serif;font-size: 18pt">¿Para qué evaluamos?</span></p>
<p style="text-align: justify">La evaluación nos ofrece un feedback sobre los diferentes niveles de desempeño alcanzados y el éxito de las estrategias que hemos seguido. Es importante que permita obtener una información válida y confiable que nos ayude a tomar decisiones sobre los posibles cambios en las estrategias implementadas y que permita reforzar y generar autoconciencia.</p>
<p><span style="font-family: impact, sans-serif;font-size: 18pt">Diseñar una evaluación transformadora..</span></p>
<p style="text-align: justify">En la búsqueda de una evaluación auténtica debemos tener en cuenta que debe ser una evaluación formativa, realista, funcional, constructiva y socializadora.</p>
<p>Tenemos que <span style="font-size: 14pt"><strong>tener en cuenta</strong></span> que:</p>
<ul>
<li style="list-style-type: none">
<ul>
<li style="list-style-type: none">
<ul>
<li style="text-align: justify">Los procesos de enseñanza, aprendizaje y evaluación son inseparables y deben <strong>ser coherentes.</strong></li>
<li style="text-align: justify">Nuestro alumnado va a presentar <strong>diferentes estilos y ritmos</strong> de aprendizaje, es por ello necesario ofrecer un diseño universal, no sólo en la propuesta de enseñanza aprendizaje sino también en la propuesta del modelo, tipos y estrategias de evaluación.</li>
<li style="text-align: justify">Es importante crear una <strong>línea del tiempo</strong> que procure el <span style="color: #3366ff">“<strong><span style="color: #3366ff">e</span>fecto washback”,</strong></span> es decir, que nos permita determinar las debilidades y necesidades e identificar las fortalezas para poder incorporar nuevas estrategias.</li>
<li style="text-align: justify">También será necesario que promueva el aprendizaje dialógico y reflexivo que proporcione una <strong>oportunidad para aprender</strong>.</li>
</ul>
</li>
</ul>
</li>
</ul>
<p><span style="font-family: impact, sans-serif;font-size: 24pt">PARA SABER MÁS&#8230;</span></p>
<p style="text-align: justify">En esta página pretendo compartir entradas y recursos relacionados con la evaluación competencial, calificación y las herramientas e instrumentos que nos permitan la las mismas.</p>
<p><span style="color: #666699"><strong>ENTRADAS:</strong></span></p>
<p><span style="font-family: trebuchet ms, geneva, sans-serif">PORTAFOLIOS. </span><a href="https://blogsaverroes.juntadeandalucia.es/proyectomeraky/2020/06/06/elaborar-mi-portafolio/" target="_blank" rel="noopener noreferrer"><span style="color: #3366ff;font-family: trebuchet ms, geneva, sans-serif">Elaborar mi portafolio. Instrucciones para el alumnado.</span></a></p>
<p><span style="font-family: tahoma, arial, helvetica, sans-serif">REFLEXIONES METACOGNITIVAS:&nbsp;<span style="color: #0000ff"><a style="color: #0000ff" href="https://blogsaverroes.juntadeandalucia.es/proyectomeraky/2020/10/26/reflexiones-metacognitivas/">Reflexiones de aprendizaje</a></span></span></p>
<p style="text-align: left"><strong><span style="color: #666699">OTROS RECURSOS:</span></strong></p>
<p style="text-align: justify"><strong>Evaluación competencial online en FP y protección de datos</strong>. Webinar donde tratamos cómo diseñar actividades evaluables competenciales, repasamos las diferentes aplicaiones y plataformas educactivas con las que podemos evaluar y calificar y por último analizamos qué podemos hacer y qué no según la normativa actual de Protección de Datos en educación.</p>
<p><iframe loading="lazy" title="Evaluación competencial online en FP y protección de datos" width="525" height="295" src="https://www.youtube.com/embed/IcIyQ9jFjTQ?feature=oembed" frameborder="0" allow="accelerometer; autoplay; clipboard-write; encrypted-media; gyroscope; picture-in-picture" allowfullscreen></iframe></p>

<p>EVALUACIÓN Y CALIFICACIÓN EN EDUCACIÓN El concepto de evaluación se viene confundiendo con el de calificación, pero son dos nociones distintas. Cuando hablamos de evaluación nos referimos a un proceso sistemático y planificado de recogida de información del proceso de enseñanza-aprendizaje. Un proceso que nos permite contrastar los resultados que obtenemos y los objetivos que &hellip; </p>
<p class="link-more"><a href="https://blogsaverroes.juntadeandalucia.es/proyectomeraky/evaluacion-competencial/" class="more-link">Continuar leyendo<span class="screen-reader-text"> «EVALUACIÓN COMPETENCIAL»</span></a></p>
