{"id":2,"date":"2023-10-26T06:27:46","date_gmt":"2023-10-26T06:27:46","guid":{"rendered":"https:\/\/blogsaverroes.juntadeandalucia.es\/proyectoseuropeoscepma1\/?page_id=2"},"modified":"2026-04-20T18:36:49","modified_gmt":"2026-04-20T16:36:49","slug":"ka121-csic-erasmus","status":"publish","type":"page","link":"https:\/\/blogsaverroes.juntadeandalucia.es\/proyectoseuropeoscepma1\/ka121-csic-erasmus\/","title":{"rendered":"KA121 | CSIC &#8211; ERASMUS"},"content":{"rendered":"<p>El proyecto <em>KA121-SCH \u2013 Accredited projects for mobility of learners and staff in school education<\/em>, desarrollado en el marco del programa \u201cCSIC en la Escuela\u201d, se inscribe dentro de las actuaciones del CEP de M\u00e1laga orientadas a la internacionalizaci\u00f3n educativa y a la mejora de la formaci\u00f3n permanente del profesorado. Coordinado por el Consejo Superior de Investigaciones Cient\u00edficas (CSIC), este proyecto de acreditaci\u00f3n Erasmus+ promueve la cooperaci\u00f3n entre centros educativos y redes docentes a nivel europeo, con el fin de impulsar una ense\u00f1anza de la ciencia basada en la indagaci\u00f3n, la inclusi\u00f3n y la innovaci\u00f3n metodol\u00f3gica.<\/p>\n<p>A trav\u00e9s de este proyecto acreditado, se facilita la participaci\u00f3n del profesorado en movilidades internacionales \u2014principalmente mediante actividades de aprendizaje por observaci\u00f3n (job shadowing) y acciones formativas en contextos educativos europeos\u2014 que contribuyen al desarrollo de competencias profesionales, digitales y ling\u00fc\u00edsticas. Asimismo, los centros participantes asumen el compromiso de garantizar la transferencia de los aprendizajes adquiridos al conjunto de la comunidad educativa, favoreciendo su incorporaci\u00f3n a los planes de actuaci\u00f3n y a la pr\u00e1ctica docente habitual. Esta actuaci\u00f3n, financiada por la Comisi\u00f3n Europea, refuerza el papel del CEP de M\u00e1laga como agente clave en la dinamizaci\u00f3n de proyectos europeos, la innovaci\u00f3n educativa y la mejora continua de la calidad del sistema educativo andaluz.<\/p>\n<table style=\"border-collapse: collapse;width: 100%\">\n<tbody>\n<tr>\n<td style=\"width: 25%\"><img loading=\"lazy\" decoding=\"async\" class=\"aligncenter size-full wp-image-26\" src=\"https:\/\/blogsaverroes.juntadeandalucia.es\/proyectoseuropeoscepma1\/files\/2024\/01\/es_cofinanciado_por_la_union_europea_pos-1-2.png\" alt=\"\" width=\"8493\" height=\"1780\" srcset=\"https:\/\/blogsaverroes.juntadeandalucia.es\/proyectoseuropeoscepma1\/files\/2024\/01\/es_cofinanciado_por_la_union_europea_pos-1-2.png 8493w, https:\/\/blogsaverroes.juntadeandalucia.es\/proyectoseuropeoscepma1\/files\/2024\/01\/es_cofinanciado_por_la_union_europea_pos-1-2-300x63.png 300w, https:\/\/blogsaverroes.juntadeandalucia.es\/proyectoseuropeoscepma1\/files\/2024\/01\/es_cofinanciado_por_la_union_europea_pos-1-2-1024x215.png 1024w, https:\/\/blogsaverroes.juntadeandalucia.es\/proyectoseuropeoscepma1\/files\/2024\/01\/es_cofinanciado_por_la_union_europea_pos-1-2-768x161.png 768w, https:\/\/blogsaverroes.juntadeandalucia.es\/proyectoseuropeoscepma1\/files\/2024\/01\/es_cofinanciado_por_la_union_europea_pos-1-2-1536x322.png 1536w, https:\/\/blogsaverroes.juntadeandalucia.es\/proyectoseuropeoscepma1\/files\/2024\/01\/es_cofinanciado_por_la_union_europea_pos-1-2-2048x429.png 2048w, https:\/\/blogsaverroes.juntadeandalucia.es\/proyectoseuropeoscepma1\/files\/2024\/01\/es_cofinanciado_por_la_union_europea_pos-1-2-700x147.png 700w, https:\/\/blogsaverroes.juntadeandalucia.es\/proyectoseuropeoscepma1\/files\/2024\/01\/es_cofinanciado_por_la_union_europea_pos-1-2-332x70.png 332w\" sizes=\"(max-width: 8493px) 100vw, 8493px\" \/><\/td>\n<td style=\"width: 25%\"><img loading=\"lazy\" decoding=\"async\" class=\"aligncenter size-full wp-image-21\" src=\"https:\/\/blogsaverroes.juntadeandalucia.es\/proyectoseuropeoscepma1\/files\/2024\/01\/download.png\" alt=\"\" width=\"404\" height=\"125\" srcset=\"https:\/\/blogsaverroes.juntadeandalucia.es\/proyectoseuropeoscepma1\/files\/2024\/01\/download.png 404w, https:\/\/blogsaverroes.juntadeandalucia.es\/proyectoseuropeoscepma1\/files\/2024\/01\/download-300x93.png 300w, https:\/\/blogsaverroes.juntadeandalucia.es\/proyectoseuropeoscepma1\/files\/2024\/01\/download-332x103.png 332w\" sizes=\"(max-width: 404px) 100vw, 404px\" \/><\/td>\n<td style=\"width: 25%\"><img loading=\"lazy\" decoding=\"async\" class=\"aligncenter size-full wp-image-19\" src=\"https:\/\/blogsaverroes.juntadeandalucia.es\/proyectoseuropeoscepma1\/files\/2024\/01\/noname-2.png\" alt=\"\" width=\"195\" height=\"48\"><\/td>\n<td style=\"width: 25%\"><img loading=\"lazy\" decoding=\"async\" class=\"aligncenter size-full wp-image-18\" src=\"https:\/\/blogsaverroes.juntadeandalucia.es\/proyectoseuropeoscepma1\/files\/2024\/01\/LOGO-CSIC-ESCUELA-VAC4-2.jpg\" alt=\"\" width=\"1149\" height=\"232\" srcset=\"https:\/\/blogsaverroes.juntadeandalucia.es\/proyectoseuropeoscepma1\/files\/2024\/01\/LOGO-CSIC-ESCUELA-VAC4-2.jpg 1149w, https:\/\/blogsaverroes.juntadeandalucia.es\/proyectoseuropeoscepma1\/files\/2024\/01\/LOGO-CSIC-ESCUELA-VAC4-2-300x61.jpg 300w, https:\/\/blogsaverroes.juntadeandalucia.es\/proyectoseuropeoscepma1\/files\/2024\/01\/LOGO-CSIC-ESCUELA-VAC4-2-1024x207.jpg 1024w, https:\/\/blogsaverroes.juntadeandalucia.es\/proyectoseuropeoscepma1\/files\/2024\/01\/LOGO-CSIC-ESCUELA-VAC4-2-768x155.jpg 768w, https:\/\/blogsaverroes.juntadeandalucia.es\/proyectoseuropeoscepma1\/files\/2024\/01\/LOGO-CSIC-ESCUELA-VAC4-2-700x141.jpg 700w, https:\/\/blogsaverroes.juntadeandalucia.es\/proyectoseuropeoscepma1\/files\/2024\/01\/LOGO-CSIC-ESCUELA-VAC4-2-332x67.jpg 332w\" sizes=\"(max-width: 1149px) 100vw, 1149px\" \/><\/td>\n<\/tr>\n<\/tbody>\n<\/table>\n","protected":false},"excerpt":{"rendered":"<p>El proyecto KA121-SCH \u2013 Accredited projects for mobility of learners and staff in school education, desarrollado en el marco del programa \u201cCSIC en la Escuela\u201d, se inscribe dentro de las actuaciones del CEP de&#46;&#46;&#46;<\/p>\n","protected":false},"author":3555,"featured_media":0,"parent":0,"menu_order":40,"comment_status":"closed","ping_status":"closed","template":"","meta":{"ngg_post_thumbnail":0,"footnotes":""},"aioseo_notices":[],"_links":{"self":[{"href":"https:\/\/blogsaverroes.juntadeandalucia.es\/proyectoseuropeoscepma1\/wp-json\/wp\/v2\/pages\/2"}],"collection":[{"href":"https:\/\/blogsaverroes.juntadeandalucia.es\/proyectoseuropeoscepma1\/wp-json\/wp\/v2\/pages"}],"about":[{"href":"https:\/\/blogsaverroes.juntadeandalucia.es\/proyectoseuropeoscepma1\/wp-json\/wp\/v2\/types\/page"}],"author":[{"embeddable":true,"href":"https:\/\/blogsaverroes.juntadeandalucia.es\/proyectoseuropeoscepma1\/wp-json\/wp\/v2\/users\/3555"}],"replies":[{"embeddable":true,"href":"https:\/\/blogsaverroes.juntadeandalucia.es\/proyectoseuropeoscepma1\/wp-json\/wp\/v2\/comments?post=2"}],"version-history":[{"count":22,"href":"https:\/\/blogsaverroes.juntadeandalucia.es\/proyectoseuropeoscepma1\/wp-json\/wp\/v2\/pages\/2\/revisions"}],"predecessor-version":[{"id":17,"href":"https:\/\/blogsaverroes.juntadeandalucia.es\/proyectoseuropeoscepma1\/wp-json\/wp\/v2\/pages\/2\/revisions\/17"}],"wp:attachment":[{"href":"https:\/\/blogsaverroes.juntadeandalucia.es\/proyectoseuropeoscepma1\/wp-json\/wp\/v2\/media?parent=2"}],"curies":[{"name":"wp","href":"https:\/\/api.w.org\/{rel}","templated":true}]}}