{"id":14,"date":"2020-11-29T16:27:59","date_gmt":"2020-11-29T16:27:59","guid":{"rendered":"https:\/\/blogsaverroes.juntadeandalucia.es\/proyectovypinclusivo\/?page_id=14"},"modified":"2021-04-28T11:58:11","modified_gmt":"2021-04-28T11:58:11","slug":"educacion","status":"publish","type":"page","link":"https:\/\/blogsaverroes.juntadeandalucia.es\/proyectovypinclusivo\/educacion\/","title":{"rendered":"Educaci\u00f3n"},"content":{"rendered":"<p style=\"text-align: justify\"><span style=\"color: #808080\">En este \u00e1rea podemos encontrar las opciones y posibilidades que plantea el \u00e1mbito educativo, en relaci\u00f3n a la promoci\u00f3n y titulaci\u00f3n en las ense\u00f1anzas obligatorias para todo el alumnado, las alternativas dentro de las ense\u00f1anzas obligatorias y opciones no obligatorias y\/o postobligatorias. Adem\u00e1s se recogen las medidas para la inclusi\u00f3n de todo el alumnado en las diferentes ense\u00f1anzas postobligatorias.<\/span><\/p>\n","protected":false},"excerpt":{"rendered":"<p>En este \u00e1rea podemos encontrar las opciones y posibilidades que plantea el \u00e1mbito educativo, en relaci\u00f3n a la promoci\u00f3n y titulaci\u00f3n en las ense\u00f1anzas obligatorias para todo el alumnado, las alternativas dentro de las ense\u00f1anzas obligatorias y opciones no obligatorias y\/o postobligatorias. Adem\u00e1s se recogen las medidas para la inclusi\u00f3n de todo el alumnado en &hellip; <a href=\"https:\/\/blogsaverroes.juntadeandalucia.es\/proyectovypinclusivo\/educacion\/\" class=\"more-link\">Seguir leyendo <span class=\"screen-reader-text\">Educaci\u00f3n<\/span> <span class=\"meta-nav\">&rarr;<\/span><\/a><\/p>\n","protected":false},"author":11645,"featured_media":604,"parent":0,"menu_order":0,"comment_status":"closed","ping_status":"closed","template":"","meta":{"ngg_post_thumbnail":0,"footnotes":""},"aioseo_notices":[],"_links":{"self":[{"href":"https:\/\/blogsaverroes.juntadeandalucia.es\/proyectovypinclusivo\/wp-json\/wp\/v2\/pages\/14"}],"collection":[{"href":"https:\/\/blogsaverroes.juntadeandalucia.es\/proyectovypinclusivo\/wp-json\/wp\/v2\/pages"}],"about":[{"href":"https:\/\/blogsaverroes.juntadeandalucia.es\/proyectovypinclusivo\/wp-json\/wp\/v2\/types\/page"}],"author":[{"embeddable":true,"href":"https:\/\/blogsaverroes.juntadeandalucia.es\/proyectovypinclusivo\/wp-json\/wp\/v2\/users\/11645"}],"replies":[{"embeddable":true,"href":"https:\/\/blogsaverroes.juntadeandalucia.es\/proyectovypinclusivo\/wp-json\/wp\/v2\/comments?post=14"}],"version-history":[{"count":5,"href":"https:\/\/blogsaverroes.juntadeandalucia.es\/proyectovypinclusivo\/wp-json\/wp\/v2\/pages\/14\/revisions"}],"predecessor-version":[{"id":747,"href":"https:\/\/blogsaverroes.juntadeandalucia.es\/proyectovypinclusivo\/wp-json\/wp\/v2\/pages\/14\/revisions\/747"}],"wp:featuredmedia":[{"embeddable":true,"href":"https:\/\/blogsaverroes.juntadeandalucia.es\/proyectovypinclusivo\/wp-json\/wp\/v2\/media\/604"}],"wp:attachment":[{"href":"https:\/\/blogsaverroes.juntadeandalucia.es\/proyectovypinclusivo\/wp-json\/wp\/v2\/media?parent=14"}],"curies":[{"name":"wp","href":"https:\/\/api.w.org\/{rel}","templated":true}]}}

Educación

<p style="text-align: justify"><span style="color: #808080">En este área podemos encontrar las opciones y posibilidades que plantea el ámbito educativo, en relación a la promoción y titulación en las enseñanzas obligatorias para todo el alumnado, las alternativas dentro de las enseñanzas obligatorias y opciones no obligatorias y/o postobligatorias. Además se recogen las medidas para la inclusión de todo el alumnado en las diferentes enseñanzas postobligatorias.</span></p>

<p>En este área podemos encontrar las opciones y posibilidades que plantea el ámbito educativo, en relación a la promoción y titulación en las enseñanzas obligatorias para todo el alumnado, las alternativas dentro de las enseñanzas obligatorias y opciones no obligatorias y/o postobligatorias. Además se recogen las medidas para la inclusión de todo el alumnado en &hellip; <a href="https://blogsaverroes.juntadeandalucia.es/proyectovypinclusivo/educacion/" class="more-link">Seguir leyendo <span class="screen-reader-text">Educación</span> <span class="meta-nav">&rarr;</span></a></p>
