{"id":18,"date":"2020-11-29T16:28:30","date_gmt":"2020-11-29T16:28:30","guid":{"rendered":"https:\/\/blogsaverroes.juntadeandalucia.es\/proyectovypinclusivo\/?page_id=18"},"modified":"2021-04-28T21:57:09","modified_gmt":"2021-04-28T21:57:09","slug":"empleo","status":"publish","type":"page","link":"https:\/\/blogsaverroes.juntadeandalucia.es\/proyectovypinclusivo\/empleo\/","title":{"rendered":"Empleo"},"content":{"rendered":"<p style=\"text-align: justify\"><span style=\"color: #808080\">La obtenci\u00f3n de un empleo como colof\u00f3n al dise\u00f1o del proyecto profesional es de gran importancia para satisfacer las necesidades vocacionales, econ\u00f3micas y psicosociales de todas las personas y su interrelaci\u00f3n con todas las \u00e1reas de la vida.<\/span><\/p>\n<p style=\"text-align: justify\"><span style=\"color: #808080\">En este apartado de Empleo os ofrecemos todos los recursos y herramientas disponibles en este \u00e1mbito para la construcci\u00f3n de un futuro que motive y haga feliz a nuestro alumnado como uno de los objetivos principales en el dise\u00f1o del Proyecto VYP Inclusivo.<\/span><\/p>\n","protected":false},"excerpt":{"rendered":"<p>La obtenci\u00f3n de un empleo como colof\u00f3n al dise\u00f1o del proyecto profesional es de gran importancia para satisfacer las necesidades vocacionales, econ\u00f3micas y psicosociales de todas las personas y su interrelaci\u00f3n con todas las \u00e1reas de la vida. En este apartado de Empleo os ofrecemos todos los recursos y herramientas disponibles en este \u00e1mbito para &hellip; <a href=\"https:\/\/blogsaverroes.juntadeandalucia.es\/proyectovypinclusivo\/empleo\/\" class=\"more-link\">Seguir leyendo <span class=\"screen-reader-text\">Empleo<\/span> <span class=\"meta-nav\">&rarr;<\/span><\/a><\/p>\n","protected":false},"author":11645,"featured_media":466,"parent":0,"menu_order":0,"comment_status":"closed","ping_status":"closed","template":"","meta":{"ngg_post_thumbnail":0,"footnotes":""},"aioseo_notices":[],"_links":{"self":[{"href":"https:\/\/blogsaverroes.juntadeandalucia.es\/proyectovypinclusivo\/wp-json\/wp\/v2\/pages\/18"}],"collection":[{"href":"https:\/\/blogsaverroes.juntadeandalucia.es\/proyectovypinclusivo\/wp-json\/wp\/v2\/pages"}],"about":[{"href":"https:\/\/blogsaverroes.juntadeandalucia.es\/proyectovypinclusivo\/wp-json\/wp\/v2\/types\/page"}],"author":[{"embeddable":true,"href":"https:\/\/blogsaverroes.juntadeandalucia.es\/proyectovypinclusivo\/wp-json\/wp\/v2\/users\/11645"}],"replies":[{"embeddable":true,"href":"https:\/\/blogsaverroes.juntadeandalucia.es\/proyectovypinclusivo\/wp-json\/wp\/v2\/comments?post=18"}],"version-history":[{"count":5,"href":"https:\/\/blogsaverroes.juntadeandalucia.es\/proyectovypinclusivo\/wp-json\/wp\/v2\/pages\/18\/revisions"}],"predecessor-version":[{"id":758,"href":"https:\/\/blogsaverroes.juntadeandalucia.es\/proyectovypinclusivo\/wp-json\/wp\/v2\/pages\/18\/revisions\/758"}],"wp:featuredmedia":[{"embeddable":true,"href":"https:\/\/blogsaverroes.juntadeandalucia.es\/proyectovypinclusivo\/wp-json\/wp\/v2\/media\/466"}],"wp:attachment":[{"href":"https:\/\/blogsaverroes.juntadeandalucia.es\/proyectovypinclusivo\/wp-json\/wp\/v2\/media?parent=18"}],"curies":[{"name":"wp","href":"https:\/\/api.w.org\/{rel}","templated":true}]}}