{"id":453,"date":"2021-02-12T11:41:26","date_gmt":"2021-02-12T11:41:26","guid":{"rendered":"https:\/\/blogsaverroes.juntadeandalucia.es\/proyectovypinclusivo\/?page_id=453"},"modified":"2021-02-12T12:31:24","modified_gmt":"2021-02-12T12:31:24","slug":"carnes-profesionales","status":"publish","type":"page","link":"https:\/\/blogsaverroes.juntadeandalucia.es\/proyectovypinclusivo\/carnes-profesionales\/","title":{"rendered":"Carn\u00e9s Profesionales"},"content":{"rendered":"<p style=\"text-align: justify\"><span style=\"font-weight: 400\">El ejercicio profesional de algunas actividades requiere de un carn\u00e9 <\/span><span style=\"font-weight: 400\">profesional<\/span><span style=\"font-weight: 400\"> o habilitaci\u00f3n que acredite que se poseen los conocimientos y experiencia adecuados para llevarlas a cabo. Adem\u00e1s, el desarrollo de una actividad profesional exige estar en posesi\u00f3n de una serie de competencias t\u00e9cnicas de car\u00e1cter te\u00f3rico y pr\u00e1ctico que han de demostrarse por medio de una o varias v\u00edas.<\/span><\/p>\n<p>M\u00e1s informaci\u00f3n<\/p>\n<p><a href=\"https:\/\/juntadeandalucia.es\/temas\/trabajar\/formacion\/carnes.html\">https:\/\/juntadeandalucia.es\/temas\/trabajar\/formacion\/carnes.html<\/a><\/p>\n","protected":false},"excerpt":{"rendered":"<p>El ejercicio profesional de algunas actividades requiere de un carn\u00e9 profesional o habilitaci\u00f3n que acredite que se poseen los conocimientos y experiencia adecuados para llevarlas a cabo. Adem\u00e1s, el desarrollo de una actividad profesional exige estar en posesi\u00f3n de una serie de competencias t\u00e9cnicas de car\u00e1cter te\u00f3rico y pr\u00e1ctico que han de demostrarse por medio &hellip; <a href=\"https:\/\/blogsaverroes.juntadeandalucia.es\/proyectovypinclusivo\/carnes-profesionales\/\" class=\"more-link\">Seguir leyendo <span class=\"screen-reader-text\">Carn\u00e9s Profesionales<\/span> <span class=\"meta-nav\">&rarr;<\/span><\/a><\/p>\n","protected":false},"author":11645,"featured_media":466,"parent":0,"menu_order":0,"comment_status":"closed","ping_status":"closed","template":"","meta":{"ngg_post_thumbnail":0,"footnotes":""},"aioseo_notices":[],"_links":{"self":[{"href":"https:\/\/blogsaverroes.juntadeandalucia.es\/proyectovypinclusivo\/wp-json\/wp\/v2\/pages\/453"}],"collection":[{"href":"https:\/\/blogsaverroes.juntadeandalucia.es\/proyectovypinclusivo\/wp-json\/wp\/v2\/pages"}],"about":[{"href":"https:\/\/blogsaverroes.juntadeandalucia.es\/proyectovypinclusivo\/wp-json\/wp\/v2\/types\/page"}],"author":[{"embeddable":true,"href":"https:\/\/blogsaverroes.juntadeandalucia.es\/proyectovypinclusivo\/wp-json\/wp\/v2\/users\/11645"}],"replies":[{"embeddable":true,"href":"https:\/\/blogsaverroes.juntadeandalucia.es\/proyectovypinclusivo\/wp-json\/wp\/v2\/comments?post=453"}],"version-history":[{"count":2,"href":"https:\/\/blogsaverroes.juntadeandalucia.es\/proyectovypinclusivo\/wp-json\/wp\/v2\/pages\/453\/revisions"}],"predecessor-version":[{"id":949,"href":"https:\/\/blogsaverroes.juntadeandalucia.es\/proyectovypinclusivo\/wp-json\/wp\/v2\/pages\/453\/revisions\/949"}],"wp:featuredmedia":[{"embeddable":true,"href":"https:\/\/blogsaverroes.juntadeandalucia.es\/proyectovypinclusivo\/wp-json\/wp\/v2\/media\/466"}],"wp:attachment":[{"href":"https:\/\/blogsaverroes.juntadeandalucia.es\/proyectovypinclusivo\/wp-json\/wp\/v2\/media?parent=453"}],"curies":[{"name":"wp","href":"https:\/\/api.w.org\/{rel}","templated":true}]}}

Carnés Profesionales

<p style="text-align: justify"><span style="font-weight: 400">El ejercicio profesional de algunas actividades requiere de un carné </span><span style="font-weight: 400">profesional</span><span style="font-weight: 400"> o habilitación que acredite que se poseen los conocimientos y experiencia adecuados para llevarlas a cabo. Además, el desarrollo de una actividad profesional exige estar en posesión de una serie de competencias técnicas de carácter teórico y práctico que han de demostrarse por medio de una o varias vías.</span></p>
<p>Más información</p>
<p><a href="https://juntadeandalucia.es/temas/trabajar/formacion/carnes.html">https://juntadeandalucia.es/temas/trabajar/formacion/carnes.html</a></p>

<p>El ejercicio profesional de algunas actividades requiere de un carné profesional o habilitación que acredite que se poseen los conocimientos y experiencia adecuados para llevarlas a cabo. Además, el desarrollo de una actividad profesional exige estar en posesión de una serie de competencias técnicas de carácter teórico y práctico que han de demostrarse por medio &hellip; <a href="https://blogsaverroes.juntadeandalucia.es/proyectovypinclusivo/carnes-profesionales/" class="more-link">Seguir leyendo <span class="screen-reader-text">Carnés Profesionales</span> <span class="meta-nav">&rarr;</span></a></p>
