{"id":154,"date":"2019-12-03T16:46:16","date_gmt":"2019-12-03T15:46:16","guid":{"rendered":"https:\/\/blogsaverroes.juntadeandalucia.es\/puertaaxarquia\/?page_id=154"},"modified":"2019-12-03T17:07:41","modified_gmt":"2019-12-03T16:07:41","slug":"datos","status":"publish","type":"page","link":"https:\/\/blogsaverroes.juntadeandalucia.es\/puertaaxarquia\/datos\/","title":{"rendered":"Datos"},"content":{"rendered":"<header class=\"entry-header\">\n<p class=\"entry-title\" style=\"padding-left: 40px\"><span style=\"font-size: 18pt;font-family: georgia, palatino, serif\"><strong>HORARIO<\/strong><\/span><\/p>\n<\/header>\n<div class=\"entry-content clearfix\" style=\"padding-left: 40px\">\n<p><span style=\"font-family: georgia, palatino, serif;font-size: 18pt\">De 8:15 a 14:45<\/span><\/p>\n<p><span style=\"font-size: 18pt\"><strong><span style=\"font-family: georgia, palatino, serif\">TEL\u00c9FONO DE CONTACTO<\/span><\/strong><\/span><\/p>\n<p><span style=\"font-family: georgia, palatino, serif;font-size: 18pt\">Tel\u00e9fono: 951 29 83 22<\/span><\/p>\n<p><span style=\"font-family: georgia, palatino, serif;font-size: 18pt\"><strong>C\u00d3DIGO DEL CENTRO<\/strong><\/span><\/p>\n<p><span style=\"font-family: georgia, palatino, serif;font-size: 18pt\">29002733<\/span><\/p>\n<p><span style=\"font-size: 18pt\"><strong>CORREO ELECTR\u00d3NICO<\/strong><\/span><\/p>\n<p><span style=\"font-size: 18pt\">29002733.edu@juntadeandalucia.com<\/span><\/p>\n<p><span style=\"font-size: 18pt\"><strong>DIRECCI\u00d3N POSTAL<\/strong><\/span><\/p>\n<p><span style=\"font-size: 18pt\">I.E.S. Puerta de la Axarqu\u00eda<\/span><\/p>\n<p><span style=\"font-size: 18pt\">Paseo de Filipinas, n\u00ba 2<\/span><\/p>\n<p><span style=\"font-size: 18pt\">29720 &#8211; La Cala del Moral (Rinc\u00f3n de la Victoria)<\/span><\/p>\n<p><span style=\"font-size: 18pt\"><strong>COORDENADAS GPS<\/strong><\/span><\/p>\n<p><span style=\"font-size: 18pt\">36\u00ba 43&#8242; 09\u00bb N &#8211; 4\u00ba 18&#8242; 32\u201d O<\/span><\/p>\n<\/div>\n<p><span style=\"font-size: 18pt\">&nbsp; &nbsp; &nbsp; &nbsp; &nbsp;&nbsp;<strong>UBICACI\u00d3N<\/strong><\/span><\/p>\n<p>&nbsp; &nbsp; &nbsp; &nbsp; &nbsp; <img decoding=\"async\" src=\"https:\/\/blogsaverroes.juntadeandalucia.es\/puertaaxarquia\/files\/2019\/12\/MAPA2.jpg\"><\/p>\n<p>&nbsp;<\/p>\n","protected":false},"excerpt":{"rendered":"<p>HORARIO De 8:15 a 14:45 TEL\u00c9FONO DE CONTACTO Tel\u00e9fono: 951 29 83 22 C\u00d3DIGO DEL CENTRO 29002733 CORREO ELECTR\u00d3NICO 29002733.edu@juntadeandalucia.com DIRECCI\u00d3N POSTAL I.E.S. Puerta de la Axarqu\u00eda Paseo de Filipinas, n\u00ba 2 29720 &#8211; La Cala del Moral (Rinc\u00f3n de la Victoria) COORDENADAS GPS 36\u00ba 43&#8242; 09\u00bb N &#8211; 4\u00ba 18&#8242; 32\u201d O &nbsp; &nbsp; &hellip; <\/p>\n<p><a class=\"more-link btn\" href=\"https:\/\/blogsaverroes.juntadeandalucia.es\/puertaaxarquia\/datos\/\">Seguir leyendo<\/a><\/p>\n","protected":false},"author":7919,"featured_media":0,"parent":0,"menu_order":0,"comment_status":"closed","ping_status":"closed","template":"","meta":{"_exactmetrics_skip_tracking":false,"_exactmetrics_sitenote_active":false,"_exactmetrics_sitenote_note":"","_exactmetrics_sitenote_category":0,"ngg_post_thumbnail":0,"footnotes":""},"aioseo_notices":[],"_links":{"self":[{"href":"https:\/\/blogsaverroes.juntadeandalucia.es\/puertaaxarquia\/wp-json\/wp\/v2\/pages\/154"}],"collection":[{"href":"https:\/\/blogsaverroes.juntadeandalucia.es\/puertaaxarquia\/wp-json\/wp\/v2\/pages"}],"about":[{"href":"https:\/\/blogsaverroes.juntadeandalucia.es\/puertaaxarquia\/wp-json\/wp\/v2\/types\/page"}],"author":[{"embeddable":true,"href":"https:\/\/blogsaverroes.juntadeandalucia.es\/puertaaxarquia\/wp-json\/wp\/v2\/users\/7919"}],"replies":[{"embeddable":true,"href":"https:\/\/blogsaverroes.juntadeandalucia.es\/puertaaxarquia\/wp-json\/wp\/v2\/comments?post=154"}],"version-history":[{"count":3,"href":"https:\/\/blogsaverroes.juntadeandalucia.es\/puertaaxarquia\/wp-json\/wp\/v2\/pages\/154\/revisions"}],"predecessor-version":[{"id":177,"href":"https:\/\/blogsaverroes.juntadeandalucia.es\/puertaaxarquia\/wp-json\/wp\/v2\/pages\/154\/revisions\/177"}],"wp:attachment":[{"href":"https:\/\/blogsaverroes.juntadeandalucia.es\/puertaaxarquia\/wp-json\/wp\/v2\/media?parent=154"}],"curies":[{"name":"wp","href":"https:\/\/api.w.org\/{rel}","templated":true}]}}