{"id":1527,"date":"2022-09-26T15:38:16","date_gmt":"2022-09-26T15:38:16","guid":{"rendered":"https:\/\/blogsaverroes.juntadeandalucia.es\/puntosdevida\/?page_id=1527"},"modified":"2023-09-20T19:45:47","modified_gmt":"2023-09-20T19:45:47","slug":"puntos-de-vida","status":"publish","type":"page","link":"https:\/\/blogsaverroes.juntadeandalucia.es\/puntosdevida\/puntos-de-vida\/","title":{"rendered":"VALDERRUBIO, UNA COMUNIDAD DE AGENTES DE CAMBIO"},"content":{"rendered":"<p><strong>\u00bfDE D\u00d3NDE VENIMOS?<\/strong><\/p>\n<p><span style=\"font-size: 14pt\"><strong>Puntos de vida<\/strong><\/span> es un proyecto que comenz\u00f3 poniendo en valor el binomio NATURALEZA y SALUD a trav\u00e9s del ApS. Es un proyecto que, no s\u00f3lo resalta la importancia vital de amar, respetar y proteger nuestra naturaleza, sino que impulsa acciones concretas para su mejora y conservaci\u00f3n. Estas acciones, a su vez, suponen un medio para proteger y mejorar nuestra propia salud. Este proyecto coge fuerza a ra\u00edz de la pandemia.&nbsp;<\/p>\n<p style=\"text-align: justify\"><span data-offset-key=\"5f9r2-0-0\">La idea de \u00abreconducir\u00bb&nbsp; e integrar nuestras acciones medioambientales en relaci\u00f3n a los ODS en un proyecto m\u00e1s global, surge&nbsp; hace unos a\u00f1os cuando un grupo de alumnos y alumnas del centro acudieron al evento <\/span><span class=\"_5zk7\" data-offset-key=\"5f9r2-1-0\"><span data-offset-key=\"5f9r2-1-0\">#SmartDay<\/span><\/span><span data-offset-key=\"5f9r2-2-0\"> en Sevilla. Este evento nos permiti\u00f3 compartir conocimiento, <strong>retos y <\/strong>experiencias, que pretenden inspirarnos y activar el emprendimiento y la innovaci\u00f3n de un modo global. En este evento se reflexiona sobre el futuro de la <strong>educaci\u00f3n<\/strong>, el&nbsp;<strong>empleo<\/strong>&nbsp;y el&nbsp;<strong>emprendimiento<\/strong> , y se crean ideas innovadoras para los problemas reales del planeta. Fue un orgullo ver como los peques daban rienda suelta a su creatividad para conseguir dar forma a una idea preciosa en relaci\u00f3n a los objetivos de la ONU, a la que han llamado &#8216;Puntos de Vida&#8217;.&nbsp; Esta idea se ha ido transformado un proyecto gestionado al 100% por la comunidad educativa de Valderrubio (ComUNA: Comunidad a UNA). &#8216;Puntos de Vida&#8217; logr\u00f3 el premio a la idea emprendedora en Educaci\u00f3n Primaria. <strong>Esta idea cobr\u00f3 a\u00fan m\u00e1s fuerza con la pandemia y la necesidad de los peques de contribuir al problema de la zoonosis<\/strong> (causa de numerosas enfermedades que pasan de los animales a las personas).&nbsp; Es en este punto donde se unen NATURALEZA Y SALUD, de forma inseparable.<\/span><\/p>\n<p><img loading=\"lazy\" decoding=\"async\" class=\"alignleft size-full wp-image-1904\" src=\"https:\/\/blogsaverroes.juntadeandalucia.es\/puntosdevida\/files\/2023\/01\/Imagen24.png\" alt=\"\" width=\"1307\" height=\"988\" srcset=\"https:\/\/blogsaverroes.juntadeandalucia.es\/puntosdevida\/files\/2023\/01\/Imagen24.png 1307w, https:\/\/blogsaverroes.juntadeandalucia.es\/puntosdevida\/files\/2023\/01\/Imagen24-300x227.png 300w, https:\/\/blogsaverroes.juntadeandalucia.es\/puntosdevida\/files\/2023\/01\/Imagen24-1024x774.png 1024w, https:\/\/blogsaverroes.juntadeandalucia.es\/puntosdevida\/files\/2023\/01\/Imagen24-768x581.png 768w\" sizes=\"(max-width: 1307px) 100vw, 1307px\" \/><\/p>\n<p><strong> &nbsp; <\/strong><\/p>\n<p><strong>\u00bf\u00a1C\u00d3MO HEMOS CAMBIADO?!<\/strong><\/p>\n<p style=\"font-weight: 400;text-align: justify\"><img loading=\"lazy\" decoding=\"async\" class=\"alignleft wp-image-1905\" src=\"https:\/\/blogsaverroes.juntadeandalucia.es\/puntosdevida\/files\/2023\/01\/IMG_20221217_153928.jpg\" alt=\"\" width=\"277\" height=\"218\" srcset=\"https:\/\/blogsaverroes.juntadeandalucia.es\/puntosdevida\/files\/2023\/01\/IMG_20221217_153928.jpg 1118w, https:\/\/blogsaverroes.juntadeandalucia.es\/puntosdevida\/files\/2023\/01\/IMG_20221217_153928-300x236.jpg 300w, https:\/\/blogsaverroes.juntadeandalucia.es\/puntosdevida\/files\/2023\/01\/IMG_20221217_153928-1024x805.jpg 1024w, https:\/\/blogsaverroes.juntadeandalucia.es\/puntosdevida\/files\/2023\/01\/IMG_20221217_153928-768x604.jpg 768w\" sizes=\"(max-width: 277px) 100vw, 277px\" \/>Aprovechando que el 2020 fue el A\u00f1o Internacional de la Sanidad Vegetal, se dise\u00f1aron 5 puntos de vida (<strong><span style=\"color: #00ff00\">VERDES:<\/span><\/strong> vinculados a la sanidad vegetal; <span style=\"color: #ffff00\">&nbsp;<strong>AMARILLOS:<\/strong> <\/span>vinculados a&nbsp; la movilidad sostenible y el consumo energ\u00e9tico; <strong><span style=\"color: #ff6600\">NARANJAS:<\/span> <\/strong>vinculados a la protecci\u00f3n de la fauna; <strong><span style=\"color: #0000ff\">AZULES:<\/span> <\/strong>vinculados a la calidad del aire y el agua; <strong><span style=\"color: #993366\">VIOLETAS:<\/span><\/strong> vinculados a la salud mental en relaci\u00f3n a valores de solidaridad, responsabilidad y compromiso &nbsp;individual). Estos puntos de Vida que en la actualidad han vuelto a transformarse (curso 2022) para adaptarse a la evoluci\u00f3n que estamos vivenciando como comunidad de aprendizaje y para afrontar los grandes retos a los que se enfrenta la ciudadan\u00eda global y nuestro municipio a nivel local.&nbsp;<\/p>\n<p style=\"text-align: justify\">Uno de los procesos (que no el \u00fanico) que se ha llevado a cabo para reorganizar y evolucionar el proyecto ha sido&nbsp; un Curso de Experto Universitario, en el que cuatro de nuestros docentes, han ido perfilando elementos m\u00e1s te\u00f3ricos y complejos que han requerido de un a\u00f1o de investigaci\u00f3n-acci\u00f3n. En dicho proceso se han abordado procesos de an\u00e1lisis causa-ra\u00edz para la comprensi\u00f3n de nuestra comunidad, sus necesidades m\u00e1s urgentes y el origen de los problemas a los que nos enfrentamos a nivel global y local.&nbsp; Se han abordado tambi\u00e9n procesos de an\u00e1lisis y cocreaci\u00f3n y de dise\u00f1o de din\u00e1micas participativas comunitarias (ideaci\u00f3n y propuesta de mejoras). Estos contenidos, entre otros muchos, han permitido que nuestro proyecto de Aprendizaje-Servicio se vaya consolidando y contribuya a la mejora y transformaci\u00f3n de nuestra comunidad.&nbsp;<\/p>\n<p>Para compartir con la comunidad este proceso de an\u00e1lisis incluimos en nuestro mayor portal de difusi\u00f3n (este blog) una infograf\u00eda que recoge los aspectos esenciales que esta aventura comunitaria, en forma de proyecto y donde se recogen los 4 puntos de vida definidos por la comunidad para el dise\u00f1o de acciones en los proyectos que nos permitan abordar los grandes retos a los que se enfrenta la ciudadan\u00eda global.&nbsp;<\/p>\n<p><strong>\u00bfD\u00d3NDE ESTAMOS?<\/strong><\/p>\n<p><img loading=\"lazy\" decoding=\"async\" class=\"alignleft size-full wp-image-1903\" src=\"https:\/\/blogsaverroes.juntadeandalucia.es\/puntosdevida\/files\/2023\/01\/POSTERS-EXPERTO-UCJC-12.png\" alt=\"\" width=\"1587\" height=\"2245\" srcset=\"https:\/\/blogsaverroes.juntadeandalucia.es\/puntosdevida\/files\/2023\/01\/POSTERS-EXPERTO-UCJC-12.png 1587w, https:\/\/blogsaverroes.juntadeandalucia.es\/puntosdevida\/files\/2023\/01\/POSTERS-EXPERTO-UCJC-12-212x300.png 212w, https:\/\/blogsaverroes.juntadeandalucia.es\/puntosdevida\/files\/2023\/01\/POSTERS-EXPERTO-UCJC-12-724x1024.png 724w, https:\/\/blogsaverroes.juntadeandalucia.es\/puntosdevida\/files\/2023\/01\/POSTERS-EXPERTO-UCJC-12-768x1086.png 768w, https:\/\/blogsaverroes.juntadeandalucia.es\/puntosdevida\/files\/2023\/01\/POSTERS-EXPERTO-UCJC-12-1086x1536.png 1086w, https:\/\/blogsaverroes.juntadeandalucia.es\/puntosdevida\/files\/2023\/01\/POSTERS-EXPERTO-UCJC-12-1448x2048.png 1448w\" sizes=\"(max-width: 1587px) 100vw, 1587px\" \/><\/p>\n<p style=\"font-weight: 400;text-align: justify\">&nbsp;<\/p>\n<p style=\"font-weight: 400;text-align: justify\">&nbsp;<\/p>\n<!--themify_builder_content-->\n<div id=\"themify_builder_content-1527\" data-postid=\"1527\" class=\"themify_builder_content themify_builder_content-1527 themify_builder tf_clear\">\n    <\/div>\n<!--\/themify_builder_content-->\n","protected":false},"excerpt":{"rendered":"<p>\u00bfDE D\u00d3NDE VENIMOS? Puntos de vida es un proyecto que comenz\u00f3 poniendo en valor el binomio NATURALEZA y SALUD a trav\u00e9s del ApS. Es un proyecto que, no s\u00f3lo resalta la importancia vital de amar, respetar y proteger nuestra naturaleza, sino que impulsa acciones concretas para su mejora y conservaci\u00f3n. Estas acciones, a su vez, [&hellip;]<\/p>\n","protected":false},"author":4031,"featured_media":0,"parent":0,"menu_order":0,"comment_status":"closed","ping_status":"closed","template":"","meta":{"ngg_post_thumbnail":0,"footnotes":""},"aioseo_notices":[],"_links":{"self":[{"href":"https:\/\/blogsaverroes.juntadeandalucia.es\/puntosdevida\/wp-json\/wp\/v2\/pages\/1527"}],"collection":[{"href":"https:\/\/blogsaverroes.juntadeandalucia.es\/puntosdevida\/wp-json\/wp\/v2\/pages"}],"about":[{"href":"https:\/\/blogsaverroes.juntadeandalucia.es\/puntosdevida\/wp-json\/wp\/v2\/types\/page"}],"author":[{"embeddable":true,"href":"https:\/\/blogsaverroes.juntadeandalucia.es\/puntosdevida\/wp-json\/wp\/v2\/users\/4031"}],"replies":[{"embeddable":true,"href":"https:\/\/blogsaverroes.juntadeandalucia.es\/puntosdevida\/wp-json\/wp\/v2\/comments?post=1527"}],"version-history":[{"count":31,"href":"https:\/\/blogsaverroes.juntadeandalucia.es\/puntosdevida\/wp-json\/wp\/v2\/pages\/1527\/revisions"}],"predecessor-version":[{"id":2266,"href":"https:\/\/blogsaverroes.juntadeandalucia.es\/puntosdevida\/wp-json\/wp\/v2\/pages\/1527\/revisions\/2266"}],"wp:attachment":[{"href":"https:\/\/blogsaverroes.juntadeandalucia.es\/puntosdevida\/wp-json\/wp\/v2\/media?parent=1527"}],"curies":[{"name":"wp","href":"https:\/\/api.w.org\/{rel}","templated":true}]}}