{"id":2,"date":"2024-10-13T22:33:24","date_gmt":"2024-10-13T20:33:24","guid":{"rendered":"https:\/\/blogsaverroes.juntadeandalucia.es\/radioeducativa\/?page_id=2"},"modified":"2025-02-09T23:19:59","modified_gmt":"2025-02-09T22:19:59","slug":"pagina-ejemplo","status":"publish","type":"page","link":"https:\/\/blogsaverroes.juntadeandalucia.es\/radioeducativa\/pagina-ejemplo\/","title":{"rendered":"Presentaci\u00f3n"},"content":{"rendered":"\r\n<ul class=\"wp-block-social-links is-layout-flex wp-block-social-links-is-layout-flex\"><li class=\"wp-social-link wp-social-link-gravatar  wp-block-social-link\"><a rel=\"me\" href=\"https:\/\/gravatar.com\/victorguirado\" class=\"wp-block-social-link-anchor\"><svg width=\"24\" height=\"24\" xmlns=\"http:\/\/www.w3.org\/2000\/svg\" viewBox=\"0 0 24 24\"><path d=\"M9 11.8l6.1-4.5c.1.4.4.7.9.7h2c.6 0 1-.4 1-1V5c0-.6-.4-1-1-1h-2c-.6 0-1 .4-1 1v.4l-6.4 4.8c-.2-.1-.4-.2-.6-.2H6c-.6 0-1 .4-1 1v2c0 .6.4 1 1 1h2c.2 0 .4-.1.6-.2l6.4 4.8v.4c0 .6.4 1 1 1h2c.6 0 1-.4 1-1v-2c0-.6-.4-1-1-1h-2c-.5 0-.8.3-.9.7L9 12.2v-.4z\"\/><\/svg><span class=\"wp-block-social-link-label screen-reader-text\">Share Icon<\/span><\/a><\/li><\/ul>\r\n\r\n\r\n\r\n<p>\ud83c\udfebSomos docentes de distintos niveles que hacemos radio con nuestro alumnado&#8230;<\/p>\r\n\r\n\r\n\r\n<blockquote class=\"wp-block-quote\">\r\n<p>\ud83d\udce3La comunicaci\u00f3n efectiva es esencial en la educaci\u00f3n, ya que facilita la transmisi\u00f3n de conocimientos, promueve la comprensi\u00f3n y el aprendizaje significativo. Un di\u00e1logo fluido entre docentes y estudiantes crea un ambiente propicio para la participaci\u00f3n, el intercambio de ideas y la resoluci\u00f3n de dudas. Adem\u00e1s, fortalece las relaciones interpersonales, fomenta el respeto y la empat\u00eda, y contribuye al desarrollo de habilidades socioemocionales fundamentales para el \u00e9xito acad\u00e9mico y personal de los estudiantes.<\/p>\r\n<\/blockquote>\r\n\r\n\r\n\r\n<p>\u2026y adem\u00e1s:<\/p>\r\n\r\n\r\n\r\n<blockquote class=\"wp-block-quote\">\r\n<p>\ud83c\udf9b\ufe0fLa radio escolar y el p\u00f3dcast educativo son herramientas poderosas para fortalecer la comunicaci\u00f3n en el \u00e1mbito educativo. Permiten a los estudiantes expresarse, compartir ideas y desarrollar habilidades comunicativas clave, como la escucha activa, la oratoria y la elaboraci\u00f3n de mensajes. Adem\u00e1s, fomentan el trabajo en equipo, la creatividad y el pensamiento cr\u00edtico, al tiempo que ofrecen a los docentes nuevas v\u00edas para transmitir conocimientos de forma din\u00e1mica e interactiva, adapt\u00e1ndose a los diferentes estilos de aprendizaje y motivando a los alumnos a participar activamente en su proceso educativo.<\/p>\r\n<\/blockquote>\r\n\r\n\r\n\r\n<p>Aqu\u00ed puedes encontrar informaci\u00f3n de utilidad para poner en marcha tu proyecto de radio educativa.<\/p>\r\n<p>\u00a1P\u00e1salo bien y comparte tu pasi\u00f3n con nosotros!<\/p>\r\n<p>\ud83d\udcfb\ud83d\udc42<\/p>\r\n","protected":false},"excerpt":{"rendered":"<p>\ud83c\udfebSomos docentes de distintos niveles que hacemos radio con nuestro alumnado&#8230; \ud83d\udce3La comunicaci\u00f3n efectiva es esencial en la educaci\u00f3n, ya que facilita la transmisi\u00f3n de conocimientos, promueve la comprensi\u00f3n y el aprendizaje significativo. Un di\u00e1logo fluido entre docentes y estudiantes crea un ambiente propicio para la participaci\u00f3n, el intercambio de ideas y la resoluci\u00f3n de &hellip; <a href=\"https:\/\/blogsaverroes.juntadeandalucia.es\/radioeducativa\/pagina-ejemplo\/\" class=\"more-link\">Seguir leyendo <span class=\"screen-reader-text\">Presentaci\u00f3n<\/span> <span class=\"meta-nav\">&rarr;<\/span><\/a><\/p>\n","protected":false},"author":955,"featured_media":0,"parent":0,"menu_order":1,"comment_status":"closed","ping_status":"open","template":"","meta":{"footnotes":""},"aioseo_notices":[],"_links":{"self":[{"href":"https:\/\/blogsaverroes.juntadeandalucia.es\/radioeducativa\/wp-json\/wp\/v2\/pages\/2"}],"collection":[{"href":"https:\/\/blogsaverroes.juntadeandalucia.es\/radioeducativa\/wp-json\/wp\/v2\/pages"}],"about":[{"href":"https:\/\/blogsaverroes.juntadeandalucia.es\/radioeducativa\/wp-json\/wp\/v2\/types\/page"}],"author":[{"embeddable":true,"href":"https:\/\/blogsaverroes.juntadeandalucia.es\/radioeducativa\/wp-json\/wp\/v2\/users\/955"}],"replies":[{"embeddable":true,"href":"https:\/\/blogsaverroes.juntadeandalucia.es\/radioeducativa\/wp-json\/wp\/v2\/comments?post=2"}],"version-history":[{"count":5,"href":"https:\/\/blogsaverroes.juntadeandalucia.es\/radioeducativa\/wp-json\/wp\/v2\/pages\/2\/revisions"}],"predecessor-version":[{"id":95,"href":"https:\/\/blogsaverroes.juntadeandalucia.es\/radioeducativa\/wp-json\/wp\/v2\/pages\/2\/revisions\/95"}],"wp:attachment":[{"href":"https:\/\/blogsaverroes.juntadeandalucia.es\/radioeducativa\/wp-json\/wp\/v2\/media?parent=2"}],"curies":[{"name":"wp","href":"https:\/\/api.w.org\/{rel}","templated":true}]}}