{"id":306,"date":"2021-06-01T08:05:55","date_gmt":"2021-06-01T08:05:55","guid":{"rendered":"https:\/\/blogsaverroes.juntadeandalucia.es\/rafaelnunezmat\/?page_id=306"},"modified":"2024-12-06T12:21:24","modified_gmt":"2024-12-06T12:21:24","slug":"caracteristicas-de-una-funcion","status":"publish","type":"page","link":"https:\/\/blogsaverroes.juntadeandalucia.es\/rafaelnunezmat\/caracteristicas-de-una-funcion","title":{"rendered":"Caracter\u00edsticas de una funci\u00f3n"},"content":{"rendered":"<p><img loading=\"lazy\" decoding=\"async\" class=\"aligncenter \" src=\"https:\/\/slideplayer.es\/slide\/2751744\/10\/images\/11\/Caracter\u00edsticas+de+las+funciones.jpg\" width=\"485\" height=\"364\"><\/p>\n<p style=\"text-align: center\"><span style=\"font-size: 24pt;color: #008000\"><strong><a style=\"color: #008000\" href=\"https:\/\/blogsaverroes.juntadeandalucia.es\/rafaelnunezmat\/files\/2022\/02\/caracter\u00edsticas-de-una-funci\u00f3n.pdf\" target=\"_blank\" rel=\"noopener noreferrer\">Teor\u00eda y actividades resueltas<\/a><\/strong><\/span><\/p>\n<table style=\"height: 106px;width: 99.9349%;border-collapse: collapse;border-style: none;border-color: #030000\" cellpadding=\"0\">\n<tbody>\n<tr style=\"height: 24px\">\n<td style=\"width: 25.6537%;height: 71px;text-align: left;border-style: double;border-color: #050505\" colspan=\"2\">\n<p style=\"text-align: center\"><span style=\"text-decoration: underline\"><span style=\"font-size: 14pt;color: #800080\"><strong>VIDEOS<\/strong><\/span><\/span><\/p>\n<p style=\"padding-left: 200px\"><strong><span style=\"font-size: 14pt;color: #0000ff\"><a style=\"color: #0000ff\" href=\"https:\/\/www.youtube.com\/embed\/kxnahYaTo7Y\" target=\"_blank\" rel=\"noopener noreferrer\">Dominio y recorrido a partir de la gr\u00e1fica (Ruben Sebastian)<\/a><\/span><\/strong><\/p>\n<p style=\"padding-left: 200px\"><strong><span style=\"font-size: 14pt;color: #0000ff\"><a style=\"color: #0000ff\" href=\"https:\/\/www.youtube.com\/embed\/xGqo6bn2LtI\" target=\"_blank\" rel=\"noopener noreferrer\">Dominio y recorrido a partir de la gr\u00e1fica (estudiia)<\/a><\/span><\/strong><\/p>\n<p style=\"padding-left: 200px\"><strong><span style=\"font-size: 14pt;color: #0000ff\"><a style=\"color: #0000ff\" href=\"https:\/\/www.youtube.com\/embed\/C8PIs0ZVPr4\" target=\"_blank\" rel=\"noopener noreferrer\">Dominio y recorrido a partir de la gr\u00e1fica (childtopia)<\/a><\/span><\/strong><\/p>\n<p style=\"padding-left: 200px\"><strong><span style=\"font-size: 14pt;color: #0000ff\"><a style=\"color: #0000ff\" href=\"https:\/\/www.youtube.com\/embed\/Paf-KsE9JRI\" target=\"_blank\" rel=\"noopener noreferrer\">Dominio y recorrido a partir de la gr\u00e1fica (Jos\u00e9 Luis Usero V\u00edlchez)<\/a><\/span><\/strong><\/p>\n<p style=\"padding-left: 200px\"><strong><span style=\"font-size: 14pt;color: #0000ff\"><a style=\"color: #0000ff\" href=\"https:\/\/www.youtube.com\/embed\/qaOvRwNOIuk\" target=\"_blank\" rel=\"noopener noreferrer\">Signo a partir de la gr\u00e1fica (Clasem\u00e1ticas Canal)<\/a><\/span><\/strong><\/p>\n<p style=\"padding-left: 200px\"><strong><span style=\"font-size: 14pt;color: #0000ff\"><a style=\"color: #0000ff\" href=\"https:\/\/www.youtube.com\/embed\/lYz7raRXmO0\" target=\"_blank\" rel=\"noopener noreferrer\">Signo a partir de la gr\u00e1fica (chidtopia)<\/a><\/span><\/strong><\/p>\n<p style=\"padding-left: 200px\"><strong><span style=\"font-size: 14pt;color: #0000ff\"><a style=\"color: #0000ff\" href=\"https:\/\/www.youtube.com\/embed\/E1sMAfxnT7c\" target=\"_blank\" rel=\"noopener noreferrer\">Puntos de corte con los ejes y signo a partir de la gr\u00e1fica (matematicasyeso)<\/a><\/span><\/strong><\/p>\n<p style=\"padding-left: 200px\"><strong><span style=\"font-size: 14pt;color: #0000ff\"><a style=\"color: #0000ff\" href=\"https:\/\/www.youtube.com\/embed\/QGJMLn1gA_o\" target=\"_blank\" rel=\"noopener noreferrer\">Puntos de corte con los ejes a partir de la f\u00f3rmula (C.E. \u00c1gora)<\/a><\/span><\/strong><\/p>\n<p style=\"padding-left: 200px\"><strong><span style=\"font-size: 14pt;color: #0000ff\"><a style=\"color: #0000ff\" href=\"https:\/\/www.youtube.com\/embed\/dxqpwCvK6gs\" target=\"_blank\" rel=\"noopener noreferrer\">Puntos de corte con los ejes de coordenadas (8cifras)<\/a><\/span><\/strong><\/p>\n<p style=\"padding-left: 200px\"><strong><span style=\"font-size: 14pt;color: #0000ff\"><a style=\"color: #0000ff\" href=\"https:\/\/www.youtube.com\/embed\/dcpst_xi8as\" target=\"_blank\" rel=\"noopener noreferrer\">Crecimiento y decrecimiento a partir de la gr\u00e1fica (Aprendiendo Matem\u00e1tica)<\/a><\/span><\/strong><\/p>\n<p style=\"padding-left: 200px\"><strong><span style=\"font-size: 14pt;color: #0000ff\"><a style=\"color: #0000ff\" href=\"https:\/\/www.youtube.com\/embed\/gTpcGz94bv0\" target=\"_blank\" rel=\"noopener noreferrer\">M\u00e1ximos y m\u00ednimos a partir de la gr\u00e1fica (Ruben Sebastian)<\/a><\/span><\/strong><\/p>\n<p style=\"padding-left: 200px\"><strong><span style=\"font-size: 14pt;color: #0000ff\"><a style=\"color: #0000ff\" href=\"https:\/\/www.youtube.com\/embed\/RDsb-QaqoE8\" target=\"_blank\" rel=\"noopener noreferrer\">Extremos relativos y absolutos a partir de la gr\u00e1fica (KhanAcademyEspa\u00f1ol)<\/a><\/span><\/strong><\/p>\n<p style=\"padding-left: 200px\"><strong><span style=\"font-size: 14pt;color: #0000ff\"><a style=\"color: #0000ff\" href=\"https:\/\/www.youtube.com\/embed\/sUuMiKHZfDg\" target=\"_blank\" rel=\"noopener noreferrer\">Monoton\u00eda y extremos a partir de la gr\u00e1fica (matematicasyeso)<\/a><\/span><\/strong><\/p>\n<p style=\"padding-left: 200px\"><strong><span style=\"font-size: 14pt;color: #0000ff\"><a style=\"color: #0000ff\" href=\"https:\/\/www.youtube.com\/embed\/HxDj9P6Cors\" target=\"_blank\" rel=\"noopener noreferrer\">Monoton\u00eda y extremos a partir de la gr\u00e1fica-1 (proyectociencias)<\/a><\/span><\/strong><\/p>\n<p style=\"padding-left: 200px\"><strong><span style=\"font-size: 14pt;color: #0000ff\"><a style=\"color: #0000ff\" href=\"https:\/\/www.youtube.com\/embed\/uTY3cQV8yi4\" target=\"_blank\" rel=\"noopener noreferrer\">Monoton\u00eda y extremos a partir de la gr\u00e1fica-2 (proyectociencias)<\/a><\/span><\/strong><\/p>\n<p style=\"padding-left: 200px\"><strong><span style=\"font-size: 14pt;color: #0000ff\"><a style=\"color: #0000ff\" href=\"https:\/\/www.youtube.com\/embed\/CnoOEp6B654\" target=\"_blank\" rel=\"noopener noreferrer\">Continuidad a partir de la gr\u00e1fica (matematicasyeso)<\/a><\/span><\/strong><\/p>\n<p style=\"padding-left: 200px\"><strong><span style=\"font-size: 14pt;color: #0000ff\"><a style=\"color: #0000ff\" href=\"https:\/\/www.youtube.com\/embed\/gGM-BA5v8F4\" target=\"_blank\" rel=\"noopener noreferrer\">Simetr\u00eda a partir de la gr\u00e1fica y de la f\u00f3rmula (8cifras)<\/a><\/span><\/strong><\/p>\n<p style=\"padding-left: 200px\"><strong><span style=\"font-size: 14pt;color: #0000ff\"><a style=\"color: #0000ff\" href=\"https:\/\/www.youtube.com\/embed\/4kiaKxAO-Qo\" target=\"_blank\" rel=\"noopener noreferrer\">Simetr\u00eda a partir de la gr\u00e1fica y de la f\u00f3rmula (Jos\u00e9 Luis Usero V\u00edlchez)<\/a><\/span><\/strong><\/p>\n<p style=\"padding-left: 200px\"><strong><span style=\"font-size: 14pt;color: #0000ff\"><a style=\"color: #0000ff\" href=\"https:\/\/www.youtube.com\/embed\/cDObfVAz5DU\" target=\"_blank\" rel=\"noopener noreferrer\">Simetr\u00eda a partir de la f\u00f3rmula (Jos\u00e9 Luis Usero V\u00edlchez)<\/a><\/span><\/strong><\/p>\n<p style=\"padding-left: 200px\"><strong><span style=\"font-size: 14pt;color: #0000ff\"><a style=\"color: #0000ff\" href=\"https:\/\/www.youtube.com\/embed\/zyxks68nJSI\" target=\"_blank\" rel=\"noopener noreferrer\">Periodicidad a partir de la gr\u00e1fica (Sanpamates)<\/a><\/span><\/strong><\/p>\n<p style=\"padding-left: 200px\"><strong><span style=\"font-size: 14pt;color: #0000ff\"><a style=\"color: #0000ff\" href=\"https:\/\/www.youtube.com\/embed\/ijV3t7-6Ots\" target=\"_blank\" rel=\"noopener noreferrer\">Periodicidad a partir de la gr\u00e1fica (childtopia)<\/a><\/span><\/strong><\/p>\n<p style=\"padding-left: 200px\"><strong><span style=\"font-size: 14pt;color: #0000ff\"><a style=\"color: #0000ff\" href=\"https:\/\/www.youtube.com\/embed\/TSrvt1Y_GjI\" target=\"_blank\" rel=\"noopener noreferrer\">Propiedades a partir de la gr\u00e1fica (Marcos Antonio Fatela)<\/a><\/span><\/strong><\/p>\n<p style=\"text-align: center\"><span style=\"text-decoration: underline;color: #800000\"><span style=\"font-size: 14pt\"><strong>OTROS RECURSOS<\/strong><\/span><\/span><\/p>\n<p style=\"padding-left: 200px\"><strong><span style=\"font-size: 14pt;color: #0000ff\"><a style=\"color: #0000ff\" href=\"https:\/\/www.thatquiz.org\/es\/preview?c=gy66pfou&amp;s=ofbbws\" target=\"_blank\" rel=\"noopener noreferrer\">Monoton\u00eda y extremos a partir de la gr\u00e1fica (test de thatquiz)<\/a><\/span><\/strong><\/p>\n<\/td>\n<\/tr>\n<\/tbody>\n<\/table>\n<p>&nbsp;<\/p>\n","protected":false},"excerpt":{"rendered":"<p>Teor\u00eda y actividades resueltas VIDEOS Dominio y recorrido a partir de la gr\u00e1fica (Ruben Sebastian) Dominio y recorrido a partir de la gr\u00e1fica (estudiia) Dominio y recorrido a partir de la gr\u00e1fica (childtopia) Dominio y recorrido a partir de la gr\u00e1fica (Jos\u00e9 Luis Usero V\u00edlchez) Signo a partir de la gr\u00e1fica (Clasem\u00e1ticas Canal) Signo a &hellip; <\/p>\n<p><a class=\"more-link btn\" href=\"https:\/\/blogsaverroes.juntadeandalucia.es\/rafaelnunezmat\/caracteristicas-de-una-funcion\">Seguir leyendo<\/a><\/p>\n","protected":false},"author":10669,"featured_media":0,"parent":0,"menu_order":0,"comment_status":"closed","ping_status":"closed","template":"","meta":{"ngg_post_thumbnail":0,"footnotes":""},"aioseo_notices":[],"_links":{"self":[{"href":"https:\/\/blogsaverroes.juntadeandalucia.es\/rafaelnunezmat\/wp-json\/wp\/v2\/pages\/306"}],"collection":[{"href":"https:\/\/blogsaverroes.juntadeandalucia.es\/rafaelnunezmat\/wp-json\/wp\/v2\/pages"}],"about":[{"href":"https:\/\/blogsaverroes.juntadeandalucia.es\/rafaelnunezmat\/wp-json\/wp\/v2\/types\/page"}],"author":[{"embeddable":true,"href":"https:\/\/blogsaverroes.juntadeandalucia.es\/rafaelnunezmat\/wp-json\/wp\/v2\/users\/10669"}],"replies":[{"embeddable":true,"href":"https:\/\/blogsaverroes.juntadeandalucia.es\/rafaelnunezmat\/wp-json\/wp\/v2\/comments?post=306"}],"version-history":[{"count":11,"href":"https:\/\/blogsaverroes.juntadeandalucia.es\/rafaelnunezmat\/wp-json\/wp\/v2\/pages\/306\/revisions"}],"predecessor-version":[{"id":5007,"href":"https:\/\/blogsaverroes.juntadeandalucia.es\/rafaelnunezmat\/wp-json\/wp\/v2\/pages\/306\/revisions\/5007"}],"wp:attachment":[{"href":"https:\/\/blogsaverroes.juntadeandalucia.es\/rafaelnunezmat\/wp-json\/wp\/v2\/media?parent=306"}],"curies":[{"name":"wp","href":"https:\/\/api.w.org\/{rel}","templated":true}]}}