{"id":308,"date":"2021-06-01T08:05:55","date_gmt":"2021-06-01T08:05:55","guid":{"rendered":"https:\/\/blogsaverroes.juntadeandalucia.es\/rafaelnunezmat\/?page_id=308"},"modified":"2024-12-06T12:23:44","modified_gmt":"2024-12-06T12:23:44","slug":"funciones-cuya-grafica-es-una-recta","status":"publish","type":"page","link":"https:\/\/blogsaverroes.juntadeandalucia.es\/rafaelnunezmat\/funciones-cuya-grafica-es-una-recta","title":{"rendered":"Funciones cuya gr\u00e1fica es una recta"},"content":{"rendered":"<p><img loading=\"lazy\" decoding=\"async\" class=\"aligncenter \" src=\"https:\/\/i.ytimg.com\/vi\/nVBjCEc_irA\/maxresdefault.jpg\" width=\"474\" height=\"267\"><\/p>\n<p style=\"text-align: center\"><span style=\"font-size: 24pt;color: #008000\"><strong><a style=\"color: #008000\" href=\"https:\/\/blogsaverroes.juntadeandalucia.es\/rafaelnunezmat\/files\/2022\/02\/funciones-cuya-gr\u00e1fica-es-una-recta.pdf\" target=\"_blank\" rel=\"noopener noreferrer\">Teor\u00eda y actividades resueltas<\/a><\/strong><\/span><\/p>\n<table style=\"height: 106px;width: 99.9349%;border-collapse: collapse;border-style: none;border-color: #030000\" cellpadding=\"0\">\n<tbody>\n<tr style=\"height: 24px\">\n<td style=\"width: 21.3228%;height: 71px;text-align: left;border-style: double;border-color: #050505\" colspan=\"2\">\n<p style=\"text-align: center\"><span style=\"text-decoration: underline\"><span style=\"font-size: 14pt;color: #800080\"><strong>VIDEOS<\/strong><\/span><\/span><\/p>\n<p style=\"padding-left: 200px\"><strong><span style=\"font-size: 14pt;color: #0000ff\"><a style=\"color: #0000ff\" href=\"https:\/\/www.youtube.com\/embed\/ACErHP3qzmA\" target=\"_blank\" rel=\"noopener noreferrer\">Funciones lineales, afines y constantes (Susy)<\/a><\/span><\/strong><\/p>\n<p style=\"padding-left: 200px\"><strong><span style=\"font-size: 14pt;color: #0000ff\"><a style=\"color: #0000ff\" href=\"https:\/\/www.youtube.com\/embed\/L0Dvi0pdUiI\" target=\"_blank\" rel=\"noopener noreferrer\">Gr\u00e1fica de funciones afines (lasmatematicas.es)<\/a><\/span><\/strong><\/p>\n<p style=\"padding-left: 200px\"><strong><span style=\"font-size: 14pt;color: #0000ff\"><a style=\"color: #0000ff\" href=\"https:\/\/www.youtube.com\/embed\/b8PdIfy0wZI\" target=\"_blank\" rel=\"noopener noreferrer\">Gr\u00e1fica de funciones afines (CalculoTV)<\/a><\/span><\/strong><\/p>\n<p style=\"padding-left: 200px\"><strong><span style=\"font-size: 14pt;color: #0000ff\"><a style=\"color: #0000ff\" href=\"https:\/\/www.youtube.com\/embed\/seDTmQMV1UQ\" target=\"_blank\" rel=\"noopener noreferrer\">Gr\u00e1fica de funciones afines (astonrb)<\/a><\/span><\/strong><\/p>\n<p style=\"padding-left: 200px\"><strong><span style=\"font-size: 14pt;color: #0000ff\"><a style=\"color: #0000ff\" href=\"https:\/\/www.youtube.com\/embed\/hMCl57FQtUk\" target=\"_blank\" rel=\"noopener noreferrer\">Pendiente de una recta (Susy)<\/a><\/span><\/strong><\/p>\n<p style=\"padding-left: 200px\"><strong><span style=\"font-size: 14pt;color: #0000ff\"><a style=\"color: #0000ff\" href=\"https:\/\/www.youtube.com\/embed\/n3UQAM16ccQ\" target=\"_blank\" rel=\"noopener noreferrer\">Ecuaci\u00f3n de la recta en forma punto-pendiente (Susy)<\/a><\/span><\/strong><\/p>\n<p style=\"padding-left: 200px\"><strong><span style=\"font-size: 14pt;color: #0000ff\"><a style=\"color: #0000ff\" href=\"https:\/\/www.youtube.com\/embed\/5lKhA0fgpO4\" target=\"_blank\" rel=\"noopener noreferrer\">Ecuaci\u00f3n de la recta que pasa por dos puntos (lasmatematricas.es)<\/a><\/span><\/strong><\/p>\n<p style=\"padding-left: 200px\"><strong><span style=\"font-size: 14pt;color: #0000ff\"><a style=\"color: #0000ff\" href=\"https:\/\/www.youtube.com\/embed\/fuz2hjIbjuU\" target=\"_blank\" rel=\"noopener noreferrer\">Ecuaci\u00f3n de la recta que pasa por un punto y tiene pendiente dada (lasmatematicas.es)<\/a><\/span><\/strong><\/p>\n<p style=\"padding-left: 200px\"><strong><span style=\"font-size: 14pt;color: #0000ff\"><a style=\"color: #0000ff\" href=\"https:\/\/www.youtube.com\/embed\/FnauclNt3do\" target=\"_blank\" rel=\"noopener noreferrer\">Puntos de corte con los ejes de una recta a partir de la f\u00f3rmula (unProfesor)<\/a><\/span><\/strong><\/p>\n<p style=\"padding-left: 200px\"><strong><span style=\"font-size: 14pt;color: #0000ff\"><a style=\"color: #0000ff\" href=\"https:\/\/www.youtube.com\/embed\/x8QDUgh1QMc\" target=\"_blank\" rel=\"noopener noreferrer\">Puntos de corte con los ejes de una recta a partir de la f\u00f3rmula (Ruben Sebastian)<\/a><\/span><\/strong><\/p>\n<p style=\"padding-left: 200px\"><strong><span style=\"font-size: 14pt;color: #0000ff\"><a style=\"color: #0000ff\" href=\"https:\/\/www.youtube.com\/embed\/qZjYPWDOE9w\" target=\"_blank\" rel=\"noopener noreferrer\">Interpolaci\u00f3n y extrapolaci\u00f3n lineal (El de mates)<\/a><\/span><\/strong><\/p>\n<p style=\"padding-left: 200px\"><strong><span style=\"font-size: 14pt;color: #0000ff\"><a style=\"color: #0000ff\" href=\"https:\/\/www.youtube.com\/embed\/pzDfi2jVDGs\" target=\"_blank\" rel=\"noopener noreferrer\">Interpolaci\u00f3n y extrapolaci\u00f3n lineal (Unicoos)<\/a><\/span><\/strong><\/p>\n<p style=\"padding-left: 200px\"><strong><span style=\"font-size: 14pt;color: #0000ff\"><a style=\"color: #0000ff\" href=\"https:\/\/www.youtube.com\/embed\/gCqprj3jTzQ?t=153s\" target=\"_blank\" rel=\"noopener noreferrer\">Problema de interpolaci\u00f3n lineal (Julioprofe)<\/a><\/span><\/strong><\/p>\n<p style=\"padding-left: 200px\"><strong><span style=\"font-size: 14pt;color: #0000ff\"><a style=\"color: #0000ff\" href=\"https:\/\/www.youtube.com\/embed\/FfF4goh7TMw\" target=\"_blank\" rel=\"noopener noreferrer\">Rectas conjuntas (Aprender Matem\u00e1ticas. Jos\u00e9 Jaime Mas)<\/a><\/span><\/strong><\/p>\n<p style=\"padding-left: 200px\"><strong><span style=\"font-size: 14pt;color: #0000ff\"><a style=\"color: #0000ff\" href=\"https:\/\/www.youtube.com\/embed\/cYiXGW3FpVU\" target=\"_blank\" rel=\"noopener noreferrer\">Funciones de oferta y demanda (Libertelia)<\/a><\/span><\/strong><\/p>\n<p style=\"padding-left: 200px\"><strong><span style=\"font-size: 14pt;color: #0000ff\"><a style=\"color: #0000ff\" href=\"https:\/\/www.youtube.com\/embed\/7av0wVoARIA\" target=\"_blank\" rel=\"noopener noreferrer\">Funciones de tipo lineal en la vida real (MateMotiva)<\/a><\/span><\/strong><\/p>\n<p style=\"text-align: center\"><span style=\"text-decoration: underline;color: #800000\"><span style=\"font-size: 14pt\"><strong>OTROS RECURSOS<\/strong><\/span><\/span><\/p>\n<p style=\"padding-left: 200px\"><strong><span style=\"font-size: 14pt;color: #0000ff\"><a style=\"color: #0000ff\" href=\"https:\/\/www.geogebra.org\/material\/iframe\/id\/429155\/width\/1600\/height\/1000\/border\/888888\/rc\/false\/ai\/false\/sdz\/true\/smb\/false\/stb\/false\/stbh\/true\/ld\/false\/sri\/true\/at\/auto\" target=\"_blank\" rel=\"noopener noreferrer\">Funciones cuya gr\u00e1fica es una recta (geogebra)<\/a><\/span><\/strong><\/p>\n<\/td>\n<\/tr>\n<\/tbody>\n<\/table>\n<p>&nbsp;<\/p>\n","protected":false},"excerpt":{"rendered":"<p>Teor\u00eda y actividades resueltas VIDEOS Funciones lineales, afines y constantes (Susy) Gr\u00e1fica de funciones afines (lasmatematicas.es) Gr\u00e1fica de funciones afines (CalculoTV) Gr\u00e1fica de funciones afines (astonrb) Pendiente de una recta (Susy) Ecuaci\u00f3n de la recta en forma punto-pendiente (Susy) Ecuaci\u00f3n de la recta que pasa por dos puntos (lasmatematricas.es) Ecuaci\u00f3n de la recta que pasa &hellip; <\/p>\n<p><a class=\"more-link btn\" href=\"https:\/\/blogsaverroes.juntadeandalucia.es\/rafaelnunezmat\/funciones-cuya-grafica-es-una-recta\">Seguir leyendo<\/a><\/p>\n","protected":false},"author":10669,"featured_media":0,"parent":0,"menu_order":0,"comment_status":"closed","ping_status":"closed","template":"","meta":{"ngg_post_thumbnail":0,"footnotes":""},"aioseo_notices":[],"_links":{"self":[{"href":"https:\/\/blogsaverroes.juntadeandalucia.es\/rafaelnunezmat\/wp-json\/wp\/v2\/pages\/308"}],"collection":[{"href":"https:\/\/blogsaverroes.juntadeandalucia.es\/rafaelnunezmat\/wp-json\/wp\/v2\/pages"}],"about":[{"href":"https:\/\/blogsaverroes.juntadeandalucia.es\/rafaelnunezmat\/wp-json\/wp\/v2\/types\/page"}],"author":[{"embeddable":true,"href":"https:\/\/blogsaverroes.juntadeandalucia.es\/rafaelnunezmat\/wp-json\/wp\/v2\/users\/10669"}],"replies":[{"embeddable":true,"href":"https:\/\/blogsaverroes.juntadeandalucia.es\/rafaelnunezmat\/wp-json\/wp\/v2\/comments?post=308"}],"version-history":[{"count":9,"href":"https:\/\/blogsaverroes.juntadeandalucia.es\/rafaelnunezmat\/wp-json\/wp\/v2\/pages\/308\/revisions"}],"predecessor-version":[{"id":5008,"href":"https:\/\/blogsaverroes.juntadeandalucia.es\/rafaelnunezmat\/wp-json\/wp\/v2\/pages\/308\/revisions\/5008"}],"wp:attachment":[{"href":"https:\/\/blogsaverroes.juntadeandalucia.es\/rafaelnunezmat\/wp-json\/wp\/v2\/media?parent=308"}],"curies":[{"name":"wp","href":"https:\/\/api.w.org\/{rel}","templated":true}]}}