{"id":318,"date":"2021-06-01T08:05:56","date_gmt":"2021-06-01T08:05:56","guid":{"rendered":"https:\/\/blogsaverroes.juntadeandalucia.es\/rafaelnunezmat\/?page_id=318"},"modified":"2024-12-06T17:47:39","modified_gmt":"2024-12-06T17:47:39","slug":"sucesiones","status":"publish","type":"page","link":"https:\/\/blogsaverroes.juntadeandalucia.es\/rafaelnunezmat\/sucesiones","title":{"rendered":"Sucesiones como funciones"},"content":{"rendered":"<p><img loading=\"lazy\" decoding=\"async\" class=\"aligncenter \" src=\"https:\/\/uruguayeduca.anep.edu.uy\/sites\/default\/files\/2020-05\/sucesiones.png\" width=\"368\" height=\"245\"><\/p>\n<table style=\"border-collapse: collapse;border-style: none;border-color: #030000;width: 97.8696%\" cellpadding=\"0\">\n<tbody>\n<tr style=\"height: 24px\">\n<td style=\"height: 10px;text-align: left;border-style: double;border-color: #050505;width: 64.6464%\" colspan=\"4\">\n<p style=\"text-align: center\"><span style=\"text-decoration: underline\"><span style=\"font-size: 14pt;color: #800080\"><strong>VIDEOS<\/strong><\/span><\/span><\/p>\n<p style=\"padding-left: 200px\"><span style=\"font-size: 14pt\"><strong><span style=\"color: #0000ff\"><a style=\"color: #0000ff\" href=\"https:\/\/www.youtube.com\/embed\/k2NZcj2fkzI?t=757s\" target=\"_blank\" rel=\"noopener noreferrer\">Sucesiones, monoton\u00eda y crecimiento (Educatina)<\/a><\/span><\/strong><\/span><\/p>\n<p style=\"padding-left: 200px\"><span style=\"font-size: 14pt\"><strong><span style=\"color: #0000ff\"><a style=\"color: #0000ff\" href=\"https:\/\/www.youtube.com\/embed\/pBlb554-ezk?t=548s\" target=\"_blank\" rel=\"noopener noreferrer\">Sucesiones acotadas y l\u00edmites (Educatina)<\/a><\/span><\/strong><\/span><\/p>\n<p style=\"padding-left: 200px\"><span style=\"font-size: 14pt\"><strong><span style=\"color: #0000ff\"><a style=\"color: #0000ff\" href=\"https:\/\/www.youtube.com\/embed\/iFasJ2pt1qY\" target=\"_blank\" rel=\"noopener noreferrer\">L\u00edmites de sucesiones (Educatina)<\/a><\/span><\/strong><\/span><\/p>\n<p style=\"padding-left: 200px\"><span style=\"font-size: 14pt\"><strong><span style=\"color: #0000ff\"><a style=\"color: #0000ff\" href=\"https:\/\/www.youtube.com\/embed\/PFK2xbwXYZU\" target=\"_blank\" rel=\"noopener noreferrer\">Sucesiones convergentes y divergentes (Educatina)<\/a><\/span><\/strong><\/span><\/p>\n<p style=\"padding-left: 200px\"><span style=\"font-size: 14pt\"><strong><span style=\"color: #0000ff\"><a style=\"color: #0000ff\" href=\"https:\/\/www.youtube.com\/embed\/PBcxCJkBTiY\" target=\"_blank\" rel=\"noopener noreferrer\">Sucesiones de l\u00edmite el n\u00famero e (Educatina)<\/a><\/span><\/strong><\/span><\/p>\n<p style=\"padding-left: 200px\"><span style=\"font-size: 14pt\"><strong><span style=\"color: #0000ff\"><a style=\"color: #0000ff\" href=\"https:\/\/www.youtube.com\/embed\/nP6QZXzG-U4\" target=\"_blank\" rel=\"noopener noreferrer\">\u00c1lgebra de l\u00edmites de sucesiones (Educatina)<\/a><\/span><\/strong><\/span><\/p>\n<\/td>\n<\/tr>\n<\/tbody>\n<\/table>\n<p>&nbsp;<\/p>\n","protected":false},"excerpt":{"rendered":"<p>VIDEOS Sucesiones, monoton\u00eda y crecimiento (Educatina) Sucesiones acotadas y l\u00edmites (Educatina) L\u00edmites de sucesiones (Educatina) Sucesiones convergentes y divergentes (Educatina) Sucesiones de l\u00edmite el n\u00famero e (Educatina) \u00c1lgebra de l\u00edmites de sucesiones (Educatina) &nbsp;<\/p>\n","protected":false},"author":10669,"featured_media":0,"parent":0,"menu_order":0,"comment_status":"closed","ping_status":"closed","template":"","meta":{"ngg_post_thumbnail":0,"footnotes":""},"aioseo_notices":[],"_links":{"self":[{"href":"https:\/\/blogsaverroes.juntadeandalucia.es\/rafaelnunezmat\/wp-json\/wp\/v2\/pages\/318"}],"collection":[{"href":"https:\/\/blogsaverroes.juntadeandalucia.es\/rafaelnunezmat\/wp-json\/wp\/v2\/pages"}],"about":[{"href":"https:\/\/blogsaverroes.juntadeandalucia.es\/rafaelnunezmat\/wp-json\/wp\/v2\/types\/page"}],"author":[{"embeddable":true,"href":"https:\/\/blogsaverroes.juntadeandalucia.es\/rafaelnunezmat\/wp-json\/wp\/v2\/users\/10669"}],"replies":[{"embeddable":true,"href":"https:\/\/blogsaverroes.juntadeandalucia.es\/rafaelnunezmat\/wp-json\/wp\/v2\/comments?post=318"}],"version-history":[{"count":8,"href":"https:\/\/blogsaverroes.juntadeandalucia.es\/rafaelnunezmat\/wp-json\/wp\/v2\/pages\/318\/revisions"}],"predecessor-version":[{"id":5026,"href":"https:\/\/blogsaverroes.juntadeandalucia.es\/rafaelnunezmat\/wp-json\/wp\/v2\/pages\/318\/revisions\/5026"}],"wp:attachment":[{"href":"https:\/\/blogsaverroes.juntadeandalucia.es\/rafaelnunezmat\/wp-json\/wp\/v2\/media?parent=318"}],"curies":[{"name":"wp","href":"https:\/\/api.w.org\/{rel}","templated":true}]}}